000
CXUS56 KMTR 072350
CF6SJC
PRELIMINARY LOCAL CLIMATOLOGICAL DATA (WS FORM: F-6)
STATION: SAN JOSE AIRPORT
MONTH: JANUARY
YEAR: 2023
LATITUDE: 37 21 N
LONGITUDE: 121 55 W
TEMPERATURE IN F: :PCPN: SNOW: WIND :SUNSHINE: SKY :PK WND
================================================================================
1 2 3 4 5 6A 6B 7 8 9 10 11 12 13 14 15 16 17 18
12Z AVG MX 2MIN
DY MAX MIN AVG DEP HDD CDD WTR SNW DPTH SPD SPD DIR MIN PSBL S-S WX SPD DR
================================================================================
1 60 46 53 3 12 0 0.04 M M 9.2 18 300 M M 4 24 290
2 52 44 48 -2 17 0 T M M 10.5 28 130 M M 7 37 140
3 59 48 54 4 11 0 0.00 M M 5.2 16 220 M M 8 22 230
4 61 48 55 5 10 0 0.59 M M 17.9 35 150 M M 9 1 49 160
5 59 48 54 4 11 0 0.75 M M 9.1 21 180 M M 8 1 33 180
6 61 48 55 5 10 0 0.00 M M 9.4 17 140 M M 9 21 140
7 63 51 57 7 8 0 0.08 M M 18.4 38 140 M M 8 1 55 140
8 62 50 56 6 9 0 0.31 M M 11.7 29 130 M M 8 1 40 150
9 60 50 55 5 10 0 0.91 M M 9.4 30 130 M M 8 1 41 140
10 58 49 54 4 11 0 0.43 M M 9.5 36 200 M M 8 13 57 200
11 58 51 55 5 10 0 T M M 18.2 31 140 M M 9 43 140
12 68 54 61 10 4 0 0.00 M M 10.8 21 130 M M 8 32 100
13 60 54 57 6 8 0 0.23 M M 10.0 22 150 M M 7 18 28 150
14 60 49 55 4 10 0 0.62 M M 9.6 26 130 M M 9 18 37 140
15 53 46 50 -1 15 0 0.67 M M 7.6 17 130 M M 9 1 25 120
16 55 45 50 -1 15 0 0.85 M M 9.5 25 320 M M 8 1 33 320
17 57 38 48 -3 17 0 0.00 M M 2.9 10 330 M M 1 17 320
18 58 38 48 -3 17 0 0.01 M M 4.2 13 170 M M 5 20 150
19 54 41 48 -3 17 0 0.03 M M 5.3 18 340 M M 5 1 27 350
20 55 38 47 -4 18 0 0.00 M M 4.6 15 310 M M 0 20 310
21 57 33 45 -6 20 0 0.00 M M 3.1 12 330 M M 3 15 330
22 60 38 49 -2 16 0 0.00 M M 8.4 21 310 M M 2 8 25 300
23 61 44 53 2 12 0 0.00 M M 9.1 20 340 M M 1 31 360
24 64 36 50 -1 15 0 0.00 M M 2.7 16 310 M M 1 22 310
25 68 39 54 3 11 0 0.00 M M 5.7 16 280 M M 0 25 360
26 67 42 55 4 10 0 0.00 M M 4.2 14 320 M M 0 19 310
27 63 39 51 0 14 0 0.00 M M 3.8 13 320 M M 2 16 340
28 62 44 53 2 12 0 0.00 M M 4.7 17 350 M M 6 1 25 350
29 54 44 49 -2 16 0 T M M 8.5 20 300 M M 8 26 300
30 57 38 48 -4 17 0 0.00 M M 4.6 13 30 M M 0 23 60
31 60 34 47 -5 18 0 0.00 M M 4.0 10 340 M M 1 15 300
================================================================================
SM 1846 1367 401 0 5.52 M 251.8 M 162
================================================================================
AV 59.5 44.1 8.1 FASTST M M 5 MAX(MPH)
MISC ----> 38 140 57 200
================================================================================
NOTES:
# LAST OF SEVERAL OCCURRENCES
COLUMN 17 PEAK WIND IN M.P.H.
PRELIMINARY LOCAL CLIMATOLOGICAL DATA (WS FORM: F-6) , PAGE 2
STATION: SAN JOSE AIRPORT
MONTH: JANUARY
YEAR: 2023
LATITUDE: 37 21 N
LONGITUDE: 121 55 W
[TEMPERATURE DATA] [PRECIPITATION DATA] SYMBOLS USED IN COLUMN 16
AVERAGE MONTHLY: 51.8 TOTAL FOR MONTH: 5.52 1 = FOG OR MIST
DPTR FM NORMAL: 1.0 DPTR FM NORMAL: 2.72 2 = FOG REDUCING VISIBILITY
HIGHEST: 68 ON 25,12 GRTST 24HR 0.91 ON 9- 9 TO 1/4 MILE OR LESS
LOWEST: 33 ON 21 3 = THUNDER
SNOW, ICE PELLETS, HAIL 4 = ICE PELLETS
TOTAL MONTH: M 5 = HAIL
GRTST 24HR M ON M 6 = FREEZING RAIN OR DRIZZLE
GRTST DEPTH: M ON M 7 = DUSTSTORM OR SANDSTORM:
VSBY 1/2 MILE OR LESS
8 = SMOKE OR HAZE
[NO. OF DAYS WITH] [WEATHER - DAYS WITH] 9 = BLOWING SNOW
X = TORNADO
MAX 32 OR BELOW: 0 0.01 INCH OR MORE: 13
MAX 90 OR ABOVE: 0 0.10 INCH OR MORE: 9
MIN 32 OR BELOW: 0 0.50 INCH OR MORE: 6
MIN 0 OR BELOW: 0 1.00 INCH OR MORE: 0
[HDD (BASE 65) ]
TOTAL THIS MO. 401 CLEAR (SCALE 0-3) 11
DPTR FM NORMAL -39 PTCLDY (SCALE 4-7) 13
TOTAL FM JUL 1 1232 CLOUDY (SCALE 8-10) 7
DPTR FM NORMAL -19
[CDD (BASE 65) ]
TOTAL THIS MO. 0
DPTR FM NORMAL 0 [PRESSURE DATA]
TOTAL FM JAN 1 0 HIGHEST SLP M ON M
DPTR FM NORMAL 0 LOWEST SLP 29.37 ON 16
[REMARKS]
#FINAL-01-23#