000
CXUS56 KMTR 011000
CF6SJC
PRELIMINARY LOCAL CLIMATOLOGICAL DATA (WS FORM: F-6)
STATION: SAN JOSE AIRPORT
MONTH: NOVEMBER
YEAR: 2022
LATITUDE: 37 21 N
LONGITUDE: 121 55 W
TEMPERATURE IN F: :PCPN: SNOW: WIND :SUNSHINE: SKY :PK WND
================================================================================
1 2 3 4 5 6A 6B 7 8 9 10 11 12 13 14 15 16 17 18
12Z AVG MX 2MIN
DY MAX MIN AVG DEP HDD CDD WTR SNW DPTH SPD SPD DIR MIN PSBL S-S WX SPD DR
================================================================================
1 63 48 56 -4 9 0 0.43 M M 8.5 23 320 M M 6 1 28 330
2 60 46 53 -7 12 0 0.01 M M 6.9 20 280 M M 4 28 290
3 60 43 52 -8 13 0 0.00 M M 6.5 14 300 M M 1 20 10
4 65 43 54 -5 11 0 0.00 M M 4.6 13 320 M M 5 14 320
5 67 53 60 1 5 0 0.01 M M 4.2 12 150 M M 9 18 16 150
6 63 52 58 -1 7 0 0.01 M M 6.1 16 110 M M 8 1 24 200
7 63 50 57 -1 8 0 0.02 M M 9.0 21 320 M M 7 1 30 230
8 56 48 52 -6 13 0 1.23 M M 7.3 21 130 M M 8 1 27 130
9 61 44 53 -5 12 0 T M M 4.7 15 330 M M 5 20 340
10 61 41 51 -6 14 0 0.00 M M 4.5 15 330 M M 2 20 330
11 63 40 52 -5 13 0 0.00 M M 2.4 12 320 M M 4 14 350
12 61 42 52 -5 13 0 0.00 M M 7.2 18 330 M M 4 23 350
13 63 44 54 -2 11 0 0.00 M M 5.1 12 320 M M 2 17 310
14 64 39 52 -4 13 0 0.00 M M 2.8 12 330 M M 2 14 330
15 67 41 54 -2 11 0 0.00 M M 3.6 13 330 M M 1 21 290
16 70 40 55 -1 10 0 0.00 M M 3.5 10 330 M M 2 15 330
17 66 39 53 -2 12 0 0.00 M M 2.7 12 310 M M 4 16 360
18 68 43 56 1 9 0 0.00 M M 3.9 13 310 M M 2 18 17 310
19 67 40 54 -1 11 0 0.00 M M 3.4 9 310 M M 1 13 240
20 69 37 53 -1 12 0 0.00 M M 2.3 8 330 M M 2 11 220
21 67 39 53 -1 12 0 0.00 M M 2.9 9 340 M M 4 13 330
22 66 38 52 -2 13 0 0.00 M M 2.7 12 330 M M 3 15 340
23 69 42 56 2 9 0 0.00 M M 3.2 12 340 M M 2 16 330
24 73 42 58 5 7 0 0.00 M M 1.8 10 330 M M 1 13 340
25 70 42 56 3 9 0 0.00 M M 3.5 10 310 M M 3 13 310
26 65 41 53 0 12 0 0.00 M M 3.3 10 320 M M 2 8 14 330
27 70 40 55 2 10 0 0.00 M M 3.7 12 320 M M 5 8 14 330
28 62 42 52 0 13 0 0.00 M M 6.8 22 310 M M 4 8 30 310
29 60 39 50 -2 15 0 0.00 M M 3.4 9 320 M M 1 12 330
30 61 36 49 -3 16 0 0.00 M M 3.8 15 160 M M 3 17 140
================================================================================
SM 1940 1274 335 0 1.71 M 134.3 M 107
================================================================================
AV 64.7 42.5 4.5 FASTST M M 4 MAX(MPH)
MISC ----> 23 320 # 30 230
================================================================================
NOTES:
# LAST OF SEVERAL OCCURRENCES
COLUMN 17 PEAK WIND IN M.P.H.
PRELIMINARY LOCAL CLIMATOLOGICAL DATA (WS FORM: F-6) , PAGE 2
STATION: SAN JOSE AIRPORT
MONTH: NOVEMBER
YEAR: 2022
LATITUDE: 37 21 N
LONGITUDE: 121 55 W
[TEMPERATURE DATA] [PRECIPITATION DATA] SYMBOLS USED IN COLUMN 16
AVERAGE MONTHLY: 53.6 TOTAL FOR MONTH: 1.71 1 = FOG OR MIST
DPTR FM NORMAL: -2.3 DPTR FM NORMAL: 0.38 2 = FOG REDUCING VISIBILITY
HIGHEST: 73 ON 24 GRTST 24HR 1.23 ON 8- 8 TO 1/4 MILE OR LESS
LOWEST: 36 ON 30 3 = THUNDER
SNOW, ICE PELLETS, HAIL 4 = ICE PELLETS
TOTAL MONTH: M 5 = HAIL
GRTST 24HR M ON M 6 = FREEZING RAIN OR DRIZZLE
GRTST DEPTH: M ON M 7 = DUSTSTORM OR SANDSTORM:
VSBY 1/2 MILE OR LESS
8 = SMOKE OR HAZE
[NO. OF DAYS WITH] [WEATHER - DAYS WITH] 9 = BLOWING SNOW
X = TORNADO
MAX 32 OR BELOW: 0 0.01 INCH OR MORE: 6
MAX 90 OR ABOVE: 0 0.10 INCH OR MORE: 2
MIN 32 OR BELOW: 0 0.50 INCH OR MORE: 1
MIN 0 OR BELOW: 0 1.00 INCH OR MORE: 1
[HDD (BASE 65) ]
TOTAL THIS MO. 335 CLEAR (SCALE 0-3) 14
DPTR FM NORMAL 60 PTCLDY (SCALE 4-7) 15
TOTAL FM JUL 1 389 CLOUDY (SCALE 8-10) 1
DPTR FM NORMAL 25
[CDD (BASE 65) ]
TOTAL THIS MO. 0
DPTR FM NORMAL -2 [PRESSURE DATA]
TOTAL FM JAN 1 894 HIGHEST SLP M ON M
DPTR FM NORMAL 270 LOWEST SLP 29.57 ON 8
[REMARKS]
#FINAL-11-22#