000
CXUS51 KBTV 110241
CF6SLK
PRELIMINARY LOCAL CLIMATOLOGICAL DATA (WS FORM: F-6)
STATION: SARANAC LAKE NY
MONTH: FEBRUARY
YEAR: 2021
LATITUDE: 44 23 N
LONGITUDE: 74 12 W
TEMPERATURE IN F: :PCPN: SNOW: WIND :SUNSHINE: SKY :PK WND
================================================================================
1 2 3 4 5 6A 6B 7 8 9 10 11 12 13 14 15 16 17 18
12Z AVG MX 2MIN
DY MAX MIN AVG DEP HDD CDD WTR SNW DPTH SPD SPD DIR MIN PSBL S-S WX SPD DR
================================================================================
1 28 -20 4 -9 61 0 0.00 M M 5.4 16 40 M M 0 22 50
2 22 16 19 6 46 0 0.33 M M 9.0 17 30 M M 9 12 24 20
3 24 20 22 9 43 0 0.02 M M 5.6 13 350 M M 10 1 18 290
4 33 4 19 6 46 0 T M M 3.0 9 220 M M 4 12 16 300
5 35 2 19 6 46 0 0.06 M M 6.5 22 210 M M 7 1 27 210
6 23 11 17 3 48 0 T M M 12.0 24 230 M M 10 128 40 210
7 28 -10 9 -5 56 0 0.01 M M 5.5 20 220 M M 7 18 26 240
8 18 -10 4 -10 61 0 T M M 3.6 15 240 M M 3 18 23 240
9 21 -5 8 -6 57 0 0.06 M M 1.1 7 220 M M 10 18 9 220
10 18 -4 7 -7 58 0 T M M 3.5 14 250 M M 9 18 20 260
11 17 -13 2 -12 63 0 T M M 3.0 14 270 M M 6 18 24 280
12 12 -22 -5 -19 70 0 T M M 1.3 9 230 M M 2 18 12 230
13 20 -20 0 -15 65 0 T M M 2.8 10 70 M M 3 13 70
14 20 4 12 -3 53 0 T M M 3.7 13 230 M M 8 18 17 250
15 22 -2 10 -5 55 0 0.04 M M 2.3 12 50 M M 9 18 13 60
16 37 8 23 8 42 0 0.25 M M 9.2 21 50 M M 10 18 27 260
17 17 -5 6 -10 59 0 T M M 5.2 15 250 M M 3 18 24 270
18 21 -2 10 -6 55 0 0.00 M M 3.9 10 80 M M 5 18 14 70
19 27 11 19 3 46 0 0.03 M M 2.8 9 260 M M 10 18 15 250
20 19 11 15 -1 50 0 T M M 5.8 12 280 M M 10 18 18 300
21 26 -7 10 -6 55 0 T M M 2.5 13 260 M M 2 18 21 270
22 30 -4 13 -4 52 0 0.01 M M 7.7 23 210 M M 9 18 31 220
23 32 28 30 13 35 0 0.05 M M 9.8 17 210 M M 10 1 26 240
24 39 29 34 17 31 0 0.11 M M 9.8 25 220 M M 9 1 37 210
25 34 12 23 5 42 0 0.04 M M 6.9 16 280 M M 8 1 28 290
26 33 5 19 1 46 0 T M M 3.0 16 210 M M 3 1 19 220
27 39 1 20 2 45 0 0.08 M M 10.3 36 200 M M 8 1 47 210
28 40 27 34 16 31 0 T M M 6.5 17 170 M M 6 8 26 180
================================================================================
SM 735 65 1417 0 1.09 M 151.7 M 190
================================================================================
AV 26.3 2.3 5.4 FASTST M M 7 MAX(MPH)
MISC ----> 36 200 47 210
================================================================================
NOTES:
# LAST OF SEVERAL OCCURRENCES
COLUMN 17 PEAK WIND IN M.P.H.
PRELIMINARY LOCAL CLIMATOLOGICAL DATA (WS FORM: F-6) , PAGE 2
STATION: SARANAC LAKE NY
MONTH: FEBRUARY
YEAR: 2021
LATITUDE: 44 23 N
LONGITUDE: 74 12 W
[TEMPERATURE DATA] [PRECIPITATION DATA] SYMBOLS USED IN COLUMN 16
AVERAGE MONTHLY: 14.3 TOTAL FOR MONTH: 1.09 1 = FOG OR MIST
DPTR FM NORMAL: -1.0 DPTR FM NORMAL: -0.41 2 = FOG REDUCING VISIBILITY
HIGHEST: 40 ON 28 GRTST 24HR 0.35 ON 2- 3 TO 1/4 MILE OR LESS
LOWEST: -22 ON 12 3 = THUNDER
SNOW, ICE PELLETS, HAIL 4 = ICE PELLETS
TOTAL MONTH: M 5 = HAIL
GRTST 24HR M ON M 6 = FREEZING RAIN OR DRIZZLE
GRTST DEPTH: M ON M 7 = DUSTSTORM OR SANDSTORM:
VSBY 1/2 MILE OR LESS
8 = SMOKE OR HAZE
[NO. OF DAYS WITH] [WEATHER - DAYS WITH] 9 = BLOWING SNOW
X = TORNADO
MAX 32 OR BELOW: 20 0.01 INCH OR MORE: 13
MAX 90 OR ABOVE: 0 0.10 INCH OR MORE: 3
MIN 32 OR BELOW: 28 0.50 INCH OR MORE: 0
MIN 0 OR BELOW: 13 1.00 INCH OR MORE: 0
[HDD (BASE 65) ]
TOTAL THIS MO. 1417 CLEAR (SCALE 0-3) 5
DPTR FM NORMAL 24 PTCLDY (SCALE 4-7) 10
TOTAL FM JUL 1 6258 CLOUDY (SCALE 8-10) 13
DPTR FM NORMAL -320
[CDD (BASE 65) ]
TOTAL THIS MO. 0
DPTR FM NORMAL 0 [PRESSURE DATA]
TOTAL FM JAN 1 0 HIGHEST SLP 30.51 ON 18
DPTR FM NORMAL 0 LOWEST SLP 29.43 ON 16
[REMARKS]
#FINAL-02-21#