000
CXUS56 KSGX 011045
CF6SNA
PRELIMINARY LOCAL CLIMATOLOGICAL DATA (WS FORM: F-6)
STATION: JOHN WAYNE AIRPORT CA
MONTH: APRIL
YEAR: 2021
LATITUDE: 33 40 N
LONGITUDE: 117 53 W
TEMPERATURE IN F: :PCPN: SNOW: WIND :SUNSHINE: SKY :PK WND
================================================================================
1 2 3 4 5 6A 6B 7 8 9 10 11 12 13 14 15 16 17 18
12Z AVG MX 2MIN
DY MAX MIN AVG DEP HDD CDD WTR SNW DPTH SPD SPD DIR MIN PSBL S-S WX SPD DR
================================================================================
1 91 58 75 15 0 10 T M M 3.5 13 200 M M 3 15 210
2 69 56 63 3 2 0 0.00 M M 6.2 16 220 M M 0 21 210
3 70 56 63 3 2 0 0.00 M M 3.4 10 210 M M 6 8 16 220
4 71 53 62 2 3 0 0.00 M M 4.8 14 200 M M 3 18 220
5 68 55 62 2 3 0 0.00 M M 6.7 16 210 M M 3 20 210
6 70 58 64 4 1 0 0.00 M M 3.9 13 210 M M 5 17 190
7 74 57 66 6 0 1 0.00 M M 4.1 18 200 M M 3 18 22 200
8 71 56 64 3 1 0 0.00 M M 5.2 16 200 M M 2 20 210
9 71 55 63 2 2 0 0.00 M M 5.5 14 190 M M 2 18 19 210
10 71 56 64 3 1 0 0.00 M M 5.6 14 210 M M 5 19 210
11 68 59 64 3 1 0 0.00 M M 7.2 15 210 M M 7 18 210
12 67 59 63 2 2 0 0.00 M M 6.2 14 190 M M 9 18 19 200
13 67 57 62 1 3 0 T M M 8.0 16 190 M M 9 18 22 180
14 65 55 60 -1 5 0 0.00 M M 7.0 17 210 M M 8 24 180
15 66 51 59 -2 6 0 0.00 M M 4.6 14 220 M M 5 19 200
16 68 53 61 0 4 0 0.00 M M 5.0 15 180 M M 3 1 22 190
17 69 58 64 2 1 0 0.00 M M 3.8 13 220 M M 4 19 220
18 89 55 72 10 0 7 0.00 M M 6.1 25 60 M M 1 33 60
19 79 56 68 6 0 3 0.00 M M 6.7 13 200 M M 1 18 210
20 68 58 63 1 2 0 0.00 M M 10.1 18 190 M M 6 1 27 180
21 68 57 63 1 2 0 T M M 8.5 20 190 M M 8 1 28 180
22 65 59 62 0 3 0 0.00 M M 5.4 12 220 M M 10 17 230
23 67 59 63 1 2 0 0.00 M M 5.8 15 190 M M 9 19 170
24 68 58 63 1 2 0 0.00 M M 4.1 13 200 M M 7 17 210
25 68 58 63 1 2 0 0.00 M M 6.5 16 200 M M 8 21 200
26 66 55 61 -2 4 0 0.02 M M 7.1 17 210 M M 8 26 210
27 67 53 60 -3 5 0 0.00 M M 5.4 14 200 M M 3 21 190
28 80 53 67 4 0 2 0.00 M M 4.8 15 220 M M 0 21 190
29 86 56 71 8 0 6 0.00 M M 4.3 13 190 M M 0 16 200
30 85 60 73 10 0 8 0.00 M M 4.6 13 190 M M 2 16 200
================================================================================
SM 2152 1689 59 37 0.02 M 170.1 M 140
================================================================================
AV 71.7 56.3 5.7 FASTST M M 5 MAX(MPH)
MISC ----> 25 60 33 60
================================================================================
NOTES:
# LAST OF SEVERAL OCCURRENCES
COLUMN 17 PEAK WIND IN M.P.H.
PRELIMINARY LOCAL CLIMATOLOGICAL DATA (WS FORM: F-6) , PAGE 2
STATION: JOHN WAYNE AIRPORT CA
MONTH: APRIL
YEAR: 2021
LATITUDE: 33 40 N
LONGITUDE: 117 53 W
[TEMPERATURE DATA] [PRECIPITATION DATA] SYMBOLS USED IN COLUMN 16
AVERAGE MONTHLY: 64.0 TOTAL FOR MONTH: 0.02 1 = FOG OR MIST
DPTR FM NORMAL: 2.6 DPTR FM NORMAL: -0.87 2 = FOG REDUCING VISIBILITY
HIGHEST: 91 ON 1 GRTST 24HR 0.02 ON 26-26 TO 1/4 MILE OR LESS
LOWEST: 51 ON 15 3 = THUNDER
SNOW, ICE PELLETS, HAIL 4 = ICE PELLETS
TOTAL MONTH: M 5 = HAIL
GRTST 24HR M ON M 6 = FREEZING RAIN OR DRIZZLE
GRTST DEPTH: M ON M 7 = DUSTSTORM OR SANDSTORM:
VSBY 1/2 MILE OR LESS
8 = SMOKE OR HAZE
[NO. OF DAYS WITH] [WEATHER - DAYS WITH] 9 = BLOWING SNOW
X = TORNADO
MAX 32 OR BELOW: 0 0.01 INCH OR MORE: 1
MAX 90 OR ABOVE: 1 0.10 INCH OR MORE: 0
MIN 32 OR BELOW: 0 0.50 INCH OR MORE: 0
MIN 0 OR BELOW: 0 1.00 INCH OR MORE: 0
[HDD (BASE 65) ]
TOTAL THIS MO. 59 CLEAR (SCALE 0-3) 12
DPTR FM NORMAL -61 PTCLDY (SCALE 4-7) 12
TOTAL FM JUL 1 932 CLOUDY (SCALE 8-10) 6
DPTR FM NORMAL -276
[CDD (BASE 65) ]
TOTAL THIS MO. 37
DPTR FM NORMAL 23 [PRESSURE DATA]
TOTAL FM JAN 1 65 HIGHEST SLP 30.13 ON 3
DPTR FM NORMAL 36 LOWEST SLP 29.72 ON 11
[REMARKS]
#FINAL-04-21#