000
CXUS56 KSGX 010949
CLMSNA
CLIMATE REPORT
NATIONAL WEATHER SERVICE SAN DIEGO, CA
249 AM PDT SAT JUL 01 2023
...................................
...THE JOHN WAYNE AIRPORT CA CLIMATE SUMMARY FOR THE MONTH OF JUNE 2023...
CLIMATE NORMAL PERIOD: 1991 TO 2020
CLIMATE RECORD PERIOD: 1999 TO 2023
WEATHER OBSERVED NORMAL DEPART LAST YEAR`S
VALUE DATE(S) VALUE FROM VALUE DATE(S)
NORMAL
................................................................
TEMPERATURE (F)
RECORD
HIGH 96 06/09/2020
06/27/2006
07/17/1925
LOW 54 06/02/2011
06/05/1999
06/03/1999
HIGHEST 78 06/30 74 4 88 06/20
LOWEST 59 06/03 60 -1 61 06/02
06/05
06/24
06/26
AVG. MAXIMUM 72.1 74.1 -2.0 78.7
AVG. MINIMUM 61.6 62.6 -1.0 64.8
MEAN 66.8 68.3 -1.5 71.8
DAYS MAX >= 90 0 0.5 -0.5 0
DAYS MAX <= 32 0 0.0 0.0 0
DAYS MAX >= 45 30 30
DAYS MIN <= 32 0 0.0 0.0 0
PRECIPITATION (INCHES)
RECORD
MAXIMUM 0.04 2009
MINIMUM 0.00 2018
TOTALS 0.02 0.01 0.01 T
DAILY AVG. 0.00 0.00 -0.00 T
DAYS >= .01 1 0.7 0.3 0
DAYS >= .10 0 0.0 0.0 0
DAYS >= .50 0 0.0 0.0 0
DAYS >= 1.00 0 0.0 0.0 0
DAYS >= %-5.2F 0 0
DAYS >= %-5.2F 0 0
GREATEST
24 HR. TOTAL 0.02 06/12 TO 06/12 T 06/22 TO 06/22
STORM TOTAL 0.02 0.00
(MM/DD(HH)) MM
DEGREE DAYS
HEATING TOTAL 3 4 -1 0
SINCE 7/1 1193 1089 104 MM
COOLING TOTAL 67 105 -38 213
SINCE 1/1 85 201 -116 MM
FREEZE DATES
RECORD
EARLIEST MM
LATEST MM
EARLIEST MM
LATEST MM
................................................................
WIND (MPH)
AVERAGE WIND SPEED 5.5
RESULTANT WIND SPEED/DIRECTION 4/200
HIGHEST WIND SPEED/DIRECTION 20/180 DATE 06/11
HIGHEST GUST SPEED/DIRECTION 26/170 DATE 06/11
SKY COVER
POSSIBLE SUNSHINE (PERCENT) MM
AVERAGE SKY COVER 0.62
NUMBER OF DAYS FAIR 5
NUMBER OF DAYS PC 13
NUMBER OF DAYS CLOUDY 12
AVERAGE RH (PERCENT) 69
WEATHER CONDITIONS. NUMBER OF DAYS WITH
THUNDERSTORM 0 MIXED PRECIP 0
HEAVY RAIN 0 RAIN 0
LIGHT RAIN 5 FREEZING RAIN 0
LT FREEZING RAIN 0 HAIL 0
HEAVY SNOW 0 SNOW 0
LIGHT SNOW 0 SLEET 0
FOG 3 FOG W/VIS <= 1/4 MILE 0
HAZE 3
- INDICATES NEGATIVE NUMBERS.
R INDICATES RECORD WAS SET OR TIED.
MM INDICATES DATA IS MISSING.
T INDICATES TRACE AMOUNT.
$$