000
CXUS54 KMAF 011210
CF6SNK
PRELIMINARY LOCAL CLIMATOLOGICAL DATA (WS FORM: F-6)
STATION: SNYDER WINSTON FIELD
MONTH: NOVEMBER
YEAR: 2021
LATITUDE: 32 41 N
LONGITUDE: 100 57 W
TEMPERATURE IN F: :PCPN: SNOW: WIND :SUNSHINE: SKY :PK WND
================================================================================
1 2 3 4 5 6A 6B 7 8 9 10 11 12 13 14 15 16 17 18
12Z AVG MX 2MIN
DY MAX MIN AVG DEP HDD CDD WTR SNW DPTH SPD SPD DIR MIN PSBL S-S WX SPD DR
================================================================================
1 65 46 56 M 9 0 M M M 6.7 12 30 M M 5 M M
2 59 42 51 M 14 0 M M M 11.3 16 40 M M 10 1 24 30
3 45 42 44 M 21 0 M M M 9.1 14 360 M M 10 1 20 30
4 55 42 49 M 16 0 M M M 4.0 8 160 M M 8 M M
5 67 39 53 M 12 0 M M M 8.1 14 190 M M 2 17 160
6 76 42 59 M 6 0 M M M 8.5 13 160 M M 1 1 M M
7 79 46 63 M 2 0 M M M 9.7 16 190 M M 0 21 200
8 80 52 66 M 0 1 M M M 10.8 15 170 M M 0 21 190
9 75 55 65 M 0 0 M M M 6.0 12 180 M M 0 M M
10 82 55 69 M 0 4 M M M 10.7 18 300 M M 0 1 33 270
11 65 44 55 M 10 0 M M M 6.3 14 30 M M 0 21 30
12 61 41 51 M 14 0 M M M 8.3 21 40 M M 0 33 40
13 74 36 55 M 10 0 M M M 8.4 21 210 M M 0 25 200
14 66 41 54 M 11 0 M M M 8.4 25 40 M M 0 8 31 30
15 83 41 62 M 3 0 M M M 7.3 16 240 M M 0 21 220
16 86 46 66 M 0 1 M M M 10.7 20 210 M M 0 28 210
17 65 46 56 M 9 0 M M M 11.7 21 30 M M 0 29 30
18 55 37 46 M 19 0 0.05 M M 10.1 18 30 M M 0 25 30
19 69 33 51 M 14 0 M M M 10.1 18 200 M M 0 25 180
20 79 41 60 M 5 0 M M M 9.2 13 220 M M 0 18 220
21 61 43 52 M 13 0 M M M 10.7 23 10 M M 0 30 30
22 66 35 51 M 14 0 M M M 6.1 12 250 M M 0 16 230
23 73 37 55 M 10 0 M M M 11.1 20 170 M M 0 26 180
24 72 55 64 M 1 0 M M M 10.7 17 190 M M 1 24 190
25 54 39 47 M 18 0 M M M 13.6 21 20 M M 0 33 20
26 62 33 48 M 17 0 M M M 7.4 15 230 M M 0 22 220
27 58 46 52 M 13 0 0.01 M M 4.9 12 200 M M 7 M M
28 63 39 51 M 14 0 M M M 7.3 12 360 M M 0 M M
29 76 36 56 M 9 0 M M M 8.1 12 230 M M 0 20 240
30 76 44 60 M 5 0 M M M 7.1 16 210 M M 0 21 210
================================================================================
SM 2047 1274 289 6 0.06 M 262.3 M 44
================================================================================
AV 68.2 42.5 8.7 FASTST M M 1 MAX(MPH)
MISC ----> 25 40 # 33 270
================================================================================
NOTES:
# LAST OF SEVERAL OCCURRENCES
COLUMN 17 PEAK WIND IN M.P.H.
PRELIMINARY LOCAL CLIMATOLOGICAL DATA (WS FORM: F-6) , PAGE 2
STATION: SNYDER WINSTON FIELD
MONTH: NOVEMBER
YEAR: 2021
LATITUDE: 32 41 N
LONGITUDE: 100 57 W
[TEMPERATURE DATA] [PRECIPITATION DATA] SYMBOLS USED IN COLUMN 16
AVERAGE MONTHLY: 55.4 TOTAL FOR MONTH: 0.06 1 = FOG OR MIST
DPTR FM NORMAL: 0.0 DPTR FM NORMAL: M 2 = FOG REDUCING VISIBILITY
HIGHEST: 86 ON 16 GRTST 24HR 0.05 ON 18-18 TO 1/4 MILE OR LESS
LOWEST: 33 ON 26,19 3 = THUNDER
SNOW, ICE PELLETS, HAIL 4 = ICE PELLETS
TOTAL MONTH: M 5 = HAIL
GRTST 24HR M ON M 6 = FREEZING RAIN OR DRIZZLE
GRTST DEPTH: M ON M 7 = DUSTSTORM OR SANDSTORM:
VSBY 1/2 MILE OR LESS
8 = SMOKE OR HAZE
[NO. OF DAYS WITH] [WEATHER - DAYS WITH] 9 = BLOWING SNOW
X = TORNADO
MAX 32 OR BELOW: 0 0.01 INCH OR MORE: 2
MAX 90 OR ABOVE: 0 0.10 INCH OR MORE: 0
MIN 32 OR BELOW: 0 0.50 INCH OR MORE: 0
MIN 0 OR BELOW: 0 1.00 INCH OR MORE: 0
[HDD (BASE 65) ]
TOTAL THIS MO. 289 CLEAR (SCALE 0-3) 25
DPTR FM NORMAL M PTCLDY (SCALE 4-7) 3
TOTAL FM JUL 1 370 CLOUDY (SCALE 8-10) 2
DPTR FM NORMAL M
[CDD (BASE 65) ]
TOTAL THIS MO. 6
DPTR FM NORMAL M [PRESSURE DATA]
TOTAL FM JAN 1 2268 HIGHEST SLP M ON M
DPTR FM NORMAL M LOWEST SLP M ON M
[REMARKS]
#FINAL-11-21#