000
CXAK58 PASN 011021
CLMSNP
CLIMATE REPORT
NATIONAL WEATHER SERVICE ANCHORAGE, AK
221 AM AKDT SAT JUL 01 2023
...................................
...THE SAINT PAUL ISLAND CLIMATE SUMMARY FOR THE MONTH OF JUNE 2023...
CLIMATE NORMAL PERIOD: 1991 TO 2020
CLIMATE RECORD PERIOD: 1892 TO 2023
WEATHER OBSERVED NORMAL DEPART LAST YEAR`S
VALUE DATE(S) VALUE FROM VALUE
NORMAL
..............................................................
TEMPERATURE (F)
RECORD
HIGH 62 MM
LOW 29 06/01/2023
HIGHEST 52 MM MM 55
LOWEST 29R MM MM 32
AVG. MAXIMUM 47.3 47.5 -0.2 48.5
AVG. MINIMUM 38.8 38.7 0.1 38.7
MEAN 43.1 43.1 -0.0 43.6
DAYS MAX >= 90 0 0.0 0.0 0
DAYS MAX <= 32 0 0.0 0.0 0
DAYS MIN <= 32 1 2.1 -1.1 1
DAYS MIN <= 0 0 0.0 0.0 0
PRECIPITATION (INCHES)
RECORD
MAXIMUM 2.12 2022
MINIMUM 0.00 2020
TOTALS 2.24 1.31 0.93 2.12
DAILY AVG. 0.08 0.04 0.03 0.07
DAYS >= .01 15 11.4 3.6 9
DAYS >= .10 6 4.2 1.8 4
DAYS >= .50 1 0.3 0.7 1
DAYS >= 1.00 0 0.0 0.0 0
GREATEST
24 HR. TOTAL 0.75 06/18 TO 06/19 0.92
STORM TOTAL 0.52 0.92
(MM/DD(HH))
DEGREE DAYS
HEATING TOTAL 631 657 -26 638
SINCE 7/1 10129 10586 -457 MM
COOLING TOTAL 0 0 0 0
SINCE 1/1 0 0 0 MM
FREEZE DATES
RECORD
EARLIEST MM
LATEST MM
EARLIEST 09/25 09/25
LATEST 06/01 06/01
..............................................................
WIND (MPH)
AVERAGE WIND SPEED 11.7
RESULTANT WIND SPEED/DIRECTION 4/050
HIGHEST WIND SPEED/DIRECTION 29/330 DATE 06/11
HIGHEST GUST SPEED/DIRECTION 35/320 DATE 06/11
SKY COVER
POSSIBLE SUNSHINE (PERCENT) MM
AVERAGE SKY COVER 0.82
NUMBER OF DAYS FAIR 2
NUMBER OF DAYS PC 6
NUMBER OF DAYS CLOUDY 22
AVERAGE RH (PERCENT) 90
WEATHER CONDITIONS. NUMBER OF DAYS WITH
THUNDERSTORM 0 MIXED PRECIP 0
HEAVY RAIN 1 RAIN 3
LIGHT RAIN 19 FREEZING RAIN 0
LT FREEZING RAIN 0 HAIL 0
HEAVY SNOW 0 SNOW 0
LIGHT SNOW 0 SLEET 0
FOG 21 FOG W/VIS <= 1/4 MILE 9
HAZE 6
- INDICATES NEGATIVE NUMBERS.
R INDICATES RECORD WAS SET OR TIED.
MM INDICATES DATA IS MISSING.
T INDICATES TRACE AMOUNT.
$$