000
CXUS56 KMTR 010900
CF6SNS
PRELIMINARY LOCAL CLIMATOLOGICAL DATA (WS FORM: F-6)
STATION: SALINAS AIRPORT
MONTH: MAY
YEAR: 2021
LATITUDE: 36 40 N
LONGITUDE: 121 36 W
TEMPERATURE IN F: :PCPN: SNOW: WIND :SUNSHINE: SKY :PK WND
================================================================================
1 2 3 4 5 6A 6B 7 8 9 10 11 12 13 14 15 16 17 18
12Z AVG MX 2MIN
DY MAX MIN AVG DEP HDD CDD WTR SNW DPTH SPD SPD DIR MIN PSBL S-S WX SPD DR
================================================================================
1 65 52 59 1 6 0 0.00 M M 12.7 21 260 M M 8 1 29 270
2 68 53 61 3 4 0 0.00 M M 12.1 21 270 M M 3 27 250
3 74 50 62 4 3 0 0.00 M M 7.8 17 300 M M 3 18 21 310
4 75 49 62 4 3 0 0.00 M M 7.0 18 330 M M 1 22 290
5 77 51 64 6 1 0 0.00 M M 7.2 20 310 M M 7 18 24 320
6 66 50 58 0 7 0 0.00 M M 8.2 18 280 M M 6 1 23 310
7 65 51 58 0 7 0 0.00 M M 13.3 20 270 M M 3 27 280
8 78 45 62 4 3 0 0.00 M M 7.2 17 310 M M 2 18 22 320
9 75 48 62 3 3 0 0.00 M M 8.5 20 270 M M 2 8 25 260
10 68 49 59 0 6 0 0.00 M M 9.1 22 320 M M 5 18 26 330
11 70 49 60 1 5 0 0.00 M M 7.9 20 320 M M 6 128 24 310
12 67 50 59 0 6 0 0.00 M M 8.1 20 330 M M 8 18 24 340
13 64 51 58 -1 7 0 0.00 M M 7.9 17 320 M M 7 1 22 310
14 59 51 55 -4 10 0 0.01 M M 10.3 17 300 M M 10 1 21 300
15 61 51 56 -3 9 0 T M M 9.6 17 290 M M 10 18 23 300
16 61 52 57 -2 8 0 T M M 7.2 16 310 M M 10 1 M M
17 64 52 58 -1 7 0 T M M 8.1 18 290 M M 9 1 24 320
18 68 51 60 0 5 0 0.00 M M 10.4 18 280 M M 3 23 290
19 64 51 58 -2 7 0 0.00 M M 13.7 23 260 M M 3 27 260
20 66 44 55 -5 10 0 0.00 M M 11.9 30 270 M M 4 36 270
21 63 50 57 -3 8 0 0.00 M M 13.0 23 270 M M 4 29 290
22 65 51 58 -2 7 0 0.00 M M 8.2 22 320 M M 7 28 320
23 67 52 60 0 5 0 0.00 M M 8.7 17 320 M M 4 24 280
24 70 51 61 1 4 0 0.00 M M 7.9 18 310 M M 4 23 310
25 68 52 60 0 5 0 0.00 M M 10.9 20 280 M M 1 1 24 290
26 65 51 58 -2 7 0 0.00 M M 10.2 20 300 M M 6 1 25 290
27 68 51 60 0 5 0 0.00 M M 10.5 18 280 M M 6 18 24 270
28 64 53 59 -1 6 0 0.00 M M 11.2 18 300 M M 8 1 25 290
29 62 53 58 -2 7 0 T M M 11.5 18 270 M M 10 18 24 270
30 70 53 62 1 3 0 0.00 M M 8.1 17 320 M M 5 21 330
31 69 51 60 -1 5 0 0.00 M M 9.2 21 340 M M 6 18 27 320
================================================================================
SM 2086 1568 179 0 0.01 M 297.6 M 171
================================================================================
AV 67.3 50.6 9.6 FASTST M M 6 MAX(MPH)
MISC ----> 30 270 36 270
================================================================================
NOTES:
# LAST OF SEVERAL OCCURRENCES
COLUMN 17 PEAK WIND IN M.P.H.
PRELIMINARY LOCAL CLIMATOLOGICAL DATA (WS FORM: F-6) , PAGE 2
STATION: SALINAS AIRPORT
MONTH: MAY
YEAR: 2021
LATITUDE: 36 40 N
LONGITUDE: 121 36 W
[TEMPERATURE DATA] [PRECIPITATION DATA] SYMBOLS USED IN COLUMN 16
AVERAGE MONTHLY: 58.9 TOTAL FOR MONTH: 0.01 1 = FOG OR MIST
DPTR FM NORMAL: -0.4 DPTR FM NORMAL: -0.37 2 = FOG REDUCING VISIBILITY
HIGHEST: 78 ON 8 GRTST 24HR 0.01 ON 14-14 TO 1/4 MILE OR LESS
LOWEST: 44 ON 20 3 = THUNDER
SNOW, ICE PELLETS, HAIL 4 = ICE PELLETS
TOTAL MONTH: M 5 = HAIL
GRTST 24HR M ON M 6 = FREEZING RAIN OR DRIZZLE
GRTST DEPTH: M ON M 7 = DUSTSTORM OR SANDSTORM:
VSBY 1/2 MILE OR LESS
8 = SMOKE OR HAZE
[NO. OF DAYS WITH] [WEATHER - DAYS WITH] 9 = BLOWING SNOW
X = TORNADO
MAX 32 OR BELOW: 0 0.01 INCH OR MORE: 1
MAX 90 OR ABOVE: 0 0.10 INCH OR MORE: 0
MIN 32 OR BELOW: 0 0.50 INCH OR MORE: 0
MIN 0 OR BELOW: 0 1.00 INCH OR MORE: 0
[HDD (BASE 65) ]
TOTAL THIS MO. 179 CLEAR (SCALE 0-3) 6
DPTR FM NORMAL -6 PTCLDY (SCALE 4-7) 20
TOTAL FM JUL 1 2144 CLOUDY (SCALE 8-10) 5
DPTR FM NORMAL -377
[CDD (BASE 65) ]
TOTAL THIS MO. 0
DPTR FM NORMAL -8 [PRESSURE DATA]
TOTAL FM JAN 1 6 HIGHEST SLP M ON M
DPTR FM NORMAL -8 LOWEST SLP 29.89 ON 10
[REMARKS]
#FINAL-05-21#