000
CXUS56 KPQR 011155
CF6SPB
PRELIMINARY LOCAL CLIMATOLOGICAL DATA (WS FORM: F-6)
STATION: SCAPPOOSE OR
MONTH: MAY
YEAR: 2021
LATITUDE: 45 46 N
LONGITUDE: 122 50 W
TEMPERATURE IN F: :PCPN: SNOW: WIND :SUNSHINE: SKY :PK WND
================================================================================
1 2 3 4 5 6A 6B 7 8 9 10 11 12 13 14 15 16 17 18
12Z AVG MX 2MIN
DY MAX MIN AVG DEP HDD CDD WTR SNW DPTH SPD SPD DIR MIN PSBL S-S WX SPD DR
================================================================================
1 64 49 57 3 8 0 0.00 M M 5.9 14 310 M M 9 22 320
2 68 47 58 4 7 0 0.00 M M 4.4 12 330 M M 6 18 340
3 63 46 55 1 10 0 0.07 M M 2.6 12 250 M M 8 1 15 250
4 69 47 58 3 7 0 0.00 M M 5.1 13 360 M M 4 1 17 20
5 83 42 63 8 2 0 0.00 M M 1.6 8 150 M M 0 10 150
6 69 41 55 0 10 0 0.01 M M 4.7 17 210 M M 4 24 310
7 61 40 51 -4 14 0 0.10 M M 4.7 16 280 M M 6 1 24 280
8 61 35 48 -8 17 0 0.00 M M 2.4 9 210 M M 8 12 80
9 66 50 58 2 7 0 T M M 3.4 12 330 M M 8 15 360
10 71 46 59 3 6 0 0.00 M M 8.0 16 10 M M 1 21 10
11 76 43 60 4 5 0 0.00 M M 6.9 16 10 M M 0 22 350
12 79 47 63 6 2 0 0.00 M M 7.7 17 350 M M 0 23 20
13 77 50 64 7 1 0 0.00 M M 8.2 17 350 M M 0 8 24 350
14 80 54 67 10 0 2 0.00 M M 9.2 20 330 M M 0 28 310
15 81 44 63 6 2 0 0.00 M M 8.3 17 330 M M 0 24 340
16 83 47 65 7 0 0 0.00 M M 7.6 16 10 M M 0 22 340
17 65 50 58 0 7 0 T M M 5.8 16 230 M M 7 22 240
18 62 40 51 -7 14 0 0.05 M M 4.1 13 70 M M 6 16 10
19 61 37 49 -9 16 0 0.06 M M 3.6 17 360 M M 5 12 23 310
20 61 36 49 -9 16 0 0.12 M M 3.5 17 320 M M 6 18 24 320
21 68 40 54 -4 11 0 0.00 M M 3.9 15 360 M M 6 20 310
22 70 47 59 1 6 0 0.00 M M 4.4 14 320 M M 3 21 310
23 64 49 57 -2 8 0 0.01 M M 4.4 12 330 M M 8 18 17 310
24 62 51 57 -2 8 0 0.29 M M 3.2 12 150 M M 10 1 14 170
25 64 53 59 0 6 0 0.01 M M 4.3 13 310 M M 10 1 20 320
26 72 50 61 2 4 0 0.00 M M 3.4 10 150 M M 5 13 40
27 65 51 58 -1 7 0 0.19 M M 8.6 23 230 M M 8 1 29 240
28 70 48 59 0 6 0 T M M 5.0 16 20 M M 5 8 23 20
29 83 51 67 8 0 2 0.00 M M 7.8 13 10 M M 0 19 10
30 83 51 67 7 0 2 0.00 M M 6.6 15 360 M M 0 20 10
31 88 53 71 11 0 6 0.00 M M 8.2 16 340 M M 0 23 340
================================================================================
SM 2189 1435 207 12 0.91 M 167.5 M 133
================================================================================
AV 70.6 46.3 5.4 FASTST M M 4 MAX(MPH)
MISC ----> 23 230 29 240
================================================================================
NOTES:
# LAST OF SEVERAL OCCURRENCES
COLUMN 17 PEAK WIND IN M.P.H.
PRELIMINARY LOCAL CLIMATOLOGICAL DATA (WS FORM: F-6) , PAGE 2
STATION: SCAPPOOSE OR
MONTH: MAY
YEAR: 2021
LATITUDE: 45 46 N
LONGITUDE: 122 50 W
[TEMPERATURE DATA] [PRECIPITATION DATA] SYMBOLS USED IN COLUMN 16
AVERAGE MONTHLY: 58.5 TOTAL FOR MONTH: 0.91 1 = FOG OR MIST
DPTR FM NORMAL: 1.3 DPTR FM NORMAL: -1.58 2 = FOG REDUCING VISIBILITY
HIGHEST: 88 ON 31 GRTST 24HR 0.30 ON 24-25 TO 1/4 MILE OR LESS
LOWEST: 35 ON 8 3 = THUNDER
SNOW, ICE PELLETS, HAIL 4 = ICE PELLETS
TOTAL MONTH: M 5 = HAIL
GRTST 24HR M ON M 6 = FREEZING RAIN OR DRIZZLE
GRTST DEPTH: M ON M 7 = DUSTSTORM OR SANDSTORM:
VSBY 1/2 MILE OR LESS
8 = SMOKE OR HAZE
[NO. OF DAYS WITH] [WEATHER - DAYS WITH] 9 = BLOWING SNOW
X = TORNADO
MAX 32 OR BELOW: 0 0.01 INCH OR MORE: 10
MAX 90 OR ABOVE: 0 0.10 INCH OR MORE: 4
MIN 32 OR BELOW: 0 0.50 INCH OR MORE: 0
MIN 0 OR BELOW: 0 1.00 INCH OR MORE: 0
[HDD (BASE 65) ]
TOTAL THIS MO. 207 CLEAR (SCALE 0-3) 11
DPTR FM NORMAL -46 PTCLDY (SCALE 4-7) 14
TOTAL FM JUL 1 4259 CLOUDY (SCALE 8-10) 6
DPTR FM NORMAL -300
[CDD (BASE 65) ]
TOTAL THIS MO. 12
DPTR FM NORMAL 1 [PRESSURE DATA]
TOTAL FM JAN 1 12 HIGHEST SLP 30.42 ON 8
DPTR FM NORMAL 0 LOWEST SLP 29.78 ON 5
[REMARKS]
#FINAL-05-21#