000
CXUS54 KOUN 011401
CLMSPS
CLIMATE REPORT
NATIONAL WEATHER SERVICE NORMAN OK
901 AM CDT THU JUN 01 2023
...................................
...THE WICHITA FALLS CLIMATE SUMMARY FOR THE MONTH OF MAY 2023...
CLIMATE NORMAL PERIOD 1991 TO 2020
CLIMATE RECORD PERIOD 1897 TO 2023
WEATHER OBSERVED NORMAL DEPART LAST YEAR`S
VALUE DATE(S) VALUE FROM VALUE
NORMAL
..............................................................
TEMPERATURE (F)
RECORD
HIGH 110 05/28/2011
05/24/2000
05/23/2000
LOW 35 05/01/2014
HIGHEST 95 98 -3 103
LOWEST 46 46 0 44
AVG. MAXIMUM 84.0 83.9 0.1 88.9
AVG. MINIMUM 60.5 59.7 0.8 62.5
MEAN 72.3 71.8 0.5 75.7
DAYS MAX >= 90 5 8.7 -3.7 19
DAYS MAX <= 32 0 0.0 0.0 0
DAYS MIN <= 32 0 0.0 0.0 0
DAYS MIN <= 0 0 0.0 0.0 0
PRECIPITATION (INCHES)
RECORD
MAXIMUM 17.00 2015
MINIMUM 0.01 1966
TOTALS 3.27 3.81 -0.54 2.60
DAILY AVG. 0.11 0.12 -0.01 0.08
DAYS >= .01 14 9.1 4.9 7
DAYS >= .10 8 5.3 2.7 3
DAYS >= .50 2 2.4 -0.4 1
DAYS >= 1.00 1 1.4 -0.4 1
GREATEST
24 HR. TOTAL 1.44 05/28 TO 05/28
SNOWFALL (INCHES)
TOTALS 0.0 0.0 0.0
SINCE 7/1 2.0 3.1 -1.1
DEGREE DAYS
HEATING TOTAL 6 25 -19
SINCE 7/1 2597 2895 -298
COOLING TOTAL 241 236 5
SINCE 1/1 304 332 -28
..............................................................
WIND (MPH)
AVERAGE WIND SPEED 9.1
HIGHEST WIND SPEED/DIRECTION 49/170 DATE 05/07
HIGHEST GUST SPEED/DIRECTION 65/170 DATE 05/07
WEATHER CONDITIONS. NUMBER OF DAYS WITH
THUNDERSTORM 11 MIXED PRECIP 0
HEAVY RAIN 3 RAIN 6
LIGHT RAIN 17 FREEZING RAIN 0
LT FREEZING RAIN 0 HAIL 1
HEAVY SNOW 0 SNOW 0
LIGHT SNOW 0 SLEET 0
FOG 22 FOG W/VIS <= 1/4 MILE 3
HAZE 7
- INDICATES NEGATIVE NUMBERS.
R INDICATES RECORD WAS SET OR TIED.
MM INDICATES DATA IS MISSING.
T INDICATES TRACE AMOUNT.
..............................................................
RECORDS/REMARKS
JANUARY - MAY 2023 PRECIPITATION TOTAL IS 11.24 INCHES.
$$