000
CXUS52 KTBW 041653
CF6SRQ
PRELIMINARY LOCAL CLIMATOLOGICAL DATA (WS FORM: F-6)
STATION: SARASOTA BRADENTON
MONTH: JULY
YEAR: 2022
LATITUDE: 27 23 N
LONGITUDE: 82 33 W
TEMPERATURE IN F: :PCPN: SNOW: WIND :SUNSHINE: SKY :PK WND
================================================================================
1 2 3 4 5 6A 6B 7 8 9 10 11 12 13 14 15 16 17 18
12Z AVG MX 2MIN
DY MAX MIN AVG DEP HDD CDD WTR SNW DPTH SPD SPD DIR MIN PSBL S-S WX SPD DR
================================================================================
1 90 75 83 0 0 18 0.00 0.0 0 5.4 14 130 M M 1 3 16 140
2 90 76 83 0 0 18 0.00 0.0 0 6.5 14 100 M M 0 18 230
3 91 75 83 0 0 18 0.00 0.0 0 7.3 14 270 M M 0 38 18 270
4 91 75 83 0 0 18 T 0.0 0 5.4 17 150 M M 2 138 22 160
5 93 76 85 2 0 20 0.01 0.0 0 7.3 17 90 M M 2 3 24 80
6 92 75 84 1 0 19 1.26 0.0 0 6.4 21 100 M M 3 13 27 110
7 90 77 84 1 0 19 0.04 0.0 0 6.3 12 130 M M 2 3 19 250
8 91 76 84 1 0 19 0.04 0.0 0 5.6 21 80 M M 1 3 27 70
9 91 77 84 1 0 19 0.00 0.0 0 6.3 13 230 M M 1 3 28 240
10 92 80 86 3 0 21 0.09 0.0 0 9.0 21 240 M M 2 33 250
11 91 81 86 3 0 21 0.02 0.0 0 10.1 22 310 M M 3 3 31 310
12 91 77 84 1 0 19 0.00 0.0 0 8.0 15 200 M M 2 22 220
13 92 77 85 2 0 20 T 0.0 0 6.2 28 70 M M 1 3 38 70
14 92 73 83 0 0 18 0.43 0.0 0 6.7 30 180 M M 3 138 39 190
15 92 73 83 0 0 18 0.08 0.0 0 7.0 16 80 M M 1 13 21 200
16 89 74 82 -1 0 17 0.36 0.0 0 6.9 17 140 M M 3 13 22 280
17 88 73 81 -2 0 16 T 0.0 0 8.2 17 200 M M 1 3 23 220
18 91 77 84 1 0 19 T 0.0 0 8.8 15 230 M M 1 20 200
19 90 78 84 1 0 19 0.00 0.0 0 7.0 16 210 M M 0 20 210
20 91 77 84 1 0 19 0.00 0.0 0 7.1 14 280 M M 1 21 250
21 91 74 83 0 0 18 0.00 0.0 0 6.6 16 140 M M 1 3 21 260
22 91 74 83 0 0 18 0.62 0.0 0 5.6 22 130 M M 4 13 27 140
23 91 72 82 -1 0 17 1.90 0.0 0 7.5 31 140 M M 2 1238 47 150
24 94 74 84 1 0 19 0.32 0.0 0 7.7 20 80 M M 2 3 32 90
25 91 74 83 0 0 18 0.30 0.0 0 6.4 16 350 M M 2 138 24 340
26 91 71 81 -2 0 16 0.33 0.0 0 8.2 31 80 M M 2 13 44 80
27 92 74 83 0 0 18 0.00 0.0 0 9.0 20 170 M M 1 8 26 180
28 93 77 85 2 0 20 0.00 0.0 0 6.1 13 270 M M 1 18 260
29 96 76 86 3 0 21 0.00 0.0 0 7.0 21 170 M M 1 3 28 190
30 95 76 86 3 0 21 T 0.0 0 7.0 21 180 M M 1 3 27 180
31 94 76 85 2 0 20 T 0.0 0 8.7 16 120 M M 1 3 21 120
================================================================================
SM 2837 2340 0 581 5.80 0.0 221.3 M 48
================================================================================
AV 91.5 75.5 7.1 FASTST M M 2 MAX(MPH)
MISC ----> # 31 140 47 150
================================================================================
NOTES:
# LAST OF SEVERAL OCCURRENCES
COLUMN 17 PEAK WIND IN M.P.H.
PRELIMINARY LOCAL CLIMATOLOGICAL DATA (WS FORM: F-6) , PAGE 2
STATION: SARASOTA BRADENTON
MONTH: JULY
YEAR: 2022
LATITUDE: 27 23 N
LONGITUDE: 82 33 W
[TEMPERATURE DATA] [PRECIPITATION DATA] SYMBOLS USED IN COLUMN 16
AVERAGE MONTHLY: 83.5 TOTAL FOR MONTH: 5.80 1 = FOG OR MIST
DPTR FM NORMAL: 0.4 DPTR FM NORMAL: -1.59 2 = FOG REDUCING VISIBILITY
HIGHEST: 96 ON 29 GRTST 24HR 2.46 ON 22-23 TO 1/4 MILE OR LESS
LOWEST: 71 ON 26 3 = THUNDER
SNOW, ICE PELLETS, HAIL 4 = ICE PELLETS
TOTAL MONTH: 0.0 INCH 5 = HAIL
GRTST 24HR 0.0 6 = FREEZING RAIN OR DRIZZLE
GRTST DEPTH: 0 7 = DUSTSTORM OR SANDSTORM:
VSBY 1/2 MILE OR LESS
8 = SMOKE OR HAZE
[NO. OF DAYS WITH] [WEATHER - DAYS WITH] 9 = BLOWING SNOW
X = TORNADO
MAX 32 OR BELOW: 0 0.01 INCH OR MORE: 14
MAX 90 OR ABOVE: 29 0.10 INCH OR MORE: 8
MIN 32 OR BELOW: 0 0.50 INCH OR MORE: 3
MIN 0 OR BELOW: 0 1.00 INCH OR MORE: 2
[HDD (BASE 65) ]
TOTAL THIS MO. 0 CLEAR (SCALE 0-3) 30
DPTR FM NORMAL 0 PTCLDY (SCALE 4-7) 1
TOTAL FM JUL 1 0 CLOUDY (SCALE 8-10) 0
DPTR FM NORMAL 0
[CDD (BASE 65) ]
TOTAL THIS MO. 581
DPTR FM NORMAL 18 [PRESSURE DATA]
TOTAL FM JAN 1 2209 HIGHEST SLP 30.18 ON 31
DPTR FM NORMAL 236 LOWEST SLP 29.89 ON 11
[REMARKS]
#FINAL-07-22#