000
CXUS54 KEPZ 011130
CF6SRR
PRELIMINARY LOCAL CLIMATOLOGICAL DATA (WS FORM: F-6)
STATION: RUIDOSO AWOS
MONTH: FEBRUARY
YEAR: 2023
LATITUDE: 33 28 N
LONGITUDE: 105 32 W
TEMPERATURE IN F: :PCPN: SNOW: WIND :SUNSHINE: SKY :PK WND
================================================================================
1 2 3 4 5 6A 6B 7 8 9 10 11 12 13 14 15 16 17 18
12Z AVG MX 2MIN
DY MAX MIN AVG DEP HDD CDD WTR SNW DPTH SPD SPD DIR MIN PSBL S-S WX SPD DR
================================================================================
1 48 25 37 M 28 0 0.00 M M 6.9 17 140 M M 0 23 140
2 46 25 36 M 29 0 0.00 M M 8.8 15 360 M M 0 21 360
3 50 25 38 M 27 0 0.00 M M 4.5 9 270 M M 0 M M
4 55 30 43 M 22 0 0.00 M M 9.1 14 310 M M 0 25 290
5 63 36 50 M 15 0 0.00 M M 9.2 21 230 M M 0 28 240
6 55 28 42 M 23 0 0.00 M M 19.8 30 240 M M 0 39 230
7 32 21 27 M 38 0 0.02 M M 7.0 17 100 M M 0 29 100
8 41 18 30 M 35 0 0.00 M M 13.1 25 290 M M 0 37 290
9 37 16 27 M 38 0 0.00 M M 12.2 20 290 M M 0 31 320
10 37 10 24 M 41 0 0.00 M M 7.1 16 330 M M 0 22 330
11 55 23 39 M 26 0 0.00 M M 8.2 17 130 M M 0 24 130
12 59 32 46 M 19 0 0.00 M M 7.2 18 210 M M 0 28 210
13 50 27 39 M 26 0 0.03 M M 9.8 26 240 M M 0 39 240
14 41 27 34 M 31 0 0.00 M M 24.6 37 220 M M 0 8 54 230
15 36 18 27 M 38 0 0.00 M M 19.3 32 220 M M 0 45 220
16 32 14 23 M 42 0 0.00 M M 8.2 18 300 M M 0 29 300
17 45 14 30 M 35 0 0.00 M M 7.3 12 140 M M 0 21 140
18 48 23 36 M 29 0 0.00 M M 11.1 24 260 M M 0 30 260
19 50 37 44 M 21 0 0.00 M M 16.4 29 230 M M 0 37 250
20 55 41 48 M 17 0 0.00 M M 19.3 29 250 M M 0 40 280
21 54 36 45 M 20 0 0.00 M M 19.6 37 230 M M 0 48 230
22 46 32 39 M 26 0 0.00 M M 33.7 53 240 M M 0 18 69 240
23 48 34 41 M 24 0 0.00 M M 21.0 29 210 M M 0 44 210
24 57 34 46 M 19 0 0.00 M M 18.7 35 240 M M 0 46 240
25 63 36 50 M 15 0 0.00 M M 9.8 25 230 M M 0 33 230
26 57 28 43 M 22 0 0.00 M M 20.5 44 210 M M 0 58 250
27 54 27 41 M 24 0 0.00 M M 19.5 25 290 M M 0 38 300
28 54 37 46 M 19 0 0.00 M M 21.3 32 240 M M 0 41 240
================================================================================
SM 1368 754 749 0 0.05 M 393.2 M 0
================================================================================
AV 48.9 26.9 14.0 FASTST M M 0 MAX(MPH)
MISC ----> 53 240 69 240
================================================================================
NOTES:
# LAST OF SEVERAL OCCURRENCES
COLUMN 17 PEAK WIND IN M.P.H.
PRELIMINARY LOCAL CLIMATOLOGICAL DATA (WS FORM: F-6) , PAGE 2
STATION: RUIDOSO AWOS
MONTH: FEBRUARY
YEAR: 2023
LATITUDE: 33 28 N
LONGITUDE: 105 32 W
[TEMPERATURE DATA] [PRECIPITATION DATA] SYMBOLS USED IN COLUMN 16
AVERAGE MONTHLY: 37.9 TOTAL FOR MONTH: 0.05 1 = FOG OR MIST
DPTR FM NORMAL: 0.0 DPTR FM NORMAL: 0.05 2 = FOG REDUCING VISIBILITY
HIGHEST: 63 ON 25, 5 GRTST 24HR 0.03 ON 13-13 TO 1/4 MILE OR LESS
LOWEST: 10 ON 10 3 = THUNDER
SNOW, ICE PELLETS, HAIL 4 = ICE PELLETS
TOTAL MONTH: M 5 = HAIL
GRTST 24HR M ON M 6 = FREEZING RAIN OR DRIZZLE
GRTST DEPTH: M ON M 7 = DUSTSTORM OR SANDSTORM:
VSBY 1/2 MILE OR LESS
8 = SMOKE OR HAZE
[NO. OF DAYS WITH] [WEATHER - DAYS WITH] 9 = BLOWING SNOW
X = TORNADO
MAX 32 OR BELOW: 2 0.01 INCH OR MORE: 2
MAX 90 OR ABOVE: 0 0.10 INCH OR MORE: 0
MIN 32 OR BELOW: 20 0.50 INCH OR MORE: 0
MIN 0 OR BELOW: 0 1.00 INCH OR MORE: 0
[HDD (BASE 65) ]
TOTAL THIS MO. 749 CLEAR (SCALE 0-3) 28
DPTR FM NORMAL M PTCLDY (SCALE 4-7) 0
TOTAL FM JUL 1 3687 CLOUDY (SCALE 8-10) 0
DPTR FM NORMAL M
[CDD (BASE 65) ]
TOTAL THIS MO. 0
DPTR FM NORMAL M [PRESSURE DATA]
TOTAL FM JAN 1 0 HIGHEST SLP M ON M
DPTR FM NORMAL M LOWEST SLP M ON M
[REMARKS]
#FINAL-02-23#