000
CXUS54 KEPZ 221307
CF6SRR
PRELIMINARY LOCAL CLIMATOLOGICAL DATA (WS FORM: F-6)
STATION: RUIDOSO AWOS
MONTH: JULY
YEAR: 2022
LATITUDE: 33 28 N
LONGITUDE: 105 32 W
TEMPERATURE IN F: :PCPN: SNOW: WIND :SUNSHINE: SKY :PK WND
================================================================================
1 2 3 4 5 6A 6B 7 8 9 10 11 12 13 14 15 16 17 18
12Z AVG MX 2MIN
DY MAX MIN AVG DEP HDD CDD WTR SNW DPTH SPD SPD DIR MIN PSBL S-S WX SPD DR
================================================================================
1 79 61 70 M 0 5 0.09 M M 6.5 23 250 M M 3 36 250
2 81 59 70 M 0 5 0.00 M M 7.5 15 280 M M 2 23 270
3 81 59 70 M 0 5 0.00 M M 7.4 14 110 M M 1 22 180
4 77 57 67 M 0 2 0.00 M M 7.7 21 240 M M 3 27 240
5 81 59 70 M 0 5 0.00 M M 8.0 14 290 M M 4 21 290
6 81 61 71 M 0 6 0.00 M M 8.0 23 220 M M 2 31 220
7 81 63 72 M 0 7 0.86 M M 6.6 21 90 M M 3 43 110
8 77 57 67 M 0 2 0.00 M M 7.1 16 110 M M 1 22 110
9 81 59 70 M 0 5 T M M 4.7 15 340 M M 1 3 23 340
10 82 59 71 M 0 6 0.00 M M 5.4 12 230 M M 1 M M
11 84 63 74 M 0 9 0.00 M M 5.7 12 130 M M 2 20 20
12 79 59 69 M 0 4 0.00 M M 7.9 13 110 M M 1 17 110
13 79 57 68 M 0 3 0.00 M M 5.4 13 190 M M 2 23 190
14 82 61 72 M 0 7 0.00 M M 7.8 18 130 M M 2 23 130
15 86 61 74 M 0 9 0.00 M M 6.6 17 120 M M 3 21 160
16 86 63 75 M 0 10 0.00 M M 7.7 13 140 M M 0 22 90
17 84 61 73 M 0 8 0.00 M M 6.1 16 120 M M 0 24 110
18 90 63 77 M 0 12 0.00 M M 7.0 16 130 M M 0 22 110
19 90 66 78 M 0 13 0.00 M M 6.5 15 150 M M 2 23 60
20 91 66 79 M 0 14 0.14 M M 10.9 16 290 M M 3 3 30 290
21 84 63 74 M 0 9 0.00 M M 7.2 20 150 M M 1 25 110
22 86 63 75 M 0 10 0.00 M M 6.6 22 230 M M 1 32 220
23 86 63 75 M 0 10 0.00 M M 7.3 16 140 M M 2 22 100
24 84 61 73 M 0 8 0.02 M M 8.3 15 140 M M 2 3 22 80
25 81 59 70 M 0 5 0.06 M M 5.6 10 210 M M 4 3 23 330
26 77 57 67 M 0 2 0.85 M M 6.6 23 280 M M 2 3 30 280
27 73 59 66 M 0 1 0.00 M M 7.0 16 200 M M 0 24 120
28 81 57 69 M 0 4 0.00 M M 8.2 15 120 M M 0 24 120
29 77 57 67 M 0 2 0.00 M M 7.8 18 220 M M 0 24 220
30 75 59 67 M 0 2 0.02 M M 5.5 14 160 M M 0 23 220
31 79 59 69 M 0 4 0.70 M M 7.2 30 260 M M 0 38 260
================================================================================
SM 2535 1871 0 194 2.74 M 217.9 M 48
================================================================================
AV 81.8 60.4 7.0 FASTST M M 2 MAX(MPH)
MISC ----> 30 260 43 110
================================================================================
NOTES:
# LAST OF SEVERAL OCCURRENCES
COLUMN 17 PEAK WIND IN M.P.H.
PRELIMINARY LOCAL CLIMATOLOGICAL DATA (WS FORM: F-6) , PAGE 2
STATION: RUIDOSO AWOS
MONTH: JULY
YEAR: 2022
LATITUDE: 33 28 N
LONGITUDE: 105 32 W
[TEMPERATURE DATA] [PRECIPITATION DATA] SYMBOLS USED IN COLUMN 16
AVERAGE MONTHLY: 71.1 TOTAL FOR MONTH: 2.74 1 = FOG OR MIST
DPTR FM NORMAL: 0.0 DPTR FM NORMAL: M 2 = FOG REDUCING VISIBILITY
HIGHEST: 91 ON 20 GRTST 24HR 0.86 ON 7- 7 TO 1/4 MILE OR LESS
LOWEST: 57 ON 29,28 3 = THUNDER
SNOW, ICE PELLETS, HAIL 4 = ICE PELLETS
TOTAL MONTH: M 5 = HAIL
GRTST 24HR M ON M 6 = FREEZING RAIN OR DRIZZLE
GRTST DEPTH: M ON M 7 = DUSTSTORM OR SANDSTORM:
VSBY 1/2 MILE OR LESS
8 = SMOKE OR HAZE
[NO. OF DAYS WITH] [WEATHER - DAYS WITH] 9 = BLOWING SNOW
X = TORNADO
MAX 32 OR BELOW: 0 0.01 INCH OR MORE: 8
MAX 90 OR ABOVE: 3 0.10 INCH OR MORE: 4
MIN 32 OR BELOW: 0 0.50 INCH OR MORE: 3
MIN 0 OR BELOW: 0 1.00 INCH OR MORE: 0
[HDD (BASE 65) ]
TOTAL THIS MO. 0 CLEAR (SCALE 0-3) 27
DPTR FM NORMAL M PTCLDY (SCALE 4-7) 4
TOTAL FM JUL 1 0 CLOUDY (SCALE 8-10) 0
DPTR FM NORMAL M
[CDD (BASE 65) ]
TOTAL THIS MO. 194
DPTR FM NORMAL M [PRESSURE DATA]
TOTAL FM JAN 1 390 HIGHEST SLP M ON M
DPTR FM NORMAL M LOWEST SLP M ON M
[REMARKS]
#FINAL-07-22#