000
CXUS54 KEPZ 011030
CF6SRR
PRELIMINARY LOCAL CLIMATOLOGICAL DATA (WS FORM: F-6)
STATION: RUIDOSO AWOS
MONTH: SEPTEMBER
YEAR: 2021
LATITUDE: 33 28 N
LONGITUDE: 105 32 W
TEMPERATURE IN F: :PCPN: SNOW: WIND :SUNSHINE: SKY :PK WND
================================================================================
1 2 3 4 5 6A 6B 7 8 9 10 11 12 13 14 15 16 17 18
12Z AVG MX 2MIN
DY MAX MIN AVG DEP HDD CDD WTR SNW DPTH SPD SPD DIR MIN PSBL S-S WX SPD DR
================================================================================
1 73 59 66 M 0 1 0.08 M M 6.5 15 130 M M 6 27 140
2 73 57 65 M 0 0 0.16 M M 4.5 10 160 M M 7 1 22 0
3 77 59 68 M 0 3 0.09 M M 4.6 16 180 M M 6 21 290
4 73 59 66 M 0 1 0.00 M M 7.2 17 200 M M 5 23 300
5 72 57 65 M 0 0 0.00 M M 4.8 10 160 M M 4 M M
6 79 54 67 M 0 2 0.00 M M 4.3 12 320 M M 0 M M
7 82 57 70 M 0 5 0.00 M M 6.8 13 130 M M 0 16 100
8 77 57 67 M 0 2 0.00 M M 7.1 14 150 M M 0 18 140
9 82 57 70 M 0 5 0.00 M M 7.0 14 130 M M 0 17 130
10 82 57 70 M 0 5 0.00 M M 7.8 12 150 M M 0 16 220
11 82 57 70 M 0 5 0.00 M M 6.7 12 140 M M 1 16 140
12 77 57 67 M 0 2 0.00 M M 5.6 12 140 M M 1 17 130
13 81 54 68 M 0 3 0.00 M M 6.5 13 250 M M 0 16 110
14 84 59 72 M 0 7 0.00 M M 8.7 13 10 M M 1 18 10
15 73 50 62 M 3 0 0.01 M M 8.3 20 220 M M 2 29 220
16 82 54 68 M 0 3 0.00 M M 6.5 15 140 M M 2 24 260
17 82 57 70 M 0 5 0.00 M M 6.7 12 310 M M 0 22 280
18 77 50 64 M 1 0 0.00 M M 6.1 20 170 M M 0 24 170
19 82 55 69 M 0 4 0.00 M M 10.2 24 230 M M 0 32 230
20 79 57 68 M 0 3 0.00 M M 10.4 20 320 M M 0 27 320
21 64 46 55 M 10 0 0.00 M M 10.3 17 150 M M 0 24 120
22 73 46 60 M 5 0 0.00 M M 4.2 10 320 M M 0 18 20
23 77 50 64 M 1 0 0.00 M M 7.5 13 170 M M 2 18 170
24 75 57 66 M 0 1 0.00 M M 7.6 14 230 M M 4 24 130
25 68 50 59 M 6 0 0.00 M M 5.5 13 140 M M 2 17 140
26 75 50 63 M 2 0 0.03 M M 6.8 16 230 M M 4 28 280
27 68 48 58 M 7 0 0.00 M M 9.6 20 230 M M 3 27 230
28 64 50 57 M 8 0 0.02 M M 10.3 21 280 M M 7 30 260
29 68 48 58 M 7 0 0.00 M M 9.6 18 310 M M 3 28 320
30 55 46 51 M 14 0 0.24 M M 6.9 12 150 M M 9 1 20 300
================================================================================
SM 2256 1614 64 57 0.63 M 214.6 M 69
================================================================================
AV 75.2 53.8 7.2 FASTST M M 2 MAX(MPH)
MISC ----> 24 230 32 230
================================================================================
NOTES:
# LAST OF SEVERAL OCCURRENCES
COLUMN 17 PEAK WIND IN M.P.H.
PRELIMINARY LOCAL CLIMATOLOGICAL DATA (WS FORM: F-6) , PAGE 2
STATION: RUIDOSO AWOS
MONTH: SEPTEMBER
YEAR: 2021
LATITUDE: 33 28 N
LONGITUDE: 105 32 W
[TEMPERATURE DATA] [PRECIPITATION DATA] SYMBOLS USED IN COLUMN 16
AVERAGE MONTHLY: 64.5 TOTAL FOR MONTH: 0.63 1 = FOG OR MIST
DPTR FM NORMAL: 0.0 DPTR FM NORMAL: M 2 = FOG REDUCING VISIBILITY
HIGHEST: 84 ON 14 GRTST 24HR 0.24 ON 30-30 TO 1/4 MILE OR LESS
LOWEST: 46 ON 30,22 3 = THUNDER
SNOW, ICE PELLETS, HAIL 4 = ICE PELLETS
TOTAL MONTH: M 5 = HAIL
GRTST 24HR M ON M 6 = FREEZING RAIN OR DRIZZLE
GRTST DEPTH: M ON M 7 = DUSTSTORM OR SANDSTORM:
VSBY 1/2 MILE OR LESS
8 = SMOKE OR HAZE
[NO. OF DAYS WITH] [WEATHER - DAYS WITH] 9 = BLOWING SNOW
X = TORNADO
MAX 32 OR BELOW: 0 0.01 INCH OR MORE: 7
MAX 90 OR ABOVE: 0 0.10 INCH OR MORE: 2
MIN 32 OR BELOW: 0 0.50 INCH OR MORE: 0
MIN 0 OR BELOW: 0 1.00 INCH OR MORE: 0
[HDD (BASE 65) ]
TOTAL THIS MO. 64 CLEAR (SCALE 0-3) 20
DPTR FM NORMAL M PTCLDY (SCALE 4-7) 9
TOTAL FM JUL 1 78 CLOUDY (SCALE 8-10) 1
DPTR FM NORMAL M
[CDD (BASE 65) ]
TOTAL THIS MO. 57
DPTR FM NORMAL M [PRESSURE DATA]
TOTAL FM JAN 1 396 HIGHEST SLP M ON M
DPTR FM NORMAL M LOWEST SLP M ON M
[REMARKS]
#FINAL-09-21#