000
CXUS54 KEPZ 011030
CF6SRR
PRELIMINARY LOCAL CLIMATOLOGICAL DATA (WS FORM: F-6)
STATION: RUIDOSO AWOS
MONTH: JUNE
YEAR: 2021
LATITUDE: 33 28 N
LONGITUDE: 105 32 W
TEMPERATURE IN F: :PCPN: SNOW: WIND :SUNSHINE: SKY :PK WND
================================================================================
1 2 3 4 5 6A 6B 7 8 9 10 11 12 13 14 15 16 17 18
12Z AVG MX 2MIN
DY MAX MIN AVG DEP HDD CDD WTR SNW DPTH SPD SPD DIR MIN PSBL S-S WX SPD DR
================================================================================
1 72 45 59 M 6 0 0.00 M M 5.5 20 150 M M 3 31 340
2 73 48 61 M 4 0 0.03 M M 6.4 23 220 M M 4 29 220
3 72 50 61 M 4 0 0.00 M M 7.6 17 200 M M 4 22 140
4 72 54 63 M 2 0 0.00 M M 6.8 16 180 M M 4 22 270
5 82 55 69 M 0 4 0.00 M M 9.7 47 240 M M 2 54 240
6 86 61 74 M 0 9 0.00 M M 11.9 23 250 M M 1 36 340
7 84 55 70 M 0 5 0.00 M M 12.2 23 240 M M 0 31 240
8 84 63 74 M 0 9 0.00 M M 13.2 22 220 M M 0 29 220
9 88 61 75 M 0 10 0.00 M M 10.7 20 230 M M 0 28 230
10 91 66 79 M 0 14 0.00 M M 14.0 27 210 M M 0 35 230
11 93 64 79 M 0 14 0.00 M M 9.2 16 330 M M 0 24 340
12 82 57 70 M 0 5 0.00 M M 8.3 16 150 M M 1 22 150
13 88 61 75 M 0 10 0.00 M M 9.6 20 240 M M 0 3 29 160
14 90 63 77 M 0 12 0.00 M M 10.5 17 130 M M 0 27 140
15 84 59 72 M 0 7 0.00 M M 7.7 16 150 M M 0 23 150
16 88 59 74 M 0 9 0.00 M M 8.6 18 140 M M 0 25 140
17 84 63 74 M 0 9 0.00 M M 8.5 15 110 M M 0 23 110
18 86 55 71 M 0 6 0.00 M M 7.0 14 130 M M 0 22 100
19 90 59 75 M 0 10 0.00 M M 9.0 22 110 M M 0 30 130
20 93 64 79 M 0 14 0.00 M M 11.5 25 300 M M 0 36 300
21 75 61 68 M 0 3 0.00 M M 11.3 16 140 M M 1 25 140
22 86 57 72 M 0 7 0.00 M M 8.1 20 150 M M 2 24 150
23 90 64 77 M 0 12 0.00 M M 10.6 18 150 M M 2 25 240
24 84 64 74 M 0 9 0.10 M M 9.4 21 320 M M 2 36 320
25 86 61 74 M 0 9 0.00 M M 11.4 24 250 M M 1 33 260
26 79 57 68 M 0 3 0.00 M M 8.9 18 140 M M 2 27 140
27 66 54 60 M 5 0 0.03 M M 9.3 18 130 M M 7 27 120
28 55 52 54 M 11 0 1.54 M M 7.7 13 110 M M 9 22 90
29 57 52 55 M 10 0 1.19 M M 4.2 8 310 M M 10 1 17 310
30 68 55 62 M 3 0 1.28 M M 4.1 13 100 M M 8 12 20 100
================================================================================
SM 2428 1739 45 190 4.17 M 272.9 M 63
================================================================================
AV 80.9 58.0 9.1 FASTST M M 2 MAX(MPH)
MISC ----> 47 240 54 240
================================================================================
NOTES:
# LAST OF SEVERAL OCCURRENCES
COLUMN 17 PEAK WIND IN M.P.H.
PRELIMINARY LOCAL CLIMATOLOGICAL DATA (WS FORM: F-6) , PAGE 2
STATION: RUIDOSO AWOS
MONTH: JUNE
YEAR: 2021
LATITUDE: 33 28 N
LONGITUDE: 105 32 W
[TEMPERATURE DATA] [PRECIPITATION DATA] SYMBOLS USED IN COLUMN 16
AVERAGE MONTHLY: 69.5 TOTAL FOR MONTH: 4.17 1 = FOG OR MIST
DPTR FM NORMAL: 0.0 DPTR FM NORMAL: M 2 = FOG REDUCING VISIBILITY
HIGHEST: 93 ON 20,11 GRTST 24HR 1.54 ON 28-28 TO 1/4 MILE OR LESS
LOWEST: 45 ON 1 3 = THUNDER
SNOW, ICE PELLETS, HAIL 4 = ICE PELLETS
TOTAL MONTH: M 5 = HAIL
GRTST 24HR M ON M 6 = FREEZING RAIN OR DRIZZLE
GRTST DEPTH: M ON M 7 = DUSTSTORM OR SANDSTORM:
VSBY 1/2 MILE OR LESS
8 = SMOKE OR HAZE
[NO. OF DAYS WITH] [WEATHER - DAYS WITH] 9 = BLOWING SNOW
X = TORNADO
MAX 32 OR BELOW: 0 0.01 INCH OR MORE: 6
MAX 90 OR ABOVE: 6 0.10 INCH OR MORE: 3
MIN 32 OR BELOW: 0 0.50 INCH OR MORE: 3
MIN 0 OR BELOW: 0 1.00 INCH OR MORE: 3
[HDD (BASE 65) ]
TOTAL THIS MO. 45 CLEAR (SCALE 0-3) 23
DPTR FM NORMAL M PTCLDY (SCALE 4-7) 4
TOTAL FM JUL 1 4690 CLOUDY (SCALE 8-10) 3
DPTR FM NORMAL M
[CDD (BASE 65) ]
TOTAL THIS MO. 190
DPTR FM NORMAL M [PRESSURE DATA]
TOTAL FM JAN 1 204 HIGHEST SLP M ON M
DPTR FM NORMAL M LOWEST SLP M ON M
[REMARKS]
#FINAL-06-21#