000
CXUS54 KEPZ 011030
CF6SRR
PRELIMINARY LOCAL CLIMATOLOGICAL DATA (WS FORM: F-6)
STATION: RUIDOSO AWOS
MONTH: OCTOBER
YEAR: 2023
LATITUDE: 33 28 N
LONGITUDE: 105 32 W
TEMPERATURE IN F: :PCPN: SNOW: WIND :SUNSHINE: SKY :PK WND
================================================================================
1 2 3 4 5 6A 6B 7 8 9 10 11 12 13 14 15 16 17 18
12Z AVG MX 2MIN
DY MAX MIN AVG DEP HDD CDD WTR SNW DPTH SPD SPD DIR MIN PSBL S-S WX SPD DR
================================================================================
1 66 50 58 M 7 0 0.05 M M 8.6 15 130 M M 6 22 120
2 75 54 65 M 0 0 0.00 M M 10.1 25 180 M M 6 12 32 180
3 72 50 61 M 4 0 0.00 M M 9.5 20 230 M M 0 23 230
4 73 48 61 M 4 0 0.03 M M 6.3 16 150 M M 0 36 150
5 68 45 57 M 8 0 0.00 M M 6.9 14 120 M M 0 22 100
6 70 45 58 M 7 0 0.00 M M 6.4 15 130 M M 1 21 150
7 64 37 51 M 14 0 0.00 M M 7.0 14 140 M M 1 12 M M
8 72 45 59 M 6 0 0.00 M M 6.9 12 150 M M 1 21 150
9 72 48 60 M 5 0 0.00 M M 7.5 18 130 M M 3 M M
10 72 48 60 M 5 0 0.00 M M 8.1 16 250 M M 2 22 250
11 73 50 62 M 3 0 0.00 M M 15.2 32 220 M M 0 40 220
12 70 48 59 M 6 0 0.00 M M 23.0 40 240 M M 0 52 240
13 64 41 53 M 12 0 0.00 M M 9.2 17 140 M M 0 23 30
14 64 39 52 M 13 0 0.00 M M 4.4 12 120 M M 1 M M
15 64 39 52 M 13 0 0.00 M M 5.8 17 120 M M 0 18 150
16 72 37 55 M 10 0 0.00 M M 3.3 9 140 M M 0 M M
17 75 48 62 M 3 0 0.00 M M 9.0 16 320 M M 0 23 320
18 77 52 65 M 0 0 0.00 M M 8.1 17 140 M M 1 18 300
19 77 45 61 M 4 0 0.00 M M 5.5 15 340 M M 0 24 340
20 79 50 65 M 0 0 0.00 M M 7.4 14 330 M M 0 21 330
21 77 55 66 M 0 1 0.00 M M 7.0 17 240 M M 0 23 240
22 75 54 65 M 0 0 0.00 M M 8.7 21 220 M M 0 27 240
23 72 50 61 M 4 0 0.00 M M 8.9 18 230 M M 3 23 230
24 70 46 58 M 7 0 T M M 7.5 16 300 M M 6 2 25 300
25 59 41 50 M 15 0 0.02 M M 8.8 17 230 M M 3 23 230
26 70 41 56 M 9 0 0.00 M M 9.8 18 230 M M 0 25 220
27 59 39 49 M 16 0 0.00 M M 9.3 17 130 M M 0 24 240
28 68 41 55 M 10 0 0.00 M M 13.2 27 220 M M 0 37 220
29 52 21 37 M 28 0 0.00 M M 10.6 17 140 M M 10 12 21 140
30 43 18 31 M 34 0 0.00 M M 6.7 14 140 M M 4 1 20 140
31 46 27 37 M 28 0 0.00 M M 7.4 12 150 M M 0 18 130
================================================================================
SM 2110 1352 275 1 0.10 M 266.1 M 48
================================================================================
AV 68.1 43.6 8.6 FASTST M M 2 MAX(MPH)
MISC ----> 40 240 52 240
================================================================================
NOTES:
# LAST OF SEVERAL OCCURRENCES
COLUMN 17 PEAK WIND IN M.P.H.
PRELIMINARY LOCAL CLIMATOLOGICAL DATA (WS FORM: F-6) , PAGE 2
STATION: RUIDOSO AWOS
MONTH: OCTOBER
YEAR: 2023
LATITUDE: 33 28 N
LONGITUDE: 105 32 W
[TEMPERATURE DATA] [PRECIPITATION DATA] SYMBOLS USED IN COLUMN 16
AVERAGE MONTHLY: 55.8 TOTAL FOR MONTH: 0.10 1 = FOG OR MIST
DPTR FM NORMAL: 0.0 DPTR FM NORMAL: M 2 = FOG REDUCING VISIBILITY
HIGHEST: 79 ON 20 GRTST 24HR 0.05 ON 1- 1 TO 1/4 MILE OR LESS
LOWEST: 18 ON 30 3 = THUNDER
SNOW, ICE PELLETS, HAIL 4 = ICE PELLETS
TOTAL MONTH: M 5 = HAIL
GRTST 24HR M ON M 6 = FREEZING RAIN OR DRIZZLE
GRTST DEPTH: M ON M 7 = DUSTSTORM OR SANDSTORM:
VSBY 1/2 MILE OR LESS
8 = SMOKE OR HAZE
[NO. OF DAYS WITH] [WEATHER - DAYS WITH] 9 = BLOWING SNOW
X = TORNADO
MAX 32 OR BELOW: 0 0.01 INCH OR MORE: 3
MAX 90 OR ABOVE: 0 0.10 INCH OR MORE: 0
MIN 32 OR BELOW: 3 0.50 INCH OR MORE: 0
MIN 0 OR BELOW: 0 1.00 INCH OR MORE: 0
[HDD (BASE 65) ]
TOTAL THIS MO. 275 CLEAR (SCALE 0-3) 25
DPTR FM NORMAL M PTCLDY (SCALE 4-7) 5
TOTAL FM JUL 1 315 CLOUDY (SCALE 8-10) 1
DPTR FM NORMAL M
[CDD (BASE 65) ]
TOTAL THIS MO. 1
DPTR FM NORMAL M [PRESSURE DATA]
TOTAL FM JAN 1 767 HIGHEST SLP M ON M
DPTR FM NORMAL M LOWEST SLP M ON M
[REMARKS]
#FINAL-10-23#