000
CXUS54 KEWX 011010
CF6SSF
PRELIMINARY LOCAL CLIMATOLOGICAL DATA (WS FORM: F-6)
STATION: SAN ANTONIO STINSON FIELD
MONTH: MARCH
YEAR: 2023
LATITUDE: 29 19 N
LONGITUDE: 98 29 W
TEMPERATURE IN F: :PCPN: SNOW: WIND :SUNSHINE: SKY :PK WND
================================================================================
1 2 3 4 5 6A 6B 7 8 9 10 11 12 13 14 15 16 17 18
12Z AVG MX 2MIN
DY MAX MIN AVG DEP HDD CDD WTR SNW DPTH SPD SPD DIR MIN PSBL S-S WX SPD DR
================================================================================
1 91 71 81 20 0 16 T M M 7.6 17 110 M M 6 138 24 110
2 85 57 71 10 0 6 0.27 M M 11.6 39 260 M M 7 138 52 260
3 79 48 64 2 1 0 0.00 M M 9.0 37 300 M M 0 53 300
4 83 45 64 2 1 0 0.00 M M 4.8 14 150 M M 0 20 150
5 83 49 66 4 0 1 0.00 M M 5.7 15 140 M M 2 12 22 120
6 85 62 74 12 0 9 0.00 M M 4.1 15 130 M M 6 1 21 130
7 84 64 74 12 0 9 0.00 M M 6.3 18 120 M M 6 18 25 120
8 87 67 77 14 0 12 0.00 M M 10.1 21 140 M M 5 27 150
9 86 68 77 14 0 12 0.00 M M 9.4 21 170 M M 6 1 28 160
10 80 63 72 9 0 7 0.00 M M 6.8 16 60 M M 5 22 50
11 92 65 79 16 0 14 0.00 M M 8.9 17 170 M M 3 1 25 220
12 88 62 75 11 0 10 0.00 M M 9.9 21 40 M M 0 1 31 40
13 71 53 62 -2 3 0 0.00 M M 10.1 20 50 M M 3 28 30
14 71 51 61 -3 4 0 0.00 M M 8.8 17 110 M M 5 24 100
15 73 55 64 0 1 0 0.00 M M 10.3 21 140 M M 10 29 150
16 87 56 72 8 0 7 0.11 M M 8.4 30 10 M M 7 1 45 360
17 60 44 52 -13 13 0 0.44 M M 13.0 30 20 M M 7 13 47 10
18 50 42 46 -19 19 0 0.38 M M 5.9 17 30 M M 10 1 27 20
19 60 44 52 -13 13 0 0.00 M M 4.4 12 170 M M 3 17 210
20 57 42 50 -15 15 0 0.01 M M 5.9 16 140 M M 9 1 21 150
21 76 55 66 0 0 1 0.15 M M 7.9 17 130 M M 10 1 24 160
22 82 70 76 10 0 11 0.00 M M 10.5 20 140 M M 10 27 140
23 86 70 78 12 0 13 0.00 M M 13.1 25 110 M M 8 33 120
24 90 58 74 8 0 9 0.01 M M 8.1 22 260 M M 4 1 30 270
25 84 51 68 2 0 3 0.00 M M 4.3 16 20 M M 2 22 20
26 86 52 69 2 0 4 0.00 M M 2.1 9 230 M M 4 13 210
27 81 66 74 7 0 9 T M M 8.4 14 70 M M 8 1 22 20
28 74 57 66 -1 0 1 0.01 M M 13.1 26 20 M M 7 46 40
29 66 56 61 -7 4 0 0.00 M M 5.4 13 60 M M 9 19 40
30 80 62 71 3 0 6 0.07 M M 10.1 21 160 M M 9 1 28 140
31 88 67 78 10 0 13 0.00 M M 4.3 13 210 M M 4 22 210
================================================================================
SM 2445 1772 74 173 1.45 M 248.3 M 175
================================================================================
AV 78.9 57.2 8.0 FASTST M M 6 MAX(MPH)
MISC ----> 39 260 53 300
================================================================================
NOTES:
# LAST OF SEVERAL OCCURRENCES
COLUMN 17 PEAK WIND IN M.P.H.
PRELIMINARY LOCAL CLIMATOLOGICAL DATA (WS FORM: F-6) , PAGE 2
STATION: SAN ANTONIO STINSON FIELD
MONTH: MARCH
YEAR: 2023
LATITUDE: 29 19 N
LONGITUDE: 98 29 W
[TEMPERATURE DATA] [PRECIPITATION DATA] SYMBOLS USED IN COLUMN 16
AVERAGE MONTHLY: 68.0 TOTAL FOR MONTH: 1.45 1 = FOG OR MIST
DPTR FM NORMAL: 3.6 DPTR FM NORMAL: -0.98 2 = FOG REDUCING VISIBILITY
HIGHEST: 92 ON 11 GRTST 24HR 0.50 ON 16-17 TO 1/4 MILE OR LESS
LOWEST: 42 ON 20,18 3 = THUNDER
SNOW, ICE PELLETS, HAIL 4 = ICE PELLETS
TOTAL MONTH: M 5 = HAIL
GRTST 24HR M ON M 6 = FREEZING RAIN OR DRIZZLE
GRTST DEPTH: M ON M 7 = DUSTSTORM OR SANDSTORM:
VSBY 1/2 MILE OR LESS
8 = SMOKE OR HAZE
[NO. OF DAYS WITH] [WEATHER - DAYS WITH] 9 = BLOWING SNOW
X = TORNADO
MAX 32 OR BELOW: 0 0.01 INCH OR MORE: 9
MAX 90 OR ABOVE: 3 0.10 INCH OR MORE: 5
MIN 32 OR BELOW: 0 0.50 INCH OR MORE: 0
MIN 0 OR BELOW: 0 1.00 INCH OR MORE: 0
[HDD (BASE 65) ]
TOTAL THIS MO. 74 CLEAR (SCALE 0-3) 7
DPTR FM NORMAL -38 PTCLDY (SCALE 4-7) 15
TOTAL FM JUL 1 1049 CLOUDY (SCALE 8-10) 9
DPTR FM NORMAL -166
[CDD (BASE 65) ]
TOTAL THIS MO. 173
DPTR FM NORMAL 78 [PRESSURE DATA]
TOTAL FM JAN 1 254 HIGHEST SLP 30.55 ON 19
DPTR FM NORMAL 113 LOWEST SLP 29.26 ON 2
[REMARKS]
#FINAL-03-23#