000
CXUS55 KEAX 010836
CF6STJ
PRELIMINARY LOCAL CLIMATOLOGICAL DATA (WS FORM: F-6)
STATION: ST. JOSEPH MO
MONTH: DECEMBER
YEAR: 2020
LATITUDE: 39 46 N
LONGITUDE: 94 55 W
TEMPERATURE IN F: :PCPN: SNOW: WIND :SUNSHINE: SKY :PK WND
================================================================================
1 2 3 4 5 6A 6B 7 8 9 10 11 12 13 14 15 16 17 18
12Z AVG MX 2MIN
DY MAX MIN AVG DEP HDD CDD WTR SNW DPTH SPD SPD DIR MIN PSBL S-S WX SPD DR
================================================================================
1 51 11 31 -3 34 0 0.00 M M 6.2 17 140 M M 0 25 140
2 52 18 35 1 30 0 0.00 M M 4.1 13 350 M M 0 14 350
3 40 22 31 -3 34 0 0.00 M M 5.1 15 360 M M 3 18 18 360
4 54 19 37 4 28 0 0.00 M M 3.6 12 270 M M 0 128 16 280
5 50 19 35 2 30 0 0.00 M M 4.5 15 310 M M 0 18 20 310
6 48 20 34 2 31 0 0.00 M M 8.3 15 340 M M 2 128 20 350
7 54 22 38 6 27 0 0.00 M M 3.1 13 300 M M 4 128 16 330
8 57 19 38 6 27 0 0.00 M M 4.2 10 240 M M 2 12 14 240
9 66 28 47 16 18 0 0.00 M M 3.6 10 330 M M 0 15 300
10 66 25 46 15 19 0 0.00 M M 4.3 14 360 M M 0 18 18 360
11 43 39 41 11 24 0 0.08 M M 7.9 14 40 M M 9 128 18 10
12 40 28 34 4 31 0 0.04 M M 11.8 21 350 M M 10 1 26 350
13 31 20 26 -4 39 0 0.00 M M 7.2 16 320 M M 8 18 21 310
14 34 13 24 -5 41 0 0.00 M M 4.5 12 80 M M 0 18 16 80
15 29 20 25 -4 40 0 0.00 M M 7.1 13 50 M M 3 18 17 80
16 28 15 22 -7 43 0 0.00 M M 3.3 9 250 M M 8 128 14 270
17 47 19 33 4 32 0 0.00 M M 3.5 9 190 M M 0 18 12 210
18 55 23 39 11 26 0 0.00 M M 12.0 31 200 M M 2 8 44 190
19 39 19 29 1 36 0 0.00 M M 5.8 15 320 M M 3 128 20 320
20 51 17 34 6 31 0 0.00 M M 4.8 13 240 M M 1 8 20 240
21 59 25 42 14 23 0 0.00 M M 9.2 26 320 M M 0 8 37 310
22 62 21 42 14 23 0 0.00 M M 12.9 31 190 M M 0 47 180
23 58 20 39 12 26 0 T M M 25.5 39 220 M M 7 53 220
24 23 8 16 -11 49 0 0.00 M M 13.9 30 330 M M 0 39 310
25 37 4 21 -6 44 0 0.00 M M 5.0 14 210 M M 0 20 190
26 54 13 34 7 31 0 0.00 M M 3.2 12 140 M M 0 15 130
27 46 19 33 6 32 0 0.00 M M 10.9 28 330 M M 3 35 330
28 37 25 31 4 34 0 0.00 M M 7.9 21 330 M M 5 27 330
29 33 26 30 3 35 0 1.10 M M 9.9 24 140 M M 10 16 31 130
30 34 15 25 -2 40 0 0.00 M M 8.2 20 310 M M 2 1 26 320
31 32 11 22 -5 43 0 0.00 M M 3.3 12 50 M M 3 18 15 70
================================================================================
SM 1410 603 1001 0 1.22 M 224.8 M 85
================================================================================
AV 45.5 19.5 7.3 FASTST M M 3 MAX(MPH)
MISC ----> 39 220 53 220
================================================================================
NOTES:
# LAST OF SEVERAL OCCURRENCES
COLUMN 17 PEAK WIND IN M.P.H.
PRELIMINARY LOCAL CLIMATOLOGICAL DATA (WS FORM: F-6) , PAGE 2
STATION: ST. JOSEPH MO
MONTH: DECEMBER
YEAR: 2020
LATITUDE: 39 46 N
LONGITUDE: 94 55 W
[TEMPERATURE DATA] [PRECIPITATION DATA] SYMBOLS USED IN COLUMN 16
AVERAGE MONTHLY: 32.5 TOTAL FOR MONTH: 1.22 1 = FOG OR MIST
DPTR FM NORMAL: 3.1 DPTR FM NORMAL: -0.30 2 = FOG REDUCING VISIBILITY
HIGHEST: 66 ON 10, 9 GRTST 24HR 1.10 ON 29-29 TO 1/4 MILE OR LESS
LOWEST: 4 ON 25 3 = THUNDER
SNOW, ICE PELLETS, HAIL 4 = ICE PELLETS
TOTAL MONTH: M 5 = HAIL
GRTST 24HR M ON M 6 = FREEZING RAIN OR DRIZZLE
GRTST DEPTH: M ON M 7 = DUSTSTORM OR SANDSTORM:
VSBY 1/2 MILE OR LESS
8 = SMOKE OR HAZE
[NO. OF DAYS WITH] [WEATHER - DAYS WITH] 9 = BLOWING SNOW
X = TORNADO
MAX 32 OR BELOW: 5 0.01 INCH OR MORE: 3
MAX 90 OR ABOVE: 0 0.10 INCH OR MORE: 1
MIN 32 OR BELOW: 30 0.50 INCH OR MORE: 1
MIN 0 OR BELOW: 0 1.00 INCH OR MORE: 1
[HDD (BASE 65) ]
TOTAL THIS MO. 1001 CLEAR (SCALE 0-3) 20
DPTR FM NORMAL -101 PTCLDY (SCALE 4-7) 7
TOTAL FM JUL 1 2080 CLOUDY (SCALE 8-10) 4
DPTR FM NORMAL -132
[CDD (BASE 65) ]
TOTAL THIS MO. 0
DPTR FM NORMAL 0 [PRESSURE DATA]
TOTAL FM JAN 1 1307 HIGHEST SLP 30.52 ON 28
DPTR FM NORMAL 86 LOWEST SLP 29.32 ON 23
[REMARKS]
#FINAL-12-20#