000
CXUS56 KMTR 011100
CF6STS
PRELIMINARY LOCAL CLIMATOLOGICAL DATA (WS FORM: F-6)
STATION: SANTA ROSA AIRPORT
MONTH: FEBRUARY
YEAR: 2022
LATITUDE: 38 30 N
LONGITUDE: 122 49 W
TEMPERATURE IN F: :PCPN: SNOW: WIND :SUNSHINE: SKY :PK WND
================================================================================
1 2 3 4 5 6A 6B 7 8 9 10 11 12 13 14 15 16 17 18
12Z AVG MX 2MIN
DY MAX MIN AVG DEP HDD CDD WTR SNW DPTH SPD SPD DIR MIN PSBL S-S WX SPD DR
================================================================================
1 65 34 50 1 15 0 0.00 M M 11.5 26 10 M M 0 45 320
2 67 34 51 2 14 0 0.00 M M 9.5 21 30 M M 0 30 10
3 67 34 51 2 14 0 0.00 M M 3.6 10 180 M M 1 14 180
4 66 30 48 -1 17 0 0.00 M M 3.0 10 150 M M 0 1 14 150
5 67 35 51 1 14 0 0.00 M M 2.3 10 140 M M 0 1 12 140
6 69 29 49 -1 16 0 0.00 M M 2.4 9 140 M M 1 12 11 150
7 69 36 53 3 12 0 0.00 M M 2.3 9 160 M M 4 12 11 150
8 73 32 53 3 12 0 0.00 M M 3.0 10 150 M M 1 12 14 150
9 76 33 55 5 10 0 0.00 M M 2.4 8 170 M M 2 12 10 340
10 79 38 59 9 6 0 0.00 M M 3.2 12 150 M M 0 14 140
11 78 38 58 8 7 0 0.00 M M 1.9 8 150 M M 0 1 10 180
12 76 38 57 7 8 0 0.00 M M 2.3 9 190 M M 0 12 13 170
13 75 37 56 6 9 0 0.00 M M 3.2 10 190 M M 1 12 12 190
14 59 45 52 2 13 0 0.00 M M 5.8 22 340 M M 7 12 30 330
15 64 39 52 1 13 0 0.00 M M 9.3 20 340 M M 0 24 350
16 75 38 57 6 8 0 0.00 M M 9.7 25 40 M M 0 33 20
17 72 39 56 5 9 0 0.00 M M 4.0 16 350 M M 0 20 360
18 69 36 53 2 12 0 0.00 M M 3.5 10 180 M M 0 16 180
19 73 34 54 3 11 0 0.00 M M 3.7 12 180 M M 0 15 180
20 65 41 53 2 12 0 0.00 M M 5.7 20 310 M M 5 12 27 310
21 58 37 48 -3 17 0 T M M 9.8 23 320 M M 2 33 320
22 55 34 45 -6 20 0 T M M 7.1 20 70 M M 4 26 80
23 58 25 42 -10 23 0 0.00 M M 5.1 16 250 M M 0 24 270
24 57 27 42 -10 23 0 0.00 M M 3.5 15 180 M M 0 22 180
25 62 26 44 -8 21 0 0.00 M M 2.8 15 260 M M 0 1 20 260
26 58 30 44 -8 21 0 T M M 2.6 9 280 M M 4 10 280
27 69 35 52 0 13 0 0.00 M M 3.5 9 350 M M 1 1 12 180
28 75 34 55 3 10 0 0.00 M M 2.9 12 190 M M 0 15 160
================================================================================
SM 1896 968 380 0 T M 129.6 M 33
================================================================================
AV 67.7 34.6 4.6 FASTST M M 1 MAX(MPH)
MISC ----> 26 10 45 320
================================================================================
NOTES:
# LAST OF SEVERAL OCCURRENCES
COLUMN 17 PEAK WIND IN M.P.H.
PRELIMINARY LOCAL CLIMATOLOGICAL DATA (WS FORM: F-6) , PAGE 2
STATION: SANTA ROSA AIRPORT
MONTH: FEBRUARY
YEAR: 2022
LATITUDE: 38 30 N
LONGITUDE: 122 49 W
[TEMPERATURE DATA] [PRECIPITATION DATA] SYMBOLS USED IN COLUMN 16
AVERAGE MONTHLY: 51.1 TOTAL FOR MONTH: T 1 = FOG OR MIST
DPTR FM NORMAL: 0.6 DPTR FM NORMAL: -6.67 2 = FOG REDUCING VISIBILITY
HIGHEST: 79 ON 10 GRTST 24HR T ON 12-12 TO 1/4 MILE OR LESS
LOWEST: 25 ON 23 3 = THUNDER
SNOW, ICE PELLETS, HAIL 4 = ICE PELLETS
TOTAL MONTH: M 5 = HAIL
GRTST 24HR M ON M 6 = FREEZING RAIN OR DRIZZLE
GRTST DEPTH: M ON M 7 = DUSTSTORM OR SANDSTORM:
VSBY 1/2 MILE OR LESS
8 = SMOKE OR HAZE
[NO. OF DAYS WITH] [WEATHER - DAYS WITH] 9 = BLOWING SNOW
X = TORNADO
MAX 32 OR BELOW: 0 0.01 INCH OR MORE: 0
MAX 90 OR ABOVE: 0 0.10 INCH OR MORE: 0
MIN 32 OR BELOW: 7 0.50 INCH OR MORE: 0
MIN 0 OR BELOW: 0 1.00 INCH OR MORE: 0
[HDD (BASE 65) ]
TOTAL THIS MO. 380 CLEAR (SCALE 0-3) 23
DPTR FM NORMAL -25 PTCLDY (SCALE 4-7) 5
TOTAL FM JUL 1 1972 CLOUDY (SCALE 8-10) 0
DPTR FM NORMAL -95
[CDD (BASE 65) ]
TOTAL THIS MO. 0
DPTR FM NORMAL 0 [PRESSURE DATA]
TOTAL FM JAN 1 0 HIGHEST SLP 30.43 ON 4
DPTR FM NORMAL 0 LOWEST SLP 29.83 ON 20
[REMARKS]
#FINAL-02-22#