000
CXUS53 KGRB 240703
CF6SUE
PRELIMINARY LOCAL CLIMATOLOGICAL DATA (WS FORM: F-6)
STATION: STURGEON BAY WI
MONTH: JUNE
YEAR: 2021
LATITUDE: 44 55 N
LONGITUDE: 87 25 W
TEMPERATURE IN F: :PCPN: SNOW: WIND :SUNSHINE: SKY :PK WND
================================================================================
1 2 3 4 5 6A 6B 7 8 9 10 11 12 13 14 15 16 17 18
12Z AVG MX 2MIN
DY MAX MIN AVG DEP HDD CDD WTR SNW DPTH SPD SPD DIR MIN PSBL S-S WX SPD DR
================================================================================
1 70 44 57 M 8 0 M M M 6.3 14 160 M M 2 12 M M
2 75 52 64 M 1 0 M M M 8.3 14 170 M M 6 M M
3 83 59 71 M 0 6 M M M 7.6 14 240 M M 5 20 240
4 91 58 75 M 0 10 M M M 10.6 20 230 M M 0 31 240
5 93 73 83 M 0 18 M M M 15.4 20 230 M M 0 30 240
6 88 68 78 M 0 13 M M M 14.8 23 180 M M 1 32 170
7 86 67 77 M 0 12 M M M 11.7 21 180 M M 1 8 23 180
8 88 64 76 M 0 11 M M M 6.0 12 170 M M 0 18 M M
9 84 60 72 M 0 7 M M M 4.8 8 70 M M 0 8 M M
10 81 64 73 M 0 8 M M M 7.5 12 170 M M 0 8 M M
11 75 60 68 M 0 3 M M M 6.7 14 360 M M 3 1 20 80
12 81 59 70 M 0 5 M M M 5.0 12 330 M M 2 M M
13 85 58 72 M 0 7 M M M 7.6 15 40 M M 2 13 31 10
14 76 57 67 M 0 2 M M M 8.6 15 320 M M 2 M M
15 75 57 66 M 0 1 M M M 10.1 15 340 M M 0 M M
16 74 48 61 M 4 0 M M M 6.3 10 150 M M 0 M M
17 81 57 69 M 0 4 M M M 12.9 24 180 M M 0 38 33 180
18 89 64 77 M 0 12 M M M 10.1 20 280 M M 3 26 290
19 71 58 65 M 0 0 M M M 8.2 15 20 M M 1 1 21 100
20 73 55 64 M 1 0 T M M 5.7 10 150 M M 6 1 M M
21 63 49 56 M 9 0 T M M 13.5 26 330 M M 7 1 37 330
22 68 46 57 M 8 0 T M M 7.9 22 300 M M 4 3 26 230
23 74 54 64 M 1 0 T M M 12.3 20 190 M M 1 24 190
================================================================================
SM 1824 1331 32 119 T M 207.8 M 46
================================================================================
AV 79.3 57.9 9.0 FASTST M M 2 MAX(MPH)
MISC ----> 26 330 37 330
================================================================================
NOTES:
# LAST OF SEVERAL OCCURRENCES
COLUMN 17 PEAK WIND IN M.P.H.
PRELIMINARY LOCAL CLIMATOLOGICAL DATA (WS FORM: F-6) , PAGE 2
STATION: STURGEON BAY WI
MONTH: JUNE
YEAR: 2021
LATITUDE: 44 55 N
LONGITUDE: 87 25 W
[TEMPERATURE DATA] [PRECIPITATION DATA] SYMBOLS USED IN COLUMN 16
AVERAGE MONTHLY: 68.6 TOTAL FOR MONTH: T 1 = FOG OR MIST
DPTR FM NORMAL: 0.0 DPTR FM NORMAL: -0.00 2 = FOG REDUCING VISIBILITY
HIGHEST: 93 ON 5 GRTST 24HR T ON 20-20 TO 1/4 MILE OR LESS
LOWEST: 44 ON 1 3 = THUNDER
SNOW, ICE PELLETS, HAIL 4 = ICE PELLETS
TOTAL MONTH: M 5 = HAIL
GRTST 24HR M ON M 6 = FREEZING RAIN OR DRIZZLE
GRTST DEPTH: M ON M 7 = DUSTSTORM OR SANDSTORM:
VSBY 1/2 MILE OR LESS
8 = SMOKE OR HAZE
[NO. OF DAYS WITH] [WEATHER - DAYS WITH] 9 = BLOWING SNOW
X = TORNADO
MAX 32 OR BELOW: 0 0.01 INCH OR MORE: 0
MAX 90 OR ABOVE: 2 0.10 INCH OR MORE: 0
MIN 32 OR BELOW: 0 0.50 INCH OR MORE: 0
MIN 0 OR BELOW: 0 1.00 INCH OR MORE: 0
[HDD (BASE 65) ]
TOTAL THIS MO. 32 CLEAR (SCALE 0-3) 17
DPTR FM NORMAL M PTCLDY (SCALE 4-7) 6
TOTAL FM JUL 1 7158 CLOUDY (SCALE 8-10) 0
DPTR FM NORMAL 6920
[CDD (BASE 65) ]
TOTAL THIS MO. 119
DPTR FM NORMAL M [PRESSURE DATA]
TOTAL FM JAN 1 140 HIGHEST SLP M ON M
DPTR FM NORMAL 140 LOWEST SLP M ON M
[REMARKS]