000
CXUS53 KFSD 011716
CF6SUX
PRELIMINARY LOCAL CLIMATOLOGICAL DATA (WS FORM: F-6)
STATION: SIOUX CITY IA
MONTH: NOVEMBER
YEAR: 2022
LATITUDE: 42 24 N
LONGITUDE: 96 23 W
TEMPERATURE IN F: :PCPN: SNOW: WIND :SUNSHINE: SKY :PK WND
================================================================================
1 2 3 4 5 6A 6B 7 8 9 10 11 12 13 14 15 16 17 18
12Z AVG MX 2MIN
DY MAX MIN AVG DEP HDD CDD WTR SNW DPTH SPD SPD DIR MIN PSBL S-S WX SPD DR
================================================================================
1 75 35 55 12 10 0 0.00 0.0 0 10.5 23 190 M M 0 34 190
2 78 52 65 23 0 0 0.00 0.0 0 18.4 36 170 M M 0 45 170
3 69 39 54 12 11 0 T 0.0 0 16.6 26 310 M M 9 36 310
4 47 29 38 -3 27 0 0.08 0.0 0 11.7 24 330 M M 5 1 30 340
5 55 23 39 -2 26 0 0.00 0.0 0 10.5 26 200 M M 0 35 190
6 56 25 41 1 24 0 0.00 0.0 0 10.8 23 310 M M 0 30 310
7 50 21 36 -4 29 0 0.00 0.0 0 9.0 18 120 M M 1 25 120
8 60 36 48 9 17 0 0.40 0.0 0 14.7 24 150 M M 9 13 32 160
9 67 44 56 17 9 0 0.02 0.0 0 10.5 21 180 M M 10 1 29 160
10 68 21 45 7 20 0 0.04 0.0 0 20.1 35 320 M M 6 1 47 330
11 26 18 22 -16 43 0 T T 0 19.3 31 320 M M 8 40 330
12 26 19 23 -14 42 0 0.00 0.0 0 10.5 23 320 M M 10 30 320
13 37 13 25 -12 40 0 0.00 0.0 0 9.8 21 130 M M 4 27 130
14 37 18 28 -8 37 0 T T 0 7.8 15 360 M M 7 1 18 10
15 29 18 24 -12 41 0 0.02 0.3 0 12.0 20 320 M M 9 1 27 300
16 28 18 23 -13 42 0 T 0.2 T 13.8 25 310 M M 8 1 38 300
17 31 15 23 -12 42 0 T T T 19.1 35 320 M M 8 1 46 320
18 26 10 18 -17 47 0 0.00 0.0 T 15.4 25 320 M M 3 33 310
19 30 10 20 -14 45 0 0.01 0.2 T 15.3 31 320 M M 6 1 40 340
20 51 9 30 -4 35 0 0.00 0.0 T 7.5 17 270 M M 0 23 290
21 47 14 31 -2 34 0 0.00 0.0 0 4.9 16 340 M M 0 20 340
22 55 16 36 3 29 0 0.00 0.0 0 5.0 10 280 M M 0 15 280
23 57 18 38 6 27 0 0.00 0.0 0 7.4 17 190 M M 0 1 22 180
24 48 22 35 3 30 0 0.00 0.0 0 12.9 26 340 M M 0 12 32 340
25 58 16 37 5 28 0 0.00 0.0 0 6.4 16 220 M M 0 12 19 210
26 63 24 44 13 21 0 0.00 0.0 0 13.2 26 360 M M 0 35 340
27 45 16 31 0 34 0 0.00 0.0 0 10.9 22 350 M M 0 35 340
28 54 16 35 5 30 0 0.00 0.0 0 11.6 20 210 M M 1 26 190
29 37 18 28 -2 37 0 0.16 2.2 T 19.2 32 330 M M 7 12 41 330
30 23 5 14 -16 51 0 0.00 0.0 2 12.3 26 310 M M 0 35 310
================================================================================
SM 1433 638 908 0 0.73 2.9 367.1 M 111
================================================================================
AV 47.8 21.3 12.2 FASTST M M 4 MAX(MPH)
MISC ----> 36 170 47 330
================================================================================
NOTES:
# LAST OF SEVERAL OCCURRENCES
-COLUMN 17 PEAK WIND IN M.P.H.
-PRECIPITATION AMOUNTS IN COLUMNS 7,8 AND 9 ARE THE OFFICIAL
PRECIPITATION AMOUNTS FOR SIOUX CITY, IA.
-SNOW DEPTH IN COLUMN 9 IS RECORDED AT 6 AM CST (12Z).
PRELIMINARY LOCAL CLIMATOLOGICAL DATA (WS FORM: F-6) , PAGE 2
STATION: SIOUX CITY IA
MONTH: NOVEMBER
YEAR: 2022
LATITUDE: 42 24 N
LONGITUDE: 96 23 W
[TEMPERATURE DATA] [PRECIPITATION DATA] SYMBOLS USED IN COLUMN 16
AVERAGE MONTHLY: 34.5 TOTAL FOR MONTH: 0.73 1 = FOG OR MIST
DPTR FM NORMAL: -1.4 DPTR FM NORMAL: -0.54 2 = FOG REDUCING VISIBILITY
HIGHEST: 78 ON 2 GRTST 24HR 0.41 ON 8- 9 TO 1/4 MILE OR LESS
LOWEST: 5 ON 30 3 = THUNDER
SNOW, ICE PELLETS, HAIL 4 = ICE PELLETS
TOTAL MONTH: 2.9 INCHES 5 = HAIL
GRTST 24HR 2.2 ON 29-29 6 = FREEZING RAIN OR DRIZZLE
GRTST DEPTH: 2 ON 30 7 = DUSTSTORM OR SANDSTORM:
VSBY 1/2 MILE OR LESS
8 = SMOKE OR HAZE
[NO. OF DAYS WITH] [WEATHER - DAYS WITH] 9 = BLOWING SNOW
X = TORNADO
MAX 32 OR BELOW: 8 0.01 INCH OR MORE: 7
MAX 90 OR ABOVE: 0 0.10 INCH OR MORE: 2
MIN 32 OR BELOW: 25 0.50 INCH OR MORE: 0
MIN 0 OR BELOW: 0 1.00 INCH OR MORE: 0
[HDD (BASE 65) ]
TOTAL THIS MO. 908 CLEAR (SCALE 0-3) 16
DPTR FM NORMAL 35 PTCLDY (SCALE 4-7) 8
TOTAL FM JUL 1 1401 CLOUDY (SCALE 8-10) 6
DPTR FM NORMAL -71
[CDD (BASE 65) ]
TOTAL THIS MO. 0
DPTR FM NORMAL 0 [PRESSURE DATA]
TOTAL FM JAN 1 1144 HIGHEST SLP 30.60 ON 7
DPTR FM NORMAL 279 LOWEST SLP 29.42 ON 5
[REMARKS]
RECORD HIGH DAILY MAXIMUM TEMPERATURE WAS ESTABLISHED ON THE 1ST WITH
75 DEGREES. THE PREVIOUS RECORD WAS 74 DEGREES IN 1938.
#FINAL-11-22#