000
CXUS53 KFSD 011824
CF6SUX
PRELIMINARY LOCAL CLIMATOLOGICAL DATA (WS FORM: F-6)
STATION: SIOUX CITY IA
MONTH: NOVEMBER
YEAR: 2020
LATITUDE: 42 24 N
LONGITUDE: 96 23 W
TEMPERATURE IN F: :PCPN: SNOW: WIND :SUNSHINE: SKY :PK WND
================================================================================
1 2 3 4 5 6A 6B 7 8 9 10 11 12 13 14 15 16 17 18
12Z AVG MX 2MIN
DY MAX MIN AVG DEP HDD CDD WTR SNW DPTH SPD SPD DIR MIN PSBL S-S WX SPD DR
================================================================================
1 47 23 35 -9 30 0 0.00 0.0 0 10.8 30 330 M M 0 40 320
2 70 23 47 4 18 0 0.00 0.0 0 5.6 12 210 M M 0 16 220
3 79 32 56 13 9 0 0.00 0.0 0 8.1 15 210 M M 0 20 200
4 73 30 52 10 13 0 0.00 0.0 0 3.8 9 130 M M 0 12 160
5 77 34 56 14 9 0 0.00 0.0 0 5.0 12 320 M M 0 16 330
6 77 37 57 16 8 0 0.00 0.0 0 12.7 24 190 M M 0 1 36 170
7 75 57 66 25 0 1 0.00 0.0 0 20.4 29 170 M M 0 40 170
8 74 56 65 25 0 0 0.00 0.0 0 20.7 35 170 M M 3 49 190
9 66 31 49 9 16 0 0.54 0.0 0 17.2 26 320 M M 10 136 35 320
10 32 14 23 -16 42 0 0.74 3.0 0 11.9 22 320 M M 8 126 31 30
11 38 14 26 -12 39 0 0.00 0.0 3 6.0 10 130 M M 0 1 13 150
12 31 13 22 -16 43 0 T T 3 10.1 23 330 M M 3 1 31 320
13 41 12 27 -10 38 0 0.00 0.0 2 10.8 24 180 M M 0 33 170
14 45 29 37 0 28 0 T 0.0 1 10.5 32 310 M M 3 46 330
15 47 21 34 -2 31 0 0.00 0.0 0 15.0 31 320 M M 2 47 320
16 57 20 39 3 26 0 0.00 0.0 0 8.1 25 320 M M 0 34 330
17 52 20 36 1 29 0 0.00 0.0 0 9.0 21 150 M M 3 29 150
18 65 34 50 16 15 0 0.00 0.0 0 13.0 25 200 M M 0 33 190
19 66 38 52 18 13 0 0.00 0.0 0 7.1 16 340 M M 0 20 330
20 56 32 44 11 21 0 0.00 0.0 0 6.5 16 330 M M 2 19 340
21 46 20 33 0 32 0 0.02 0.0 0 5.3 12 160 M M 4 1 15 170
22 47 22 35 3 30 0 T 0.0 0 7.6 21 310 M M 1 27 320
23 37 18 28 -4 37 0 T 0.0 0 12.1 23 160 M M 7 1 29 150
24 40 33 37 6 28 0 0.79 0.0 0 9.8 20 330 M M 10 1 26 340
25 34 29 32 2 33 0 0.00 0.0 0 9.4 16 350 M M 10 1 22 350
26 42 23 33 3 32 0 0.00 0.0 0 9.5 18 320 M M 2 1 23 330
27 49 23 36 7 29 0 0.00 0.0 0 5.2 12 240 M M 0 1 14 250
28 56 22 39 10 26 0 0.00 0.0 0 5.6 12 220 M M 0 14 220
29 38 23 31 3 34 0 0.00 0.0 0 19.6 35 340 M M 0 44 320
30 40 9 25 -3 40 0 0.00 0.0 0 5.5 12 110 M M 0 16 310
================================================================================
SM 1597 792 749 1 2.09 3.0 301.9 M 68
================================================================================
AV 53.2 26.4 10.1 FASTST M M 2 MAX(MPH)
MISC ----> # 35 170 49 190
================================================================================
NOTES:
# LAST OF SEVERAL OCCURRENCES
-COLUMN 17 PEAK WIND IN M.P.H.
-PRECIPITATION AMOUNTS IN COLUMNS 7,8, AND 9 ARE THE OFFICIAL PRECIPITATION
AMOUNTS FOR SIOUX CITY, IA.
-SNOW DEPTH IN COLUMN 9 IS RECORDED AT 6 AM CST (12Z).
PRELIMINARY LOCAL CLIMATOLOGICAL DATA (WS FORM: F-6) , PAGE 2
STATION: SIOUX CITY IA
MONTH: NOVEMBER
YEAR: 2020
LATITUDE: 42 24 N
LONGITUDE: 96 23 W
[TEMPERATURE DATA] [PRECIPITATION DATA] SYMBOLS USED IN COLUMN 16
AVERAGE MONTHLY: 39.8 TOTAL FOR MONTH: 2.09 1 = FOG OR MIST
DPTR FM NORMAL: 4.0 DPTR FM NORMAL: 0.78 2 = FOG REDUCING VISIBILITY
HIGHEST: 79 ON 3 GRTST 24HR 1.13 ON 9-10 TO 1/4 MILE OR LESS
LOWEST: 9 ON 30 3 = THUNDER
SNOW, ICE PELLETS, HAIL 4 = ICE PELLETS
TOTAL MONTH: 3.0 INCHES 5 = HAIL
GRTST 24HR 3.0 ON 10-10 6 = FREEZING RAIN OR DRIZZLE
GRTST DEPTH: 3 ON 12,11 7 = DUSTSTORM OR SANDSTORM:
VSBY 1/2 MILE OR LESS
8 = SMOKE OR HAZE
[NO. OF DAYS WITH] [WEATHER - DAYS WITH] 9 = BLOWING SNOW
X = TORNADO
MAX 32 OR BELOW: 2 0.01 INCH OR MORE: 4
MAX 90 OR ABOVE: 0 0.10 INCH OR MORE: 3
MIN 32 OR BELOW: 23 0.50 INCH OR MORE: 3
MIN 0 OR BELOW: 0 1.00 INCH OR MORE: 0
[HDD (BASE 65) ]
TOTAL THIS MO. 749 CLEAR (SCALE 0-3) 24
DPTR FM NORMAL -127 PTCLDY (SCALE 4-7) 3
TOTAL FM JUL 1 1468 CLOUDY (SCALE 8-10) 3
DPTR FM NORMAL -8
[CDD (BASE 65) ]
TOTAL THIS MO. 1
DPTR FM NORMAL 1 [PRESSURE DATA]
TOTAL FM JAN 1 1062 HIGHEST SLP 30.59 ON 21
DPTR FM NORMAL 193 LOWEST SLP 29.42 ON 14
[REMARKS]
RECORD DAILY HIGH MINIMUM TEMPERATURE WAS ESTABLISHED 0N THE 7TH WITH A LOW
OF 57 DEGREES. THE PREVIOUS RECORD WAS 54 DEGREES IN 1977.
RECORD DAILY HIGH MINIMUM TEMPERATURE WAS ESTABLISHED 0N THE 8TH WITH A LOW
OF 56 DEGREES. THE PREVIOUS RECORD WAS 47 DEGREES IN 1903.
#FINAL-11-20#