000
CXUS54 KEPZ 011130
CF6SVC
PRELIMINARY LOCAL CLIMATOLOGICAL DATA (WS FORM: F-6)
STATION: SILVER CITY
MONTH: DECEMBER
YEAR: 2020
LATITUDE: 32 37 N
LONGITUDE: 108 10 W
TEMPERATURE IN F: :PCPN: SNOW: WIND :SUNSHINE: SKY :PK WND
================================================================================
1 2 3 4 5 6A 6B 7 8 9 10 11 12 13 14 15 16 17 18
12Z AVG MX 2MIN
DY MAX MIN AVG DEP HDD CDD WTR SNW DPTH SPD SPD DIR MIN PSBL S-S WX SPD DR
================================================================================
1 56 21 39 M 26 0 0.00 M M 12.9 25 280 M M 0 25 290
2 45 14 30 M 35 0 0.00 M M 8.6 16 80 M M 1 28 120
3 44 10 27 M 38 0 0.00 M M 8.1 17 80 M M 2 23 90
4 53 13 33 M 32 0 0.00 M M 8.3 17 70 M M 0 26 180
5 58 20 39 M 26 0 0.00 M M 7.6 16 90 M M 0 21 90
6 59 25 42 M 23 0 0.00 M M 7.2 12 350 M M 0 M M
7 61 19 40 M 25 0 0.00 M M 8.6 18 120 M M 0 22 120
8 61 22 42 M 23 0 0.00 M M 8.1 14 110 M M 0 18 100
9 64 25 45 M 20 0 0.01 M M 6.5 13 360 M M 3 M M
10 M 40 M M M M M M M 7.6 16 210 M M 7 27 200
11 51 33 42 M 23 0 0.00 M M 13.3 26 280 M M 2 32 280
12 54 26 40 M 25 0 0.00 M M 10.5 22 280 M M 1 32 280
13 44 21 33 M 32 0 0.00 M M 7.8 22 300 M M 0 30 300
14 47 19 33 M 32 0 0.00 M M 7.1 23 300 M M 1 29 290
15 47 25 36 M 29 0 0.00 M M 13.8 20 290 M M 0 25 310
16 49 18 34 M 31 0 0.00 M M 7.1 14 320 M M 0 M M
17 51 20 36 M 29 0 0.00 M M 6.0 10 350 M M 0 M M
18 54 26 40 M 25 0 0.00 M M 12.1 23 280 M M 0 27 280
19 54 20 37 M 28 0 0.00 M M 9.1 16 290 M M 0 17 300
20 55 19 37 M 28 0 0.00 M M 7.0 13 350 M M 2 M M
21 58 22 40 M 25 0 0.00 M M 7.2 10 360 M M 1 M M
22 60 26 43 M 22 0 0.00 M M 11.6 23 290 M M 2 28 280
23 55 26 41 M 24 0 0.00 M M 15.8 28 300 M M 0 40 300
24 38 15 27 M 38 0 0.00 M M 6.1 13 360 M M 0 M M
25 49 16 33 M 32 0 0.00 M M 6.0 10 270 M M 1 M M
26 60 21 41 M 24 0 0.00 M M 12.0 20 300 M M 0 25 280
27 61 27 44 M 21 0 0.00 M M 10.3 16 310 M M 0 22 310
28 63 30 47 M 18 0 0.00 M M 8.0 18 210 M M 2 33 170
29 48 26 37 M 28 0 0.00 M M 11.5 21 270 M M 4 30 270
30 48 17 33 M 32 0 0.00 M M 8.5 17 50 M M 0 22 50
31 46 13 30 M 35 0 0.00 M M 6.9 14 290 M M 1 18 280
================================================================================
SM 1593 675 829 0 0.01 M 281.2 M 30
================================================================================
AV 53.1 21.8 9.1 FASTST M M 1 MAX(MPH)
MISC ----> 28 300 40 300
================================================================================
NOTES:
# LAST OF SEVERAL OCCURRENCES
COLUMN 17 PEAK WIND IN M.P.H.
PRELIMINARY LOCAL CLIMATOLOGICAL DATA (WS FORM: F-6) , PAGE 2
STATION: SILVER CITY
MONTH: DECEMBER
YEAR: 2020
LATITUDE: 32 37 N
LONGITUDE: 108 10 W
[TEMPERATURE DATA] [PRECIPITATION DATA] SYMBOLS USED IN COLUMN 16
AVERAGE MONTHLY: 37.4 TOTAL FOR MONTH: 0.01 1 = FOG OR MIST
DPTR FM NORMAL: 0.0 DPTR FM NORMAL: M 2 = FOG REDUCING VISIBILITY
HIGHEST: 64 ON 9 GRTST 24HR 0.01 ON 9- 9 TO 1/4 MILE OR LESS
LOWEST: 10 ON 3 3 = THUNDER
SNOW, ICE PELLETS, HAIL 4 = ICE PELLETS
TOTAL MONTH: M 5 = HAIL
GRTST 24HR M ON M 6 = FREEZING RAIN OR DRIZZLE
GRTST DEPTH: M ON M 7 = DUSTSTORM OR SANDSTORM:
VSBY 1/2 MILE OR LESS
8 = SMOKE OR HAZE
[NO. OF DAYS WITH] [WEATHER - DAYS WITH] 9 = BLOWING SNOW
X = TORNADO
MAX 32 OR BELOW: 0 0.01 INCH OR MORE: 1
MAX 90 OR ABOVE: 0 0.10 INCH OR MORE: 0
MIN 32 OR BELOW: 29 0.50 INCH OR MORE: 0
MIN 0 OR BELOW: 0 1.00 INCH OR MORE: 0
[HDD (BASE 65) ]
TOTAL THIS MO. 829 CLEAR (SCALE 0-3) 29
DPTR FM NORMAL M PTCLDY (SCALE 4-7) 2
TOTAL FM JUL 1 1446 CLOUDY (SCALE 8-10) 0
DPTR FM NORMAL M
[CDD (BASE 65) ]
TOTAL THIS MO. 0
DPTR FM NORMAL M [PRESSURE DATA]
TOTAL FM JAN 1 1369 HIGHEST SLP M ON M
DPTR FM NORMAL M LOWEST SLP M ON M
[REMARKS]
#FINAL-12-20#