000
CXUS54 KOUN 010700
CF6SWO
PRELIMINARY LOCAL CLIMATOLOGICAL DATA (WS FORM: F-6)
STATION: STILLWATER
MONTH: MAY
YEAR: 2020
LATITUDE: 36 10 N
LONGITUDE: 97 5 W
TEMPERATURE IN F: :PCPN: SNOW: WIND :SUNSHINE: SKY :PK WND
================================================================================
1 2 3 4 5 6A 6B 7 8 9 10 11 12 13 14 15 16 17 18
12Z AVG MX 2MIN
DY MAX MIN AVG DEP HDD CDD WTR SNW DPTH SPD SPD DIR MIN PSBL S-S WX SPD DR
================================================================================
1 91 62 77 13 0 12 0.00 0.0 M 16.0 28 190 M M 0 38 190
2 89 66 78 13 0 13 0.00 0.0 0 10.2 20 170 M M 0 24 170
3 79 64 72 7 0 7 0.01 0.0 0 9.8 21 30 M M 8 1 25 30
4 92 64 78 13 0 13 0.00 0.0 0 13.5 23 210 M M 4 29 190
5 78 49 64 -2 1 0 0.00 0.0 0 8.3 23 360 M M 0 30 10
6 77 47 62 -4 3 0 0.00 0.0 0 6.8 15 40 M M 0 19 20
7 75 53 64 -2 1 0 1.06 0.0 0 12.2 26 140 M M 4 13 35 130
8 69 44 57 -9 8 0 0.14 0.0 0 13.4 31 20 M M 4 13 39 10
9 70 37 54 -13 11 0 0.00 0.0 0 4.1 13 150 M M 0 16 150
10 65 48 57 -10 8 0 T M 0 6.8 17 10 M M 8 22 20
11 59 47 53 -14 12 0 0.08 0.0 0 11.9 24 60 M M 10 28 70
12 54 47 51 -17 14 0 0.10 0.0 0 9.7 17 80 M M 10 1 22 40
13 75 52 64 -4 1 0 0.18 0.0 0 11.5 25 160 M M 8 138 35 170
14 86 67 77 9 0 12 T 0.0 0 15.0 26 200 M M 3 38 200
15 75 61 68 0 0 3 0.18 0.0 0 10.4 32 50 M M 5 1 41 30
16 73 58 66 -3 0 1 0.01 0.0 0 4.3 12 80 M M 2 15 80
17 72 64 68 -1 0 3 0.00 0.0 M 14.7 18 340 M M 0 23 340
18 82 54 68 -1 0 3 0.00 0.0 0 6.5 14 360 M M 0 18 350
19 79 55 67 -3 0 2 0.00 0.0 0 8.5 15 60 M M 0 23 50
20 80 52 66 -4 0 1 0.00 0.0 0 8.9 16 80 M M 0 21 80
21 76 64 70 0 0 5 T 0.0 0 9.3 17 90 M M 9 18 21 90
22 86 61 74 4 0 9 0.75 0.0 0 9.3 39 330 M M 6 13 53 330
23 87 69 78 7 0 13 0.00 0.0 0 10.8 22 150 M M 1 1 28 150
24 86 65 76 5 0 11 0.12 0.0 0 12.5 24 180 M M 4 3 33 210
25 76 64 70 -1 0 5 0.72 0.0 0 6.8 16 30 M M 8 1 20 120
26 75 59 67 -4 0 2 0.01 0.0 0 5.5 14 320 M M 8 1 19 320
27 78 56 67 -5 0 2 0.03 0.0 0 3.3 12 30 M M 5 12 15 10
28 77 61 69 -3 0 4 0.28 0.0 0 5.1 17 50 M M 7 13 20 50
29 84 57 71 -1 0 6 0.00 0.0 0 5.3 15 50 M M 0 12 18 50
30 84 56 70 -2 0 5 0.00 0.0 0 6.6 17 150 M M 0 22 150
31 86 58 72 -1 0 7 0.00 0.0 0 7.4 17 150 M M 0 23 160
================================================================================
SM 2415 1761 59 139 3.67 0.0 284.4 M 114
================================================================================
AV 77.9 56.8 9.2 FASTST M M 4 MAX(MPH)
MISC ----> # 39 330 # 53 330
================================================================================
NOTES:
# LAST OF SEVERAL OCCURRENCES
COLUMN 17 PEAK WIND IN M.P.H.
PRELIMINARY LOCAL CLIMATOLOGICAL DATA (WS FORM: F-6) , PAGE 2
STATION: STILLWATER
MONTH: MAY
YEAR: 2020
LATITUDE: 36 10 N
LONGITUDE: 97 5 W
[TEMPERATURE DATA] [PRECIPITATION DATA] SYMBOLS USED IN COLUMN 16
AVERAGE MONTHLY: 67.4 TOTAL FOR MONTH: 3.67 1 = FOG OR MIST
DPTR FM NORMAL: -1.2 DPTR FM NORMAL: -1.48 2 = FOG REDUCING VISIBILITY
HIGHEST: 92 ON 4 GRTST 24HR 1.06 ON 7- 7 TO 1/4 MILE OR LESS
LOWEST: 37 ON 9 3 = THUNDER
SNOW, ICE PELLETS, HAIL 4 = ICE PELLETS
TOTAL MONTH: 0.0 INCH 5 = HAIL
GRTST 24HR 0.0 6 = FREEZING RAIN OR DRIZZLE
GRTST DEPTH: 0 7 = DUSTSTORM OR SANDSTORM:
VSBY 1/2 MILE OR LESS
8 = SMOKE OR HAZE
[NO. OF DAYS WITH] [WEATHER - DAYS WITH] 9 = BLOWING SNOW
X = TORNADO
MAX 32 OR BELOW: 0 0.01 INCH OR MORE: 14
MAX 90 OR ABOVE: 2 0.10 INCH OR MORE: 9
MIN 32 OR BELOW: 0 0.50 INCH OR MORE: 3
MIN 0 OR BELOW: 0 1.00 INCH OR MORE: 1
[HDD (BASE 65) ]
TOTAL THIS MO. 59 CLEAR (SCALE 0-3) 15
DPTR FM NORMAL 17 PTCLDY (SCALE 4-7) 12
TOTAL FM JUL 1 3364 CLOUDY (SCALE 8-10) 4
DPTR FM NORMAL -418
[CDD (BASE 65) ]
TOTAL THIS MO. 139
DPTR FM NORMAL -15 [PRESSURE DATA]
TOTAL FM JAN 1 220 HIGHEST SLP M ON M
DPTR FM NORMAL 10 LOWEST SLP 28.77 ON 31
[REMARKS]
#FINAL-05-20#