000
CXUS51 KBGM 011321 AAA
CF6SYR
PRELIMINARY LOCAL CLIMATOLOGICAL DATA (WS FORM: F-6)
STATION: SYRACUSE NY
MONTH: OCTOBER
YEAR: 2023
LATITUDE: 43 7 N
LONGITUDE: 76 7 W
TEMPERATURE IN F: :PCPN: SNOW: WIND :SUNSHINE: SKY :PK WND
================================================================================
1 2 3 4 5 6A 6B 7 8 9 10 11 12 13 14 15 16 17 18
12Z AVG MX 2MIN
DY MAX MIN AVG DEP HDD CDD WTR SNW DPTH SPD SPD DIR MIN PSBL S-S WX SPD DR
================================================================================
1 79 55 67 10 0 2 0.00 0.0 0 2.8 13 300 M M 6 18 17 300
2 80 55 68 12 0 3 0.00 0.0 0 2.3 9 330 M M 2 1 13 300
3 84 58 71 15 0 6 0.00 0.0 0 3.5 10 320 M M 1 1 17 270
4 89 57 73 17 0 8 0.00 0.0 0 4.1 13 180 M M 1 18 16 190
5 85 59 72 17 0 7 0.00 0.0 0 9.4 21 150 M M 6 26 150
6 75 65 70 15 0 5 0.19 0.0 0 7.9 18 200 M M 9 1 24 200
7 65 49 57 3 8 0 0.43 0.0 0 5.9 16 270 M M 9 18 22 260
8 60 49 55 1 10 0 0.02 0.0 0 19.2 32 240 M M 8 44 240
9 59 49 54 0 11 0 0.00 0.0 0 11.6 24 240 M M 9 34 240
10 58 47 53 0 12 0 T 0.0 0 6.3 21 250 M M 10 27 270
11 62 49 56 3 9 0 0.01 0.0 0 7.5 16 250 M M 10 22 250
12 64 43 54 1 11 0 T 0.0 0 6.0 15 330 M M 6 20 310
13 61 42 52 0 13 0 0.00 0.0 0 3.8 12 310 M M 7 16 250
14 56 45 51 -1 14 0 0.00 0.0 0 2.5 8 320 M M 9 9 320
15 53 45 49 -3 16 0 0.17 0.0 0 7.2 16 330 M M 9 1 23 280
16 62 49 56 5 9 0 T 0.0 0 9.4 21 340 M M 9 1 28 330
17 59 47 53 2 12 0 0.02 0.0 0 3.9 13 270 M M 10 16 270
18 59 46 53 3 12 0 0.00 0.0 0 2.9 9 260 M M 10 12 230
19 65 41 53 3 12 0 0.00 0.0 0 8.1 18 160 M M 6 26 170
20 69 56 63 13 2 0 0.58 0.0 0 10.1 22 160 M M 8 1 32 170
21 56 47 52 3 13 0 0.10 0.0 0 12.6 25 280 M M 10 1 37 280
22 47 42 45 -4 20 0 0.22 0.0 0 12.0 22 300 M M 10 1 31 300
23 56 40 48 -1 17 0 0.00 0.0 0 6.4 14 260 M M 6 20 280
24 70 40 55 7 10 0 0.00 0.0 0 5.9 13 200 M M 7 18 190
25 77 56 67 19 0 2 T 0.0 0 4.7 15 240 M M 8 20 260
26 71 59 65 17 0 0 0.05 0.0 0 4.4 13 230 M M 10 16 230
27 78 58 68 21 0 3 0.04 0.0 0 5.1 14 220 M M 8 18 21 230
28 68 45 57 10 8 0 0.12 0.0 0 9.5 22 280 M M 7 18 31 280
29 48 44 46 -1 19 0 0.05 0.0 0 6.9 17 70 M M 10 25 90
30 47 39 43 -3 22 0 0.47 0.0 0 6.7 16 280 M M 10 1 22 280
31 44 36 40 -6 25 0 T T 0 5.1 13 230 M M 9 45 18 230
================================================================================
SM 2006 1512 285 36 2.47 T 213.7 M 240
================================================================================
AV 64.7 48.8 6.9 FASTST M M 8 MAX(MPH)
MISC ----> 32 240 44 240
================================================================================
NOTES:
# LAST OF SEVERAL OCCURRENCES
COLUMN 17 PEAK WIND IN M.P.H.
PRELIMINARY LOCAL CLIMATOLOGICAL DATA (WS FORM: F-6) , PAGE 2
STATION: SYRACUSE NY
MONTH: OCTOBER
YEAR: 2023
LATITUDE: 43 7 N
LONGITUDE: 76 7 W
[TEMPERATURE DATA] [PRECIPITATION DATA] SYMBOLS USED IN COLUMN 16
AVERAGE MONTHLY: 56.7 TOTAL FOR MONTH: 2.47 1 = FOG OR MIST
DPTR FM NORMAL: 5.4 DPTR FM NORMAL: -1.42 2 = FOG REDUCING VISIBILITY
HIGHEST: 89 ON 4 GRTST 24HR 0.65 ON 20-21 TO 1/4 MILE OR LESS
LOWEST: 36 ON 31 3 = THUNDER
SNOW, ICE PELLETS, HAIL 4 = ICE PELLETS
TOTAL MONTH: T 5 = HAIL
GRTST 24HR T ON 31-31 6 = FREEZING RAIN OR DRIZZLE
GRTST DEPTH: 0 7 = DUSTSTORM OR SANDSTORM:
VSBY 1/2 MILE OR LESS
8 = SMOKE OR HAZE
[NO. OF DAYS WITH] [WEATHER - DAYS WITH] 9 = BLOWING SNOW
X = TORNADO
MAX 32 OR BELOW: 0 0.01 INCH OR MORE: 14
MAX 90 OR ABOVE: 0 0.10 INCH OR MORE: 8
MIN 32 OR BELOW: 0 0.50 INCH OR MORE: 1
MIN 0 OR BELOW: 0 1.00 INCH OR MORE: 0
[HDD (BASE 65) ]
TOTAL THIS MO. 285 CLEAR (SCALE 0-3) 3
DPTR FM NORMAL -146 PTCLDY (SCALE 4-7) 11
TOTAL FM JUL 1 360 CLOUDY (SCALE 8-10) 17
DPTR FM NORMAL -218
[CDD (BASE 65) ]
TOTAL THIS MO. 36
DPTR FM NORMAL 31 [PRESSURE DATA]
TOTAL FM JAN 1 766 HIGHEST SLP 30.30 ON 1
DPTR FM NORMAL 147 LOWEST SLP 29.33 ON 21
[REMARKS]
#FINAL-10-23#
6TH WARMEST OCTOBER
89 DEGREES ON DAY 04 WAS THE WARMEST EVER FOR OCTOBER
OLD RECORD 88 ON 10/01/2019
TAC