000
CXUS54 KBMX 251010
CF6TCL
PRELIMINARY LOCAL CLIMATOLOGICAL DATA (WS FORM: F-6)
STATION: TUSCALOOSA
MONTH: APRIL
YEAR: 2024
LATITUDE: 33 13 N
LONGITUDE: 87 37 W
TEMPERATURE IN F: :PCPN: SNOW: WIND :SUNSHINE: SKY :PK WND
================================================================================
1 2 3 4 5 6A 6B 7 8 9 10 11 12 13 14 15 16 17 18
12Z AVG MX 2MIN
DY MAX MIN AVG DEP HDD CDD WTR SNW DPTH SPD SPD DIR MIN PSBL S-S WX SPD DR
================================================================================
1 79 66 73 13 0 8 0.00 0.0 M 8.5 16 200 M M 7 21 200
2 81 65 73 12 0 8 0.11 0.0 M 10.8 24 200 M M 6 13 32 200
3 67 46 57 -4 8 0 0.00 0.0 0 10.4 23 270 M M 4 37 270
4 69 40 55 -6 10 0 0.00 0.0 M 7.8 24 250 M M 0 34 250
5 68 39 54 -7 11 0 0.00 0.0 M 6.0 15 300 M M 0 22 310
6 69 39 54 -8 11 0 0.00 0.0 M 3.3 13 40 M M 0 18 40
7 80 42 61 -1 4 0 0.00 0.0 0 6.3 17 180 M M 1 23 200
8 78 61 70 8 0 5 0.07 0.0 0 7.3 15 170 M M 6 138 21 200
9 66 57 62 0 3 0 0.39 0.0 0 5.7 12 100 M M 9 1 21 100
10 71 61 66 4 0 1 0.49 0.0 0 7.4 22 120 M M 6 13 39 120
11 65 50 58 -5 7 0 0.17 0.0 0 9.9 24 250 M M 7 1 38 280
12 73 45 59 -4 6 0 0.00 0.0 0 6.6 21 270 M M 0 33 300
13 83 41 62 -1 3 0 0.00 0.0 0 2.0 12 260 M M 0 22 280
14 84 51 68 5 0 3 T 0.0 0 4.0 16 220 M M 0 21 200
15 83 54 69 5 0 4 0.00 0.0 0 4.0 14 220 M M 0 18 220
16 81 61 71 7 0 6 0.00 0.0 0 7.8 16 200 M M 2 23 120
17 76 64 70 6 0 5 0.13 0.0 0 4.7 13 190 M M 6 13 17 180
18 79 64 72 8 0 7 0.10 0.0 0 4.7 18 180 M M 6 12 25 170
19 81 62 72 8 0 7 0.00 0.0 0 3.0 9 240 M M 7 128 12 220
20 68 53 61 -4 4 0 0.48 0.0 0 7.8 20 360 M M 8 13 26 360
21 65 48 57 -8 8 0 0.31 0.0 0 9.4 18 30 M M 5 1 26 360
22 70 41 56 -9 9 0 0.00 0.0 0 4.1 16 20 M M 0 23 20
23 75 40 58 -8 7 0 0.00 0.0 0 4.4 17 210 M M 0 26 220
24 78 51 65 -1 0 0 0.00 0.0 M 3.4 12 260 M M 4 1 16 250
================================================================================
SM 1789 1241 91 54 2.25 0.0 149.3 M 84
================================================================================
AV 74.5 51.7 6.2 FASTST M M 4 MAX(MPH)
MISC ----> # 24 200 39 120
================================================================================
NOTES:
# LAST OF SEVERAL OCCURRENCES
COLUMN 17 PEAK WIND IN M.P.H.
PRELIMINARY LOCAL CLIMATOLOGICAL DATA (WS FORM: F-6) , PAGE 2
STATION: TUSCALOOSA
MONTH: APRIL
YEAR: 2024
LATITUDE: 33 13 N
LONGITUDE: 87 37 W
[TEMPERATURE DATA] [PRECIPITATION DATA] SYMBOLS USED IN COLUMN 16
AVERAGE MONTHLY: 63.1 TOTAL FOR MONTH: 2.25 1 = FOG OR MIST
DPTR FM NORMAL: 0.1 DPTR FM NORMAL: -1.84 2 = FOG REDUCING VISIBILITY
HIGHEST: 84 ON 14 GRTST 24HR 0.79 ON 20-21 TO 1/4 MILE OR LESS
LOWEST: 39 ON 6, 5 3 = THUNDER
SNOW, ICE PELLETS, HAIL 4 = ICE PELLETS
TOTAL MONTH: 0.0 INCH 5 = HAIL
GRTST 24HR 0.0 6 = FREEZING RAIN OR DRIZZLE
GRTST DEPTH: 0 7 = DUSTSTORM OR SANDSTORM:
VSBY 1/2 MILE OR LESS
8 = SMOKE OR HAZE
[NO. OF DAYS WITH] [WEATHER - DAYS WITH] 9 = BLOWING SNOW
X = TORNADO
MAX 32 OR BELOW: 0 0.01 INCH OR MORE: 9
MAX 90 OR ABOVE: 0 0.10 INCH OR MORE: 8
MIN 32 OR BELOW: 0 0.50 INCH OR MORE: 0
MIN 0 OR BELOW: 0 1.00 INCH OR MORE: 0
[HDD (BASE 65) ]
TOTAL THIS MO. 91 CLEAR (SCALE 0-3) 11
DPTR FM NORMAL -6 PTCLDY (SCALE 4-7) 11
TOTAL FM JUL 1 2146 CLOUDY (SCALE 8-10) 2
DPTR FM NORMAL -236
[CDD (BASE 65) ]
TOTAL THIS MO. 54
DPTR FM NORMAL 5 [PRESSURE DATA]
TOTAL FM JAN 1 69 HIGHEST SLP M ON M
DPTR FM NORMAL -10 LOWEST SLP 29.51 ON 10
[REMARKS]