000
CXUS52 KTAE 010800
CF6TLH
PRELIMINARY LOCAL CLIMATOLOGICAL DATA (WS FORM: F-6)
STATION: TALLAHASSEE
MONTH: JUNE
YEAR: 2020
LATITUDE: 30 22 N
LONGITUDE: 84 22 W
TEMPERATURE IN F: :PCPN: SNOW: WIND :SUNSHINE: SKY :PK WND
================================================================================
1 2 3 4 5 6A 6B 7 8 9 10 11 12 13 14 15 16 17 18
12Z AVG MX 2MIN
DY MAX MIN AVG DEP HDD CDD WTR SNW DPTH SPD SPD DIR MIN PSBL S-S WX SPD DR
================================================================================
1 92 70 81 3 0 16 0.00 0.0 0 9.1 20 100 M M 7 24 110
2 88 74 81 3 0 16 0.00 0.0 0 8.0 18 100 M M 9 23 100
3 83 72 78 -1 0 13 0.00 0.0 0 4.4 9 180 M M 7 13 100
4 89 72 81 2 0 16 T 0.0 0 4.0 13 110 M M 7 17 180
5 87 69 78 -1 0 13 0.00 0.0 0 3.4 16 180 M M 6 18 21 190
6 78 73 76 -3 0 11 1.39 0.0 0 7.7 17 90 M M 9 1 30 130
7 81 73 77 -2 0 12 2.87 0.0 0 9.9 16 90 M M 10 123 21 170
8 91 77 84 4 0 19 0.04 0.0 0 9.1 18 200 M M 8 1 27 210
9 81 75 78 -2 0 13 1.58 0.0 0 3.3 18 120 M M 9 13 20 120
10 89 73 81 1 0 16 1.30 0.0 0 4.2 31 270 M M 5 13 40 260
11 90 69 80 0 0 15 0.03 0.0 0 2.3 15 200 M M 6 13 21 170
12 93 72 83 3 0 18 0.92 0.0 0 6.0 24 90 M M 5 13 30 80
13 90 69 80 0 0 15 0.00 0.0 0 6.8 14 90 M M 3 19 90
14 90 68 79 -1 0 14 0.00 0.0 0 6.6 15 60 M M 1 20 50
15 91 65 78 -2 0 13 0.06 0.0 0 4.2 15 340 M M 3 21 360
16 85 68 77 -3 0 12 0.00 0.0 0 7.8 14 50 M M 4 19 50
17 84 66 75 -6 0 10 0.00 0.0 0 3.2 9 80 M M 6 13 60
18 91 64 78 -3 0 13 0.00 0.0 0 3.0 10 220 M M 4 13 50
19 94 68 81 0 0 16 0.00 0.0 0 2.4 9 200 M M 3 15 60
20 95 68 82 1 0 17 0.00 0.0 0 3.3 15 200 M M 3 1 19 180
21 94 68 81 0 0 16 0.00 0.0 0 4.5 13 210 M M 3 1 16 210
22 93 67 80 -1 0 15 T 0.0 0 4.5 24 280 M M 3 13 31 260
23 92 70 81 0 0 16 0.92 0.0 0 4.5 36 300 M M 5 138 45 270
24 93 72 83 2 0 18 0.07 0.0 0 4.9 16 180 M M 6 123 22 170
25 93 74 84 3 0 19 T 0.0 0 3.8 17 340 M M 7 38 20 330
26 93 73 83 2 0 18 0.00 0.0 0 3.5 9 160 M M 9 8 12 150
27 96 74 85 4 0 20 0.01 0.0 0 4.0 25 200 M M 5 3 35 200
28 95 73 84 2 0 19 0.00 0.0 0 4.9 15 230 M M 5 1 19 210
29 95 73 84 2 0 19 0.09 0.0 0 5.1 22 290 M M 3 13 26 290
30 97 74 86 4 0 21 0.10 0.0 0 6.0 23 300 M M 6 3 31 10
================================================================================
SM 2703 2123 0 469 9.38 0.0 154.4 M 167
================================================================================
AV 90.1 70.8 5.1 FASTST M M 6 MAX(MPH)
MISC ----> # 36 300 # 45 270
================================================================================
NOTES:
# LAST OF SEVERAL OCCURRENCES
COLUMN 17 PEAK WIND IN M.P.H.
PRELIMINARY LOCAL CLIMATOLOGICAL DATA (WS FORM: F-6) , PAGE 2
STATION: TALLAHASSEE
MONTH: JUNE
YEAR: 2020
LATITUDE: 30 22 N
LONGITUDE: 84 22 W
[TEMPERATURE DATA] [PRECIPITATION DATA] SYMBOLS USED IN COLUMN 16
AVERAGE MONTHLY: 80.4 TOTAL FOR MONTH: 9.38 1 = FOG OR MIST
DPTR FM NORMAL: 0.2 DPTR FM NORMAL: 1.65 2 = FOG REDUCING VISIBILITY
HIGHEST: 97 ON 30 GRTST 24HR 2.87 ON 7- 7 TO 1/4 MILE OR LESS
LOWEST: 64 ON 18 3 = THUNDER
SNOW, ICE PELLETS, HAIL 4 = ICE PELLETS
TOTAL MONTH: 0.0 INCH 5 = HAIL
GRTST 24HR 0.0 6 = FREEZING RAIN OR DRIZZLE
GRTST DEPTH: 0 7 = DUSTSTORM OR SANDSTORM:
VSBY 1/2 MILE OR LESS
8 = SMOKE OR HAZE
[NO. OF DAYS WITH] [WEATHER - DAYS WITH] 9 = BLOWING SNOW
X = TORNADO
MAX 32 OR BELOW: 0 0.01 INCH OR MORE: 13
MAX 90 OR ABOVE: 20 0.10 INCH OR MORE: 7
MIN 32 OR BELOW: 0 0.50 INCH OR MORE: 6
MIN 0 OR BELOW: 0 1.00 INCH OR MORE: 4
[HDD (BASE 65) ]
TOTAL THIS MO. 0 CLEAR (SCALE 0-3) 6
DPTR FM NORMAL 0 PTCLDY (SCALE 4-7) 19
TOTAL FM JUL 1 1076 CLOUDY (SCALE 8-10) 5
DPTR FM NORMAL -519
[CDD (BASE 65) ]
TOTAL THIS MO. 469
DPTR FM NORMAL 12 [PRESSURE DATA]
TOTAL FM JAN 1 1209 HIGHEST SLP M ON M
DPTR FM NORMAL 306 LOWEST SLP 29.83 ON 7
[REMARKS]
#FINAL-06-20#