000
CXUS54 KBMX 011110
CF6TOI
PRELIMINARY LOCAL CLIMATOLOGICAL DATA (WS FORM: F-6)
STATION: TROY
MONTH: FEBRUARY
YEAR: 2023
LATITUDE: 31 51 N
LONGITUDE: 86 1 W
TEMPERATURE IN F: :PCPN: SNOW: WIND :SUNSHINE: SKY :PK WND
================================================================================
1 2 3 4 5 6A 6B 7 8 9 10 11 12 13 14 15 16 17 18
12Z AVG MX 2MIN
DY MAX MIN AVG DEP HDD CDD WTR SNW DPTH SPD SPD DIR MIN PSBL S-S WX SPD DR
================================================================================
1 65 53 59 10 6 0 0.00 0.0 0 4.0 16 320 M M 9 1 20 310
2 61 52 57 8 8 0 0.39 0.0 0 5.4 15 310 M M 10 18 19 10
3 61 39 50 1 15 0 0.11 0.0 0 11.1 20 350 M M 3 1 25 320
4 64 33 49 0 16 0 0.00 0.0 0 5.4 12 100 M M 0 16 130
5 71 45 58 9 7 0 0.00 0.0 0 2.2 10 340 M M 3 13 220
6 74 37 56 6 9 0 0.00 0.0 M 1.5 10 80 M M 0 1 16 60
7 78 40 59 9 6 0 0.00 0.0 M 4.6 15 140 M M 3 22 130
8 83 55 69 19 0 4 0.00 0.0 M 5.9 15 200 M M 4 21 150
9 71 57 64 14 1 0 0.20 0.0 0 6.0 15 320 M M 8 1 19 150
10 64 54 59 9 6 0 0.11 0.0 0 5.1 13 360 M M 9 1 15 360
11 55 45 50 -1 15 0 1.08 0.0 0 8.1 20 150 M M 9 1 29 160
12 61 37 49 -2 16 0 0.02 0.0 0 7.6 17 320 M M 6 18 24 310
13 71 32 52 1 13 0 0.00 0.0 0 2.4 13 300 M M 0 15 320
14 77 36 57 6 8 0 0.00 0.0 0 5.3 20 140 M M 0 26 120
15 80 56 68 17 0 3 0.00 0.0 0 7.6 18 210 M M 6 1 23 210
16 80 65 73 21 0 8 T 0.0 0 10.4 20 200 M M 8 28 200
17 73 36 55 3 10 0 0.11 0.0 0 12.7 24 330 M M 5 1 32 330
18 61 30 46 -6 19 0 0.00 0.0 0 6.3 17 350 M M 0 22 10
19 70 39 55 3 10 0 0.00 0.0 0 3.0 10 210 M M 0 15 120
20 78 42 60 8 5 0 0.00 0.0 0 6.9 16 230 M M 2 23 220
21 82 65 74 21 0 9 0.00 0.0 0 9.2 18 210 M M 8 25 210
22 85 68 77 24 0 12 0.00 0.0 0 11.0 25 210 M M 7 40 200
23 85 71 78 25 0 13 T 0.0 0 9.4 20 200 M M 8 29 190
24 84 67 76 22 0 11 0.00 0.0 0 4.9 15 210 M M 7 1 17 200
25 83 61 72 18 0 7 0.00 0.0 0 4.1 15 230 M M 6 12 21 230
26 85 60 73 19 0 8 0.00 0.0 0 4.1 12 250 M M 4 18 13 290
27 86 64 75 21 0 10 T 0.0 0 11.5 24 210 M M 6 35 220
28 87 68 78 24 0 13 T 0.0 0 7.5 17 220 M M 4 22 220
================================================================================
SM 2075 1407 170 98 2.02 0.0 183.2 M 135
================================================================================
AV 74.1 50.3 6.5 FASTST M M 5 MAX(MPH)
MISC ----> 25 210 40 200
================================================================================
NOTES:
# LAST OF SEVERAL OCCURRENCES
COLUMN 17 PEAK WIND IN M.P.H.
PRELIMINARY LOCAL CLIMATOLOGICAL DATA (WS FORM: F-6) , PAGE 2
STATION: TROY
MONTH: FEBRUARY
YEAR: 2023
LATITUDE: 31 51 N
LONGITUDE: 86 1 W
[TEMPERATURE DATA] [PRECIPITATION DATA] SYMBOLS USED IN COLUMN 16
AVERAGE MONTHLY: 62.2 TOTAL FOR MONTH: 2.02 1 = FOG OR MIST
DPTR FM NORMAL: 10.8 DPTR FM NORMAL: -2.23 2 = FOG REDUCING VISIBILITY
HIGHEST: 87 ON 28 GRTST 24HR 1.08 ON 11-11 TO 1/4 MILE OR LESS
LOWEST: 30 ON 18 3 = THUNDER
SNOW, ICE PELLETS, HAIL 4 = ICE PELLETS
TOTAL MONTH: 0.0 INCH 5 = HAIL
GRTST 24HR 0.0 6 = FREEZING RAIN OR DRIZZLE
GRTST DEPTH: 0 7 = DUSTSTORM OR SANDSTORM:
VSBY 1/2 MILE OR LESS
8 = SMOKE OR HAZE
[NO. OF DAYS WITH] [WEATHER - DAYS WITH] 9 = BLOWING SNOW
X = TORNADO
MAX 32 OR BELOW: 0 0.01 INCH OR MORE: 7
MAX 90 OR ABOVE: 0 0.10 INCH OR MORE: 6
MIN 32 OR BELOW: 2 0.50 INCH OR MORE: 1
MIN 0 OR BELOW: 0 1.00 INCH OR MORE: 1
[HDD (BASE 65) ]
TOTAL THIS MO. 170 CLEAR (SCALE 0-3) 10
DPTR FM NORMAL -218 PTCLDY (SCALE 4-7) 14
TOTAL FM JUL 1 1114 CLOUDY (SCALE 8-10) 4
DPTR FM NORMAL -706
[CDD (BASE 65) ]
TOTAL THIS MO. 98
DPTR FM NORMAL 91 [PRESSURE DATA]
TOTAL FM JAN 1 111 HIGHEST SLP 30.52 ON 4
DPTR FM NORMAL 108 LOWEST SLP 29.76 ON 27
[REMARKS]
#FINAL-02-23#