000
CXUS54 KBMX 011110
CF6TOI
PRELIMINARY LOCAL CLIMATOLOGICAL DATA (WS FORM: F-6)
STATION: TROY
MONTH: JANUARY
YEAR: 2023
LATITUDE: 31 51 N
LONGITUDE: 86 1 W
TEMPERATURE IN F: :PCPN: SNOW: WIND :SUNSHINE: SKY :PK WND
================================================================================
1 2 3 4 5 6A 6B 7 8 9 10 11 12 13 14 15 16 17 18
12Z AVG MX 2MIN
DY MAX MIN AVG DEP HDD CDD WTR SNW DPTH SPD SPD DIR MIN PSBL S-S WX SPD DR
================================================================================
1 77 52 65 17 0 0 0.00 0.0 0 0.7 7 210 M M 4 12 8 200
2 80 52 66 18 0 1 T 0.0 0 4.6 14 200 M M 7 12 17 200
3 79 67 73 25 0 8 1.30 0.0 0 8.7 22 180 M M 8 123 33 180
4 75 52 64 16 1 0 1.39 0.0 0 5.2 24 260 M M 4 13 37 280
5 69 42 56 9 9 0 0.00 0.0 0 4.1 16 310 M M 0 18 22 300
6 65 35 50 3 15 0 0.00 0.0 0 2.3 14 320 M M 0 17 310
7 73 36 55 8 10 0 0.00 0.0 M 1.2 9 180 M M 0 12 180
8 68 42 55 8 10 0 0.07 0.0 0 3.1 13 200 M M 4 1 16 220
9 64 41 53 6 12 0 0.00 0.0 0 6.0 14 330 M M 1 18 320
10 69 32 51 4 14 0 0.00 0.0 0 1.8 10 220 M M 0 1 14 240
11 79 44 62 15 3 0 0.00 0.0 M 6.2 20 220 M M 7 28 210
12 77 53 65 18 0 0 0.14 0.0 0 10.1 22 200 M M 5 1 29 200
13 54 40 47 0 18 0 T 0.0 M 13.8 24 330 M M 10 32 320
14 51 31 41 -6 24 0 0.00 0.0 M 8.8 20 330 M M 4 24 330
15 64 26 45 -2 20 0 0.00 0.0 0 1.2 9 330 M M 0 12 340
16 69 30 50 3 15 0 0.00 0.0 0 4.9 13 200 M M 2 20 150
17 71 54 63 16 2 0 0.09 0.0 M 5.9 18 220 M M 7 12 24 220
18 75 54 65 18 0 0 0.06 0.0 0 4.9 14 160 M M 7 12 19 170
19 76 48 62 15 3 0 0.05 0.0 0 6.7 15 240 M M 4 1 23 280
20 63 41 52 4 13 0 T 0.0 0 6.4 14 340 M M 1 21 310
21 53 49 51 3 14 0 0.11 0.0 0 3.9 12 110 M M 9 18 110
22 59 47 53 5 12 0 0.67 0.0 0 4.3 15 300 M M 9 1 21 130
23 59 35 47 -1 18 0 0.01 0.0 0 5.8 15 330 M M 4 28 320
24 61 30 46 -2 19 0 T M M 6.2 21 120 M M 2 28 120
25 69 46 58 10 7 0 0.81 0.0 0 11.2 23 150 M M 7 13 38 150
26 56 33 45 -3 20 0 0.00 0.0 0 5.5 20 330 M M 1 24 330
27 58 30 44 -4 21 0 0.00 0.0 0 2.2 10 280 M M 0 16 300
28 65 28 47 -1 18 0 0.00 0.0 0 2.9 13 120 M M 0 17 130
29 69 40 55 7 10 0 0.85 0.0 0 3.3 10 160 M M 7 1 13 160
30 68 58 63 15 2 0 0.79 0.0 0 2.7 13 330 M M 9 123 16 190
31 78 60 69 20 0 4 T 0.0 0 2.7 10 210 M M 8 128 15 230
================================================================================
SM 2093 1328 310 13 6.34 0.0 157.3 M 131
================================================================================
AV 67.5 42.8 5.1 FASTST M M 4 MAX(MPH)
MISC ----> # 24 260 38 150
================================================================================
NOTES:
# LAST OF SEVERAL OCCURRENCES
COLUMN 17 PEAK WIND IN M.P.H.
PRELIMINARY LOCAL CLIMATOLOGICAL DATA (WS FORM: F-6) , PAGE 2
STATION: TROY
MONTH: JANUARY
YEAR: 2023
LATITUDE: 31 51 N
LONGITUDE: 86 1 W
[TEMPERATURE DATA] [PRECIPITATION DATA] SYMBOLS USED IN COLUMN 16
AVERAGE MONTHLY: 55.2 TOTAL FOR MONTH: 6.34 1 = FOG OR MIST
DPTR FM NORMAL: 7.6 DPTR FM NORMAL: 1.30 2 = FOG REDUCING VISIBILITY
HIGHEST: 80 ON 2 GRTST 24HR 3.42 ON 3- 4 TO 1/4 MILE OR LESS
LOWEST: 26 ON 15 3 = THUNDER
SNOW, ICE PELLETS, HAIL 4 = ICE PELLETS
TOTAL MONTH: 0.0 INCH 5 = HAIL
GRTST 24HR 0.0 6 = FREEZING RAIN OR DRIZZLE
GRTST DEPTH: 0 7 = DUSTSTORM OR SANDSTORM:
VSBY 1/2 MILE OR LESS
8 = SMOKE OR HAZE
[NO. OF DAYS WITH] [WEATHER - DAYS WITH] 9 = BLOWING SNOW
X = TORNADO
MAX 32 OR BELOW: 0 0.01 INCH OR MORE: 13
MAX 90 OR ABOVE: 0 0.10 INCH OR MORE: 8
MIN 32 OR BELOW: 7 0.50 INCH OR MORE: 6
MIN 0 OR BELOW: 0 1.00 INCH OR MORE: 2
[HDD (BASE 65) ]
TOTAL THIS MO. 310 CLEAR (SCALE 0-3) 12
DPTR FM NORMAL -232 PTCLDY (SCALE 4-7) 13
TOTAL FM JUL 1 944 CLOUDY (SCALE 8-10) 6
DPTR FM NORMAL -492
[CDD (BASE 65) ]
TOTAL THIS MO. 13
DPTR FM NORMAL 10 [PRESSURE DATA]
TOTAL FM JAN 1 13 HIGHEST SLP 30.45 ON 28
DPTR FM NORMAL 10 LOWEST SLP 29.70 ON 25
[REMARKS]
#FINAL-01-23#