000
CXUS54 KBMX 011010
CF6TOI
PRELIMINARY LOCAL CLIMATOLOGICAL DATA (WS FORM: F-6)
STATION: TROY
MONTH: OCTOBER
YEAR: 2022
LATITUDE: 31 51 N
LONGITUDE: 86 1 W
TEMPERATURE IN F: :PCPN: SNOW: WIND :SUNSHINE: SKY :PK WND
================================================================================
1 2 3 4 5 6A 6B 7 8 9 10 11 12 13 14 15 16 17 18
12Z AVG MX 2MIN
DY MAX MIN AVG DEP HDD CDD WTR SNW DPTH SPD SPD DIR MIN PSBL S-S WX SPD DR
================================================================================
1 85 49 67 -4 0 2 0.00 0.0 0 4.1 14 300 M M 0 20 340
2 87 49 68 -3 0 3 0.00 0.0 0 7.0 21 340 M M M 25 350
3 84 53 69 -2 0 4 0.00 0.0 0 2.7 13 10 M M M 16 350
4 83 52 68 -2 0 3 0.00 0.0 0 2.0 13 350 M M M 16 340
5 85 51 68 -2 0 3 0.00 0.0 0 2.8 14 340 M M 0 1 17 340
6 87 46 67 -3 0 2 0.00 0.0 0 1.7 13 350 M M 0 17 340
7 90 48 69 0 0 4 0.00 0.0 0 2.0 13 340 M M 0 17 310
8 85 50 68 -1 0 3 0.00 0.0 0 4.8 18 320 M M 0 23 340
9 80 46 63 -5 2 0 0.00 0.0 0 5.0 18 340 M M 0 24 330
10 82 42 62 -6 3 0 0.00 0.0 0 3.6 17 10 M M 0 22 10
11 88 46 67 -1 0 2 0.00 0.0 0 2.5 12 130 M M 2 16 130
12 85 60 73 6 0 8 0.69 0.0 0 5.6 23 330 M M 7 138 31 320
13 82 58 70 3 0 5 0.24 0.0 0 4.2 21 340 M M 3 13 29 320
14 83 49 66 0 0 1 0.00 0.0 0 1.6 10 360 M M 0 2 14 10
15 87 45 66 0 0 1 0.00 0.0 0 1.0 7 100 M M 0 11 100
16 87 48 68 2 0 3 0.00 0.0 0 1.5 8 170 M M 0 10 160
17 81 55 68 3 0 3 T 0.0 0 4.7 13 300 M M 2 16 310
18 61 40 51 -14 14 0 0.00 0.0 0 9.2 21 350 M M 0 26 350
19 65 32 49 -15 16 0 0.00 0.0 0 3.6 15 330 M M 0 21 330
20 70 31 51 -13 14 0 0.00 0.0 0 1.6 12 310 M M 0 16 280
21 75 35 55 -9 10 0 0.00 0.0 0 1.1 7 170 M M 0 11 80
22 80 40 60 -3 5 0 0.00 0.0 0 1.7 9 70 M M 0 12 110
23 83 40 62 -1 3 0 0.00 0.0 0 1.2 7 90 M M 0 11 70
24 84 42 63 1 2 0 0.00 0.0 0 2.1 12 140 M M 0 15 150
25 85 52 69 7 0 4 0.15 0.0 0 5.9 18 160 M M 3 1 24 180
26 74 51 63 1 2 0 0.00 0.0 0 6.1 14 330 M M 0 18 300
27 78 44 61 0 4 0 0.00 0.0 0 2.9 10 70 M M 0 18 14 100
28 80 55 68 7 0 3 0.00 0.0 0 7.0 16 90 M M 3 21 120
29 80 60 70 10 0 5 T 0.0 0 8.0 17 110 M M 6 1 23 110
30 72 64 68 8 0 3 0.13 0.0 0 6.7 15 130 M M 10 1 20 130
31 79 52 66 6 0 1 0.00 0.0 0 3.0 12 310 M M 4 12 17 330
================================================================================
SM 2507 1485 75 63 1.21 0.0 116.9 M 40
================================================================================
AV 80.9 47.9 3.8 FASTST M M 1 MAX(MPH)
MISC ----> 23 330 31 320
================================================================================
NOTES:
# LAST OF SEVERAL OCCURRENCES
COLUMN 17 PEAK WIND IN M.P.H.
PRELIMINARY LOCAL CLIMATOLOGICAL DATA (WS FORM: F-6) , PAGE 2
STATION: TROY
MONTH: OCTOBER
YEAR: 2022
LATITUDE: 31 51 N
LONGITUDE: 86 1 W
[TEMPERATURE DATA] [PRECIPITATION DATA] SYMBOLS USED IN COLUMN 16
AVERAGE MONTHLY: 64.4 TOTAL FOR MONTH: 1.21 1 = FOG OR MIST
DPTR FM NORMAL: -1.1 DPTR FM NORMAL: -1.92 2 = FOG REDUCING VISIBILITY
HIGHEST: 90 ON 7 GRTST 24HR 0.93 ON 12-13 TO 1/4 MILE OR LESS
LOWEST: 31 ON 20 3 = THUNDER
SNOW, ICE PELLETS, HAIL 4 = ICE PELLETS
TOTAL MONTH: 0.0 INCH 5 = HAIL
GRTST 24HR 0.0 6 = FREEZING RAIN OR DRIZZLE
GRTST DEPTH: 0 7 = DUSTSTORM OR SANDSTORM:
VSBY 1/2 MILE OR LESS
8 = SMOKE OR HAZE
[NO. OF DAYS WITH] [WEATHER - DAYS WITH] 9 = BLOWING SNOW
X = TORNADO
MAX 32 OR BELOW: 0 0.01 INCH OR MORE: 4
MAX 90 OR ABOVE: 1 0.10 INCH OR MORE: 4
MIN 32 OR BELOW: 2 0.50 INCH OR MORE: 1
MIN 0 OR BELOW: 0 1.00 INCH OR MORE: 0
[HDD (BASE 65) ]
TOTAL THIS MO. 75 CLEAR (SCALE 0-3) 22
DPTR FM NORMAL -16 PTCLDY (SCALE 4-7) 5
TOTAL FM JUL 1 75 CLOUDY (SCALE 8-10) 4
DPTR FM NORMAL -20
[CDD (BASE 65) ]
TOTAL THIS MO. 63
DPTR FM NORMAL -43 [PRESSURE DATA]
TOTAL FM JAN 1 2635 HIGHEST SLP 30.27 ON 9
DPTR FM NORMAL 525 LOWEST SLP 29.82 ON 17
[REMARKS]
#FINAL-10-22#