000
CXUS54 KBMX 020755
CF6TOI
PRELIMINARY LOCAL CLIMATOLOGICAL DATA (WS FORM: F-6)
STATION: TROY
MONTH: SEPTEMBER
YEAR: 2021
LATITUDE: 31 51 N
LONGITUDE: 86 1 W
TEMPERATURE IN F: :PCPN: SNOW: WIND :SUNSHINE: SKY :PK WND
================================================================================
1 2 3 4 5 6A 6B 7 8 9 10 11 12 13 14 15 16 17 18
12Z AVG MX 2MIN
DY MAX MIN AVG DEP HDD CDD WTR SNW DPTH SPD SPD DIR MIN PSBL S-S WX SPD DR
================================================================================
1 94 72 83 4 0 18 0.09 0.0 0 4.7 21 340 M M 2 18 28 340
2 92 71 82 3 0 17 0.00 0.0 0 3.3 12 340 M M 3 18 14 340
3 92 70 81 2 0 16 0.00 0.0 M 4.4 13 40 M M 2 18 16 40
4 91 66 79 1 0 14 0.00 0.0 M 3.0 9 50 M M 1 12 140
5 90 66 78 0 0 13 0.00 0.0 0 2.2 13 220 M M 2 18 15 200
6 93 69 81 3 0 16 0.01 0.0 0 3.2 15 340 M M 4 18 19 330
7 94 72 83 5 0 18 0.11 0.0 0 1.6 25 80 M M 5 138 30 90
8 86 73 80 2 0 15 0.00 0.0 0 3.3 12 170 M M 3 138 15 170
9 88 63 76 -2 0 11 T 0.0 0 5.7 14 330 M M 5 1 22 330
10 88 58 73 -4 0 8 0.00 0.0 M 2.5 12 10 M M 1 18 16 30
11 90 64 77 0 0 12 0.00 0.0 M 3.3 12 100 M M 2 18 15 100
12 91 71 81 4 0 16 T 0.0 0 4.2 14 120 M M 4 18 18 140
13 91 70 81 4 0 16 0.00 0.0 0 2.3 9 280 M M 2 18 11 280
14 88 73 81 5 0 16 T 0.0 0 2.0 18 90 M M 4 8 23 80
15 79 73 76 0 0 11 1.39 0.0 0 4.2 9 220 M M 9 128 12 30
16 86 74 80 4 0 15 0.81 0.0 0 5.7 14 190 M M 9 13 18 200
17 86 75 81 5 0 16 0.01 0.0 0 3.6 14 190 M M 7 138 17 160
18 88 74 81 5 0 16 0.50 0.0 M 3.3 16 240 M M 6 138 20 250
19 82 74 78 3 0 13 0.17 0.0 0 2.6 14 90 M M 8 18 23 100
20 89 74 82 7 0 17 0.00 0.0 0 1.7 10 190 M M 6 1 15 240
21 92 72 82 7 0 17 0.00 0.0 0 1.6 9 330 M M 4 128 11 210
22 85 61 73 -1 0 8 0.00 0.0 0 7.1 18 330 M M 4 18 25 300
23 79 55 67 -7 0 2 0.00 0.0 0 6.0 16 360 M M 0 25 20
24 82 50 66 -8 0 1 0.00 0.0 0 2.2 9 30 M M 0 1 12 120
25 84 53 69 -4 0 4 0.00 0.0 0 1.9 12 20 M M 0 15 20
26 86 56 71 -2 0 6 0.00 0.0 0 1.7 8 20 M M 0 1 11 20
27 89 58 74 1 0 9 0.00 0.0 0 1.7 8 140 M M 0 18 12 120
28 89 62 76 4 0 11 0.00 0.0 0 0.6 7 140 M M 2 128 11 150
29 90 66 78 6 0 13 0.00 0.0 0 1.2 8 40 M M 4 128 11 260
30 87 67 77 5 0 12 T 0.0 0 1.5 7 140 M M 1 128 8 80
================================================================================
SM 2641 2002 0 377 3.09 0.0 92.3 M 100
================================================================================
AV 88.0 66.7 3.1 FASTST M M 3 MAX(MPH)
MISC ----> 25 80 30 90
================================================================================
NOTES:
# LAST OF SEVERAL OCCURRENCES
COLUMN 17 PEAK WIND IN M.P.H.
PRELIMINARY LOCAL CLIMATOLOGICAL DATA (WS FORM: F-6) , PAGE 2
STATION: TROY
MONTH: SEPTEMBER
YEAR: 2021
LATITUDE: 31 51 N
LONGITUDE: 86 1 W
[TEMPERATURE DATA] [PRECIPITATION DATA] SYMBOLS USED IN COLUMN 16
AVERAGE MONTHLY: 77.4 TOTAL FOR MONTH: 3.09 1 = FOG OR MIST
DPTR FM NORMAL: 1.6 DPTR FM NORMAL: 0.03 2 = FOG REDUCING VISIBILITY
HIGHEST: 94 ON 7, 1 GRTST 24HR 1.46 ON 15-16 TO 1/4 MILE OR LESS
LOWEST: 50 ON 24 3 = THUNDER
SNOW, ICE PELLETS, HAIL 4 = ICE PELLETS
TOTAL MONTH: 0.0 INCH 5 = HAIL
GRTST 24HR 0.0 6 = FREEZING RAIN OR DRIZZLE
GRTST DEPTH: 0 7 = DUSTSTORM OR SANDSTORM:
VSBY 1/2 MILE OR LESS
8 = SMOKE OR HAZE
[NO. OF DAYS WITH] [WEATHER - DAYS WITH] 9 = BLOWING SNOW
X = TORNADO
MAX 32 OR BELOW: 0 0.01 INCH OR MORE: 8
MAX 90 OR ABOVE: 12 0.10 INCH OR MORE: 5
MIN 32 OR BELOW: 0 0.50 INCH OR MORE: 3
MIN 0 OR BELOW: 0 1.00 INCH OR MORE: 1
[HDD (BASE 65) ]
TOTAL THIS MO. 0 CLEAR (SCALE 0-3) 15
DPTR FM NORMAL -3 PTCLDY (SCALE 4-7) 13
TOTAL FM JUL 1 0 CLOUDY (SCALE 8-10) 2
DPTR FM NORMAL -1
[CDD (BASE 65) ]
TOTAL THIS MO. 377
DPTR FM NORMAL 50 [PRESSURE DATA]
TOTAL FM JAN 1 2311 HIGHEST SLP 30.26 ON 12
DPTR FM NORMAL 307 LOWEST SLP 29.76 ON 1
[REMARKS]
#FINAL-09-21#