000
CXUS54 KBMX 011010
CF6TOI
PRELIMINARY LOCAL CLIMATOLOGICAL DATA (WS FORM: F-6)
STATION: TROY
MONTH: APRIL
YEAR: 2021
LATITUDE: 31 51 N
LONGITUDE: 86 1 W
TEMPERATURE IN F: :PCPN: SNOW: WIND :SUNSHINE: SKY :PK WND
================================================================================
1 2 3 4 5 6A 6B 7 8 9 10 11 12 13 14 15 16 17 18
12Z AVG MX 2MIN
DY MAX MIN AVG DEP HDD CDD WTR SNW DPTH SPD SPD DIR MIN PSBL S-S WX SPD DR
================================================================================
1 61 41 51 -9 14 0 0.00 0.0 0 12.9 26 340 M M 0 36 320
2 64 36 50 -10 15 0 0.00 0.0 0 5.9 18 20 M M 0 25 10
3 69 35 52 -8 13 0 0.00 0.0 0 2.4 12 130 M M 0 15 130
4 76 38 57 -3 8 0 0.00 0.0 0 1.3 10 230 M M 0 13 220
5 80 43 62 1 3 0 0.00 0.0 M 1.0 13 190 M M 0 16 190
6 83 46 65 4 0 0 T M M 1.1 10 240 M M 0 13 200
7 83 51 67 6 0 2 0.00 0.0 M 4.8 15 200 M M 1 18 20 210
8 84 65 75 14 0 10 T 0.0 0 9.3 22 200 M M 5 28 210
9 75 65 70 8 0 5 1.24 0.0 0 6.2 16 130 M M 7 138 22 180
10 73 59 66 4 0 1 1.63 0.0 0 5.7 16 210 M M 4 138 23 260
11 81 53 67 5 0 2 0.00 0.0 0 3.8 12 310 M M 2 1 17 250
12 87 48 68 6 0 3 0.00 0.0 0 1.6 10 310 M M 0 15 240
13 90 52 71 9 0 6 0.00 0.0 0 2.1 9 240 M M 0 14 230
14 82 53 68 5 0 3 T 0.0 0 3.4 28 180 M M 3 1 41 180
15 73 58 66 3 0 1 0.62 0.0 0 2.4 12 320 M M 7 138 14 330
16 70 55 63 0 2 0 T 0.0 0 2.0 8 200 M M 4 11 190
17 75 58 67 3 0 2 T 0.0 0 2.3 9 320 M M 7 11 320
18 77 54 66 2 0 1 0.00 0.0 0 5.2 14 330 M M 0 19 310
19 75 52 64 0 1 0 0.00 0.0 M 5.6 15 350 M M 0 25 320
20 79 53 66 2 0 1 0.01 0.0 M 3.0 12 210 M M 3 16 220
21 67 46 57 -7 8 0 0.00 0.0 0 9.5 21 320 M M 0 1 32 340
22 70 38 54 -11 11 0 0.00 0.0 0 4.4 15 20 M M 0 19 20
23 76 45 61 -4 4 0 T 0.0 M 4.6 13 140 M M 3 17 140
24 78 60 69 4 0 4 1.83 0.0 M 7.2 33 310 M M 7 138 47 310
25 79 53 66 0 0 1 0.00 0.0 0 6.7 16 360 M M 0 23 320
26 83 49 66 0 0 1 0.00 0.0 0 2.3 10 220 M M 0 18 14 180
27 86 57 72 6 0 7 0.00 0.0 0 3.7 15 200 M M 2 24 200
28 87 63 75 9 0 10 0.00 0.0 0 3.8 13 210 M M 1 18 20 140
29 85 63 74 7 0 9 0.00 0.0 0 4.2 14 210 M M 2 128 18 210
30 80 58 69 2 0 4 0.00 0.0 0 4.0 12 360 M M 4 18 15 360
================================================================================
SM 2328 1547 79 73 5.33 0.0 132.4 M 62
================================================================================
AV 77.6 51.6 4.4 FASTST M M 2 MAX(MPH)
MISC ----> 33 310 47 310
================================================================================
NOTES:
# LAST OF SEVERAL OCCURRENCES
COLUMN 17 PEAK WIND IN M.P.H.
PRELIMINARY LOCAL CLIMATOLOGICAL DATA (WS FORM: F-6) , PAGE 2
STATION: TROY
MONTH: APRIL
YEAR: 2021
LATITUDE: 31 51 N
LONGITUDE: 86 1 W
[TEMPERATURE DATA] [PRECIPITATION DATA] SYMBOLS USED IN COLUMN 16
AVERAGE MONTHLY: 64.6 TOTAL FOR MONTH: 5.33 1 = FOG OR MIST
DPTR FM NORMAL: 1.4 DPTR FM NORMAL: 1.34 2 = FOG REDUCING VISIBILITY
HIGHEST: 90 ON 13 GRTST 24HR 2.82 ON 9-10 TO 1/4 MILE OR LESS
LOWEST: 35 ON 3 3 = THUNDER
SNOW, ICE PELLETS, HAIL 4 = ICE PELLETS
TOTAL MONTH: 0.0 INCH 5 = HAIL
GRTST 24HR 0.0 6 = FREEZING RAIN OR DRIZZLE
GRTST DEPTH: 0 7 = DUSTSTORM OR SANDSTORM:
VSBY 1/2 MILE OR LESS
8 = SMOKE OR HAZE
[NO. OF DAYS WITH] [WEATHER - DAYS WITH] 9 = BLOWING SNOW
X = TORNADO
MAX 32 OR BELOW: 0 0.01 INCH OR MORE: 5
MAX 90 OR ABOVE: 1 0.10 INCH OR MORE: 4
MIN 32 OR BELOW: 0 0.50 INCH OR MORE: 4
MIN 0 OR BELOW: 0 1.00 INCH OR MORE: 3
[HDD (BASE 65) ]
TOTAL THIS MO. 79 CLEAR (SCALE 0-3) 21
DPTR FM NORMAL -33 PTCLDY (SCALE 4-7) 9
TOTAL FM JUL 1 1652 CLOUDY (SCALE 8-10) 0
DPTR FM NORMAL -662
[CDD (BASE 65) ]
TOTAL THIS MO. 73
DPTR FM NORMAL 15 [PRESSURE DATA]
TOTAL FM JAN 1 170 HIGHEST SLP 30.48 ON 3
DPTR FM NORMAL 93 LOWEST SLP 29.66 ON 24
[REMARKS]
#FINAL-04-21#