000
CXUS54 KBMX 011110
CF6TOI
PRELIMINARY LOCAL CLIMATOLOGICAL DATA (WS FORM: F-6)
STATION: TROY
MONTH: DECEMBER
YEAR: 2023
LATITUDE: 31 51 N
LONGITUDE: 86 1 W
TEMPERATURE IN F: :PCPN: SNOW: WIND :SUNSHINE: SKY :PK WND
================================================================================
1 2 3 4 5 6A 6B 7 8 9 10 11 12 13 14 15 16 17 18
12Z AVG MX 2MIN
DY MAX MIN AVG DEP HDD CDD WTR SNW DPTH SPD SPD DIR MIN PSBL S-S WX SPD DR
================================================================================
1 73 55 64 12 1 0 0.05 0.0 0 7.1 22 140 M M 7 3 31 130
2 71 64 68 16 0 3 0.25 0.0 0 6.8 15 140 M M 8 18 23 120
3 71 54 63 12 2 0 0.01 0.0 0 2.8 14 300 M M 5 128 20 300
4 73 42 58 7 7 0 0.00 0.0 0 3.1 18 300 M M 3 12 27 310
5 65 36 51 0 14 0 0.00 0.0 0 3.2 13 310 M M 0 18 270
6 61 34 48 -3 17 0 0.00 0.0 0 7.0 18 10 M M 0 26 350
7 64 30 47 -4 18 0 0.00 0.0 M 0.6 8 210 M M 0 12 270
8 64 36 50 -1 15 0 0.00 0.0 M 2.2 12 150 M M 5 8 16 150
9 80 62 71 21 0 6 0.17 0.0 0 5.5 15 160 M M 9 13 20 160
10 71 40 56 6 9 0 0.58 0.0 0 6.8 23 310 M M 7 138 35 320
11 58 33 46 -4 19 0 0.00 0.0 0 5.0 15 350 M M 0 20 350
12 64 30 47 -3 18 0 0.00 0.0 M 2.8 12 360 M M 0 17 340
13 66 34 50 0 15 0 0.00 0.0 0 4.5 14 50 M M 0 23 70
14 66 43 55 5 10 0 0.00 0.0 0 7.3 17 70 M M 0 27 70
15 66 47 57 7 8 0 0.00 0.0 M 7.1 13 100 M M 2 18 60
16 64 49 57 8 8 0 0.02 M M 7.4 16 100 M M 6 24 100
17 62 45 54 5 11 0 0.01 M M 9.7 18 340 M M 9 18 24 340
18 63 40 52 3 13 0 0.00 0.0 M 9.7 17 330 M M 0 25 320
19 55 30 43 -6 22 0 0.00 0.0 0 5.4 20 340 M M 0 28 350
20 57 28 43 -6 22 0 0.00 0.0 0 2.5 13 110 M M 0 17 110
21 62 30 46 -3 19 0 0.00 0.0 0 1.7 8 70 M M 0 11 80
22 70 38 54 5 11 0 0.00 0.0 0 1.0 8 150 M M 0 11 130
23 74 36 55 7 10 0 0.00 0.0 M 2.0 10 180 M M 0 1 17 170
24 71 47 59 11 6 0 0.14 M M 8.5 18 120 M M 4 28 120
25 71 62 67 19 0 2 0.25 0.0 0 9.8 22 140 M M 10 18 35 120
26 62 45 54 6 11 0 0.00 0.0 0 5.2 14 320 M M 7 1 19 320
27 M 40 M M M M 0.00 0.0 0 1.8 10 270 M M 0 1 13 250
28 60 35 48 0 17 0 0.00 0.0 0 4.7 15 250 M M 0 1 19 250
29 54 33 44 -4 21 0 0.00 0.0 0 4.5 15 310 M M 4 23 240
30 55 31 43 -5 22 0 0.00 0.0 0 3.4 14 350 M M 3 20 300
31 64 28 46 -2 19 0 0.00 0.0 0 2.7 13 210 M M 0 19 240
================================================================================
SM 1957 1257 365 11 1.48 0.0 151.8 M 89
================================================================================
AV 65.2 40.5 4.9 FASTST M M 3 MAX(MPH)
MISC ----> 23 310 # 35 320
================================================================================
NOTES:
# LAST OF SEVERAL OCCURRENCES
COLUMN 17 PEAK WIND IN M.P.H.
PRELIMINARY LOCAL CLIMATOLOGICAL DATA (WS FORM: F-6) , PAGE 2
STATION: TROY
MONTH: DECEMBER
YEAR: 2023
LATITUDE: 31 51 N
LONGITUDE: 86 1 W
[TEMPERATURE DATA] [PRECIPITATION DATA] SYMBOLS USED IN COLUMN 16
AVERAGE MONTHLY: 52.9 TOTAL FOR MONTH: 1.48 1 = FOG OR MIST
DPTR FM NORMAL: 3.4 DPTR FM NORMAL: -3.36 2 = FOG REDUCING VISIBILITY
HIGHEST: 80 ON 9 GRTST 24HR 0.66 ON 9-10 TO 1/4 MILE OR LESS
LOWEST: 28 ON 31,20 3 = THUNDER
SNOW, ICE PELLETS, HAIL 4 = ICE PELLETS
TOTAL MONTH: 0.0 INCH 5 = HAIL
GRTST 24HR 0.0 6 = FREEZING RAIN OR DRIZZLE
GRTST DEPTH: 0 7 = DUSTSTORM OR SANDSTORM:
VSBY 1/2 MILE OR LESS
8 = SMOKE OR HAZE
[NO. OF DAYS WITH] [WEATHER - DAYS WITH] 9 = BLOWING SNOW
X = TORNADO
MAX 32 OR BELOW: 0 0.01 INCH OR MORE: 9
MAX 90 OR ABOVE: 0 0.10 INCH OR MORE: 5
MIN 32 OR BELOW: 7 0.50 INCH OR MORE: 1
MIN 0 OR BELOW: 0 1.00 INCH OR MORE: 0
[HDD (BASE 65) ]
TOTAL THIS MO. 365 CLEAR (SCALE 0-3) 18
DPTR FM NORMAL -121 PTCLDY (SCALE 4-7) 10
TOTAL FM JUL 1 621 CLOUDY (SCALE 8-10) 3
DPTR FM NORMAL -268
[CDD (BASE 65) ]
TOTAL THIS MO. 11
DPTR FM NORMAL 6 [PRESSURE DATA]
TOTAL FM JAN 1 2924 HIGHEST SLP 30.60 ON 14
DPTR FM NORMAL 792 LOWEST SLP 29.78 ON 17
[REMARKS]
#FINAL-12-23#