000
CXUS54 KBMX 021224
CF6TOI
PRELIMINARY LOCAL CLIMATOLOGICAL DATA (WS FORM: F-6)
STATION: TROY
MONTH: DECEMBER
YEAR: 2020
LATITUDE: 31 51 N
LONGITUDE: 86 1 W
TEMPERATURE IN F: :PCPN: SNOW: WIND :SUNSHINE: SKY :PK WND
================================================================================
1 2 3 4 5 6A 6B 7 8 9 10 11 12 13 14 15 16 17 18
12Z AVG MX 2MIN
DY MAX MIN AVG DEP HDD CDD WTR SNW DPTH SPD SPD DIR MIN PSBL S-S WX SPD DR
================================================================================
1 52 28 40 -11 25 0 0.00 0.0 0 4.2 16 310 M M 0 22 290
2 60 26 43 -8 22 0 0.00 0.0 0 1.9 14 40 M M 0 17 40
3 62 31 47 -4 18 0 0.00 0.0 0 4.8 14 120 M M 1 18 170
4 63 36 50 0 15 0 0.07 0.0 0 5.6 18 300 M M 7 1 25 290
5 63 34 49 -1 16 0 0.00 0.0 0 4.2 14 360 M M 0 1 16 340
6 65 40 53 3 12 0 0.09 0.0 0 2.3 9 220 M M 5 1 13 290
7 55 31 43 -7 22 0 0.00 0.0 0 8.0 24 330 M M 2 1 28 320
8 56 29 43 -6 22 0 0.00 0.0 0 3.6 16 330 M M 0 1 20 330
9 70 31 51 2 14 0 0.00 0.0 0 2.2 12 240 M M 0 15 220
10 73 35 54 5 11 0 0.00 0.0 0 1.3 12 210 M M 0 13 220
11 72 39 56 7 9 0 0.00 0.0 0 2.3 10 150 M M 3 12 14 140
12 74 58 66 17 0 1 0.03 0.0 0 6.9 17 190 M M 8 1 24 170
13 71 57 64 16 1 0 0.02 0.0 0 5.6 15 180 M M 9 12 22 150
14 72 40 56 8 9 0 0.27 0.0 0 13.7 26 240 M M 8 1 39 240
15 64 36 50 2 15 0 0.04 0.0 0 4.2 13 90 M M 4 17 80
16 53 43 48 0 17 0 0.54 0.0 0 7.7 17 330 M M 10 1 22 330
17 43 29 36 -12 29 0 0.00 0.0 0 6.9 15 320 M M 7 1 19 330
18 58 26 42 -6 23 0 0.00 0.0 0 1.9 12 20 M M 0 13 10
19 60 28 44 -3 21 0 0.03 0.0 0 2.3 14 140 M M 1 18 120
20 59 47 53 6 12 0 0.27 0.0 0 3.0 13 340 M M 9 1 15 310
21 63 40 52 5 13 0 0.00 0.0 0 4.8 14 310 M M 4 18 310
22 71 35 53 6 12 0 0.00 0.0 0 2.5 14 350 M M 0 17 20
23 71 33 52 5 13 0 0.02 0.0 0 5.1 15 130 M M 3 20 150
24 64 32 48 1 17 0 1.45 0.0 0 9.8 24 320 M M 6 13 32 300
25 45 26 36 -11 29 0 0.00 0.0 0 5.7 21 300 M M 0 28 310
26 53 23 38 -9 27 0 0.00 0.0 0 1.4 10 340 M M 0 14 330
27 62 26 44 -3 21 0 0.00 0.0 0 1.5 10 140 M M 0 14 130
28 70 30 50 4 15 0 0.00 0.0 0 1.3 8 220 M M 1 11 240
29 70 38 54 8 11 0 0.00 0.0 0 3.5 12 100 M M 1 1 16 70
30 75 53 64 18 1 0 0.00 0.0 0 6.8 17 160 M M 7 25 150
31 70 52 61 15 4 0 0.24 0.0 0 5.5 16 150 M M 7 1 25 140
================================================================================
SM 1959 1112 476 1 3.07 0.0 140.5 M 103
================================================================================
AV 63.2 35.9 4.5 FASTST M M 3 MAX(MPH)
MISC ----> 26 240 39 240
================================================================================
NOTES:
# LAST OF SEVERAL OCCURRENCES
COLUMN 17 PEAK WIND IN M.P.H.
PRELIMINARY LOCAL CLIMATOLOGICAL DATA (WS FORM: F-6) , PAGE 2
STATION: TROY
MONTH: DECEMBER
YEAR: 2020
LATITUDE: 31 51 N
LONGITUDE: 86 1 W
[TEMPERATURE DATA] [PRECIPITATION DATA] SYMBOLS USED IN COLUMN 16
AVERAGE MONTHLY: 49.5 TOTAL FOR MONTH: 3.07 1 = FOG OR MIST
DPTR FM NORMAL: 1.3 DPTR FM NORMAL: -1.77 2 = FOG REDUCING VISIBILITY
HIGHEST: 75 ON 30 GRTST 24HR 1.47 ON 23-24 TO 1/4 MILE OR LESS
LOWEST: 23 ON 26 3 = THUNDER
SNOW, ICE PELLETS, HAIL 4 = ICE PELLETS
TOTAL MONTH: 0.0 INCH 5 = HAIL
GRTST 24HR 0.0 6 = FREEZING RAIN OR DRIZZLE
GRTST DEPTH: 0 7 = DUSTSTORM OR SANDSTORM:
VSBY 1/2 MILE OR LESS
8 = SMOKE OR HAZE
[NO. OF DAYS WITH] [WEATHER - DAYS WITH] 9 = BLOWING SNOW
X = TORNADO
MAX 32 OR BELOW: 0 0.01 INCH OR MORE: 12
MAX 90 OR ABOVE: 0 0.10 INCH OR MORE: 5
MIN 32 OR BELOW: 14 0.50 INCH OR MORE: 2
MIN 0 OR BELOW: 0 1.00 INCH OR MORE: 1
[HDD (BASE 65) ]
TOTAL THIS MO. 476 CLEAR (SCALE 0-3) 17
DPTR FM NORMAL -48 PTCLDY (SCALE 4-7) 11
TOTAL FM JUL 1 630 CLOUDY (SCALE 8-10) 3
DPTR FM NORMAL -288
[CDD (BASE 65) ]
TOTAL THIS MO. 1
DPTR FM NORMAL -3 [PRESSURE DATA]
TOTAL FM JAN 1 2497 HIGHEST SLP 30.44 ON 18
DPTR FM NORMAL 426 LOWEST SLP 29.72 ON 24
[REMARKS]
#FINAL-12-20#