000
CXUS51 KCLE 010800
CF6TOL
PRELIMINARY LOCAL CLIMATOLOGICAL DATA (WS FORM: F-6)
STATION: TOLEDO OH
MONTH: AUGUST
YEAR: 2021
LATITUDE: 41 35 N
LONGITUDE: 83 48 W
TEMPERATURE IN F: :PCPN: SNOW: WIND :SUNSHINE: SKY :PK WND
================================================================================
1 2 3 4 5 6A 6B 7 8 9 10 11 12 13 14 15 16 17 18
12Z AVG MX 2MIN
DY MAX MIN AVG DEP HDD CDD WTR SNW DPTH SPD SPD DIR MIN PSBL S-S WX SPD DR
================================================================================
1 79 61 70 -5 0 5 T 0.0 0 8.9 21 360 M M 4 8 27 360
2 81 56 69 -6 0 4 0.00 0.0 0 3.7 12 320 M M 1 13 10
3 84 55 70 -5 0 5 0.00 0.0 0 2.4 9 310 M M 2 1 13 310
4 85 57 71 -4 0 6 0.00 0.0 0 1.2 8 300 M M 1 10 150
5 87 59 73 -1 0 8 0.00 0.0 0 3.1 12 240 M M 1 15 230
6 86 61 74 0 0 9 0.00 0.0 0 5.9 17 250 M M 2 22 250
7 87 69 78 4 0 13 0.00 0.0 0 5.7 14 250 M M 3 16 250
8 90 67 79 5 0 14 0.00 0.0 0 5.8 15 190 M M 1 18 19 180
9 87 71 79 5 0 14 0.04 0.0 0 6.3 17 200 M M 2 38 28 200
10 93 74 84 10 0 19 0.05 0.0 0 10.5 21 240 M M 4 3 27 230
11 89 72 81 7 0 16 0.86 0.0 0 8.1 31 260 M M 3 1238 48 270
12 89 75 82 8 0 17 T 0.0 0 9.7 22 250 M M 3 3 27 260
13 85 69 77 3 0 12 T 0.0 0 7.8 16 310 M M 4 24 280
14 81 60 71 -3 0 6 0.00 0.0 0 5.8 16 30 M M 2 19 30
15 80 57 69 -5 0 4 0.00 0.0 0 5.4 17 60 M M 1 26 50
16 78 61 70 -4 0 5 0.01 0.0 0 5.2 13 60 M M 7 1 15 70
17 83 63 73 -1 0 8 0.00 0.0 0 3.8 10 80 M M 5 18 20 80
18 85 69 77 3 0 12 0.00 0.0 0 4.8 16 70 M M 4 18 21 70
19 91 67 79 6 0 14 0.00 0.0 0 1.7 13 100 M M 1 18 16 110
20 91 68 80 7 0 15 0.00 0.0 0 1.8 8 100 M M 1 18 17 160
21 90 66 78 5 0 13 0.00 0.0 0 2.5 10 250 M M 1 18 14 190
22 93 69 81 8 0 16 T 0.0 0 2.9 10 310 M M 2 18 14 300
23 90 70 80 7 0 15 0.00 0.0 0 6.2 16 290 M M 0 21 290
24 95 67 81 8 0 16 T 0.0 0 5.1 23 310 M M 1 13 35 300
25 91 72 82 10 0 17 0.04 0.0 0 3.1 18 330 M M 2 13 27 340
26 92 70 81 9 0 16 0.44 0.0 0 5.1 23 280 M M 2 13 31 270
27 89 73 81 9 0 16 0.00 0.0 0 3.2 13 230 M M 1 16 240
28 92 71 82 10 0 17 0.00 0.0 0 4.2 23 260 M M 0 13 27 250
29 93 71 82 10 0 17 0.69 0.0 0 6.8 22 310 M M 2 13 37 310
30 86 67 77 5 0 12 0.00 0.0 0 5.5 14 230 M M 3 1 18 230
31 83 63 73 2 0 8 0.00 0.0 0 6.6 15 50 M M 3 20 50
================================================================================
SM 2705 2050 0 369 2.13 0.0 158.8 M 69
================================================================================
AV 87.3 66.1 5.1 FASTST M M 2 MAX(MPH)
MISC ----> 31 260 48 270
================================================================================
NOTES:
# LAST OF SEVERAL OCCURRENCES
COLUMN 17 PEAK WIND IN M.P.H.
PRELIMINARY LOCAL CLIMATOLOGICAL DATA (WS FORM: F-6) , PAGE 2
STATION: TOLEDO OH
MONTH: AUGUST
YEAR: 2021
LATITUDE: 41 35 N
LONGITUDE: 83 48 W
[TEMPERATURE DATA] [PRECIPITATION DATA] SYMBOLS USED IN COLUMN 16
AVERAGE MONTHLY: 76.7 TOTAL FOR MONTH: 2.13 1 = FOG OR MIST
DPTR FM NORMAL: 3.2 DPTR FM NORMAL: -1.02 2 = FOG REDUCING VISIBILITY
HIGHEST: 95 ON 24 GRTST 24HR 0.86 ON 11-11 TO 1/4 MILE OR LESS
LOWEST: 55 ON 3 3 = THUNDER
SNOW, ICE PELLETS, HAIL 4 = ICE PELLETS
TOTAL MONTH: 0.0 INCH 5 = HAIL
GRTST 24HR 0.0 6 = FREEZING RAIN OR DRIZZLE
GRTST DEPTH: 0 7 = DUSTSTORM OR SANDSTORM:
VSBY 1/2 MILE OR LESS
8 = SMOKE OR HAZE
[NO. OF DAYS WITH] [WEATHER - DAYS WITH] 9 = BLOWING SNOW
X = TORNADO
MAX 32 OR BELOW: 0 0.01 INCH OR MORE: 7
MAX 90 OR ABOVE: 12 0.10 INCH OR MORE: 3
MIN 32 OR BELOW: 0 0.50 INCH OR MORE: 2
MIN 0 OR BELOW: 0 1.00 INCH OR MORE: 0
[HDD (BASE 65) ]
TOTAL THIS MO. 0 CLEAR (SCALE 0-3) 24
DPTR FM NORMAL -4 PTCLDY (SCALE 4-7) 7
TOTAL FM JUL 1 0 CLOUDY (SCALE 8-10) 0
DPTR FM NORMAL -1
[CDD (BASE 65) ]
TOTAL THIS MO. 369
DPTR FM NORMAL 103 [PRESSURE DATA]
TOTAL FM JAN 1 1095 HIGHEST SLP 30.27 ON 15
DPTR FM NORMAL 208 LOWEST SLP 29.78 ON 31
[REMARKS]
#FINAL-08-21#