000
CXUS51 KCLE 031735
CLMTOL
CLIMATE REPORT
NATIONAL WEATHER SERVICE CLEVELAND, OH
135 PM EDT MON APR 03 2023
...................................
...THE TOLEDO OH CLIMATE SUMMARY FOR THE MONTH OF MARCH 2023...
CLIMATE NORMAL PERIOD 1991 TO 2020
CLIMATE RECORD PERIOD 1873 TO 2023
WEATHER OBSERVED NORMAL DEPART LAST YEAR`S
VALUE DATE(S) VALUE FROM VALUE
NORMAL
..............................................................
TEMPERATURE (F)
RECORD
HIGH 85 03/21/2012
LOW -10 03/12/1948
HIGHEST 62 03/31
LOWEST 21 03/19
AVG. MAXIMUM 48.3 48.4 -0.1 52.8
AVG. MINIMUM 31.8 29.9 1.9 31.5
MEAN 40.1 39.2 0.9 42.1
DAYS MAX >= 90 0 0.0 0.0 0
DAYS MAX <= 32 0 3.3 -3.3 1
DAYS MIN <= 32 16 21.4 -5.4 15
DAYS MIN <= 0 0 0.2 -0.2 0
PRECIPITATION (INCHES)
RECORD
MAXIMUM 7.99 1913
MINIMUM 0.05 1910
TOTALS 3.76 2.61 1.15 2.70
DAYS >= .01 15 11.5 3.5 16
DAYS >= .10 9 6.4 2.6 7
DAYS >= .50 2 1.5 0.5 1
DAYS >= 1.00 1 0.4 0.6 0
GREATEST
24 HR. TOTAL 1.34 03/03 TO 03/03 0.86
SNOWFALL (INCHES)
RECORDS
TOTAL 17.7 1993
TOTALS 3.9 5.3 -1.4 0.5
SINCE 7/1 14.3 36.1 -21.8 30.6
DAYS >= 1.0 1 1.8 -0.8 0
GREATEST
24 HR TOTAL 2.0 03/10 TO 03/10
DEGREE DAYS
HEATING TOTAL 765 803 -38 702
SINCE 7/1 4440 5027 -587 4727
COOLING TOTAL 0 1 -1 0
SINCE 1/1 0 1 -1 0
..............................................................
WIND (MPH)
AVERAGE WIND SPEED 10.2
HIGHEST WIND SPEED/DIRECTION 41/250 DATE 03/25
HIGHEST GUST SPEED/DIRECTION 55/240 DATE 03/25
SKY COVER
AVERAGE SKY COVER 0.54
AVERAGE RH (PERCENT) 67
WEATHER CONDITIONS. NUMBER OF DAYS WITH
THUNDERSTORM 1 MIXED PRECIP 0
HEAVY RAIN 2 RAIN 5
LIGHT RAIN 11 FREEZING RAIN 0
LT FREEZING RAIN 0 HAIL 0
HEAVY SNOW 0 SNOW 2
LIGHT SNOW 6 SLEET 0
FOG 17 FOG W/VIS <= 1/4 MILE 2
HAZE 5
- INDICATES NEGATIVE NUMBERS.
R INDICATES RECORD WAS SET OR TIED.
MM INDICATES DATA IS MISSING.
T INDICATES TRACE AMOUNT.
$$