000
CXUS53 KTOP 031343
CF6TOP
PRELIMINARY LOCAL CLIMATOLOGICAL DATA (WS FORM: F-6)
STATION: TOPEKA KS
MONTH: DECEMBER
YEAR: 2021
LATITUDE: 39 4 N
LONGITUDE: 95 38 W
TEMPERATURE IN F: :PCPN: SNOW: WIND :SUNSHINE: SKY :PK WND
================================================================================
1 2 3 4 5 6A 6B 7 8 9 10 11 12 13 14 15 16 17 18
12Z AVG MX 2MIN
DY MAX MIN AVG DEP HDD CDD WTR SNW DPTH SPD SPD DIR MIN PSBL S-S WX SPD DR
================================================================================
1 67 34 51 13 14 0 0.00 0.0 0 4.5 13 250 M M 0 8 20 250
2 72 35 54 16 11 0 0.00 0.0 0 2.1 7 80 M M 0 9 320
3 65 35 50 13 15 0 0.00 0.0 0 6.9 20 10 M M 0 27 20
4 53 32 43 6 22 0 0.00 0.0 0 8.2 16 50 M M 1 21 80
5 66 39 53 16 12 0 0.00 0.0 0 12.8 31 320 M M 5 46 320
6 39 27 33 -3 32 0 0.00 0.0 0 9.4 28 340 M M 1 42 310
7 44 28 36 0 29 0 0.00 0.0 0 7.4 16 190 M M 0 24 210
8 56 23 40 4 25 0 0.00 0.0 0 5.8 14 140 M M 0 21 130
9 66 39 53 17 12 0 0.00 0.0 0 6.2 16 280 M M 0 24 150
10 67 33 50 15 15 0 T 0.0 0 12.7 28 300 M M 4 39 290
11 48 30 39 4 26 0 0.00 0.0 0 11.0 28 310 M M 2 39 310
12 56 34 45 10 20 0 0.00 0.0 0 10.2 22 200 M M 0 36 200
13 59 28 44 10 21 0 0.00 0.0 0 4.2 14 130 M M 0 20 160
14 64 40 52 18 13 0 0.00 0.0 0 12.0 22 180 M M 3 35 170
15 76 41 59 25 6 0 0.06 0.0 0 22.2 41 170 M M 5 38 64 250
16 50 29 40 6 25 0 0.00 0.0 0 6.3 18 300 M M 0 28 280
17 51 24 38 5 27 0 0.00 0.0 0 6.9 14 100 M M 4 20 120
18 34 25 30 -3 35 0 0.00 0.0 0 9.4 17 320 M M 7 24 320
19 41 19 30 -3 35 0 0.00 0.0 0 8.2 17 160 M M 5 24 170
20 49 25 37 4 28 0 0.00 0.0 0 6.4 17 360 M M 0 31 10
21 50 19 35 3 30 0 0.00 0.0 0 2.6 14 270 M M 0 20 280
22 56 19 38 6 27 0 0.00 0.0 0 6.1 17 210 M M 0 18 26 220
23 59 34 47 15 18 0 0.00 0.0 0 7.1 15 190 M M 1 12 24 200
24 74 34 54 22 11 0 0.00 0.0 0 7.9 20 210 M M 1 12 29 240
25 57 33 45 13 20 0 0.00 0.0 0 3.6 14 340 M M 0 1 23 340
26 66 29 48 16 17 0 0.00 0.0 0 8.9 24 130 M M 0 12 31 130
27 63 38 51 20 14 0 0.00 0.0 0 7.9 21 300 M M 0 34 260
28 60 22 41 10 24 0 0.05 0.0 0 11.0 26 140 M M 3 37 140
29 36 19 28 -3 37 0 0.00 0.0 0 8.3 15 40 M M 6 21 50
30 47 28 38 7 27 0 0.00 0.0 0 4.1 12 200 M M 5 1 17 180
31 61 27 44 13 21 0 0.00 0.0 0 7.8 20 360 M M 2 12 28 360
================================================================================
SM 1752 922 669 0 0.11 0.0 248.1 M 55
================================================================================
AV 56.5 29.7 8.0 FASTST M M 2 MAX(MPH)
MISC ----> 41 170 64 250
================================================================================
NOTES:
# LAST OF SEVERAL OCCURRENCES
COLUMN 17 PEAK WIND IN M.P.H.
PRELIMINARY LOCAL CLIMATOLOGICAL DATA (WS FORM: F-6) , PAGE 2
STATION: TOPEKA KS
MONTH: DECEMBER
YEAR: 2021
LATITUDE: 39 4 N
LONGITUDE: 95 38 W
[TEMPERATURE DATA] [PRECIPITATION DATA] SYMBOLS USED IN COLUMN 16
AVERAGE MONTHLY: 43.1 TOTAL FOR MONTH: 0.11 1 = FOG OR MIST
DPTR FM NORMAL: 9.2 DPTR FM NORMAL: -1.38 2 = FOG REDUCING VISIBILITY
HIGHEST: 76 ON 15 GRTST 24HR 0.06 ON 15-15 TO 1/4 MILE OR LESS
LOWEST: 19 ON 29,22 3 = THUNDER
SNOW, ICE PELLETS, HAIL 4 = ICE PELLETS
TOTAL MONTH: 0.0 INCH 5 = HAIL
GRTST 24HR 0.0 6 = FREEZING RAIN OR DRIZZLE
GRTST DEPTH: 0 7 = DUSTSTORM OR SANDSTORM:
VSBY 1/2 MILE OR LESS
8 = SMOKE OR HAZE
[NO. OF DAYS WITH] [WEATHER - DAYS WITH] 9 = BLOWING SNOW
X = TORNADO
MAX 32 OR BELOW: 0 0.01 INCH OR MORE: 2
MAX 90 OR ABOVE: 0 0.10 INCH OR MORE: 0
MIN 32 OR BELOW: 18 0.50 INCH OR MORE: 0
MIN 0 OR BELOW: 0 1.00 INCH OR MORE: 0
[HDD (BASE 65) ]
TOTAL THIS MO. 669 CLEAR (SCALE 0-3) 22
DPTR FM NORMAL -295 PTCLDY (SCALE 4-7) 9
TOTAL FM JUL 1 1389 CLOUDY (SCALE 8-10) 0
DPTR FM NORMAL -536
[CDD (BASE 65) ]
TOTAL THIS MO. 0
DPTR FM NORMAL 0 [PRESSURE DATA]
TOTAL FM JAN 1 1666 HIGHEST SLP 30.43 ON 18
DPTR FM NORMAL 132 LOWEST SLP 29.29 ON 10
[REMARKS]
#FINAL-12-21#