000
CXUS53 KTOP 011523 CCA
CF6TOP
PRELIMINARY LOCAL CLIMATOLOGICAL DATA (WS FORM: F-6)
STATION: TOPEKA KS
MONTH: JANUARY
YEAR: 2024
LATITUDE: 39 4 N
LONGITUDE: 95 38 W
TEMPERATURE IN F: :PCPN: SNOW: WIND :SUNSHINE: SKY :PK WND
================================================================================
1 2 3 4 5 6A 6B 7 8 9 10 11 12 13 14 15 16 17 18
12Z AVG MX 2MIN
DY MAX MIN AVG DEP HDD CDD WTR SNW DPTH SPD SPD DIR MIN PSBL S-S WX SPD DR
================================================================================
1 39 24 32 1 33 0 0.00 0.0 0 4.5 12 180 M M 4 14 180
2 44 21 33 3 32 0 0.00 0.0 0 2.7 12 230 M M 0 18 16 240
3 45 24 35 5 30 0 0.00 0.0 0 2.1 8 10 M M 3 12 10 290
4 39 28 34 4 31 0 0.00 0.0 0 5.8 14 120 M M 7 18 18 130
5 34 30 32 2 33 0 0.22 3.2 0 5.0 10 80 M M 6 128 15 80
6 36 30 33 3 32 0 T T 3 4.0 9 280 M M 10 18 15 310
7 39 20 30 0 35 0 0.00 0.0 1 7.0 16 100 M M 3 1 21 110
8 41 34 38 8 27 0 0.91 2.3 T 10.7 23 140 M M 8 12 42 100
9 35 17 26 -4 39 0 0.13 1.1 3 15.9 29 310 M M 8 18 43 310
10 37 13 25 -5 40 0 0.00 0.0 2 5.9 16 210 M M 0 1 23 220
11 35 16 26 -4 39 0 0.02 0.2 2 8.1 20 50 M M 5 1248 30 40
12 28 5 17 -13 48 0 T 0.5 3 16.8 28 300 M M 9 189 39 290
13 7 -6 1 -29 64 0 0.02 0.3 3 13.6 25 310 M M 3 89 33 320
14 1 -7 -3 -33 68 0 0.00 0.0 2 9.9 21 320 M M 4 27 320
15 5 -8 -1 -31 66 0 0.06 0.6 2 9.0 21 310 M M 4 8 30 310
16 15 -5 5 -25 60 0 0.00 0.0 3 7.4 16 270 M M 0 8 23 280
17 33 6 20 -10 45 0 0.00 0.0 3 6.0 14 110 M M 1 18 170
18 37 9 23 -7 42 0 0.01 0.3 3 8.0 29 320 M M 5 89 40 320
19 13 1 7 -23 58 0 0.00 0.0 2 10.9 26 320 M M 0 9 33 340
20 14 -4 5 -25 60 0 0.00 0.0 2 4.4 10 110 M M 0 13 120
21 32 7 20 -10 45 0 T 0.0 2 12.6 22 160 M M 5 31 190
22 36 30 33 3 32 0 0.06 0.0 2 7.0 16 180 M M 10 126 26 170
23 39 34 37 7 28 0 0.36 0.0 1 2.3 9 100 M M 10 1 11 100
24 41 34 38 8 27 0 0.20 0.0 T 2.1 6 320 M M 10 12 8 320
25 42 35 39 9 26 0 0.26 0.0 0 1.9 7 260 M M 10 1 8 260
26 38 33 36 6 29 0 0.00 0.0 0 4.3 13 350 M M 10 1 16 350
27 38 28 33 2 32 0 T 0.0 0 5.8 14 310 M M 9 18 19 320
28 55 26 41 10 24 0 0.00 0.0 0 2.9 12 270 M M 0 1 15 260
29 64 27 46 15 19 0 0.00 0.0 0 3.1 13 280 M M 0 8 18 250
30 62 29 46 15 19 0 0.00 0.0 0 6.1 18 310 M M 1 1 24 300
31 66 27 47 16 18 0 0.00 0.0 0 4.7 13 180 M M 0 18 200
================================================================================
SM 1090 558 1181 0 2.25 8.5 210.5 M 145
================================================================================
AV 35.2 18.0 6.8 FASTST M M 5 MAX(MPH)
MISC ----> # 29 310 43 310
================================================================================
NOTES:
# LAST OF SEVERAL OCCURRENCES
COLUMN 17 PEAK WIND IN M.P.H.
PRELIMINARY LOCAL CLIMATOLOGICAL DATA (WS FORM: F-6) , PAGE 2
STATION: TOPEKA KS
MONTH: JANUARY
YEAR: 2024
LATITUDE: 39 4 N
LONGITUDE: 95 38 W
[TEMPERATURE DATA] [PRECIPITATION DATA] SYMBOLS USED IN COLUMN 16
AVERAGE MONTHLY: 26.6 TOTAL FOR MONTH: 2.25 1 = FOG OR MIST
DPTR FM NORMAL: -3.6 DPTR FM NORMAL: 1.36 2 = FOG REDUCING VISIBILITY
HIGHEST: 66 ON 31 GRTST 24HR 1.16 ON 8- 9 TO 1/4 MILE OR LESS
LOWEST: -8 ON 15 3 = THUNDER
SNOW, ICE PELLETS, HAIL 4 = ICE PELLETS
TOTAL MONTH: 8.5 INCHES 5 = HAIL
GRTST 24HR 3.2 ON 5- 5 6 = FREEZING RAIN OR DRIZZLE
GRTST DEPTH: 3 ON 18,17 7 = DUSTSTORM OR SANDSTORM:
VSBY 1/2 MILE OR LESS
8 = SMOKE OR HAZE
[NO. OF DAYS WITH] [WEATHER - DAYS WITH] 9 = BLOWING SNOW
X = TORNADO
MAX 32 OR BELOW: 8 0.01 INCH OR MORE: 11
MAX 90 OR ABOVE: 0 0.10 INCH OR MORE: 6
MIN 32 OR BELOW: 26 0.50 INCH OR MORE: 1
MIN 0 OR BELOW: 5 1.00 INCH OR MORE: 0
[HDD (BASE 65) ]
TOTAL THIS MO. 1181 CLEAR (SCALE 0-3) 11
DPTR FM NORMAL 103 PTCLDY (SCALE 4-7) 12
TOTAL FM JUL 1 2743 CLOUDY (SCALE 8-10) 8
DPTR FM NORMAL -258
[CDD (BASE 65) ]
TOTAL THIS MO. 0
DPTR FM NORMAL 0 [PRESSURE DATA]
TOTAL FM JAN 1 0 HIGHEST SLP 30.78 ON 20
DPTR FM NORMAL 0 LOWEST SLP 29.43 ON 9
[REMARKS]
PRECIPITATION ON JANUARY 15 FROM TFOK1. DATA FROM KTOP WAS NOT
REPRESENTATIVE OF OBSERVED CONDITIONS.
#FINAL-01-24#