000
CXUS55 KCYS 011710
CF6TOR
PRELIMINARY LOCAL CLIMATOLOGICAL DATA (WS FORM: F-6)
STATION: TORRINGTON WY AIRPORT
MONTH: JANUARY
YEAR: 2024
LATITUDE: 42 3 N
LONGITUDE: 104 9 W
TEMPERATURE IN F: :PCPN: SNOW: WIND :SUNSHINE: SKY :PK WND
================================================================================
1 2 3 4 5 6A 6B 7 8 9 10 11 12 13 14 15 16 17 18
12Z AVG MX 2MIN
DY MAX MIN AVG DEP HDD CDD WTR SNW DPTH SPD SPD DIR MIN PSBL S-S WX SPD DR
================================================================================
1 51 13 32 4 33 0 0.00 M M 4.4 14 300 M M 0 17 300
2 48 16 32 4 33 0 0.00 M M 4.1 12 290 M M 0 14 280
3 45 12 29 1 36 0 0.00 M M 8.2 15 120 M M 0 20 130
4 34 17 26 -2 39 0 0.00 M M 5.6 16 110 M M 5 12 22 130
5 38 16 27 -1 38 0 T M M 8.8 17 330 M M 9 128 23 340
6 39 12 26 -2 39 0 0.00 M M 8.9 22 300 M M 0 29 310
7 35 11 23 -5 42 0 0.00 M M 7.6 20 20 M M 5 24 10
8 24 10 17 -11 48 0 T M M 12.2 26 340 M M 5 39 340
9 41 5 23 -6 42 0 0.00 M M 15.4 32 270 M M 1 47 270
10 38 18 28 -1 37 0 0.00 M M 15.9 32 270 M M 1 45 280
11 24 -7 9 -20 56 0 T M M 6.6 20 50 M M 8 18 27 40
12 6 -13 -3 -32 68 0 M M M 8.1 22 360 M M 8 18 26 360
13 -7 -25 -16 -45 81 0 M M M 9.1 21 320 M M 4 8 29 320
14 2 -19 -8 -37 73 0 T M M 7.1 18 90 M M 7 8 27 90
15 -3 -22 -12 -41 77 0 M M M 12.8 26 310 M M 5 8 37 310
16 32 -27 3 -26 62 0 0.00 M M 9.2 29 290 M M 0 42 290
17 33 15 24 -5 41 0 0.02 M M 6.7 21 270 M M 5 128 35 290
18 42 -4 19 -10 46 0 T M M 14.5 37 360 M M 5 8 54 350
19 18 -7 6 -23 59 0 0.00 M M 5.1 10 300 M M 0 14 310
20 19 0 10 -19 55 0 0.00 M M 4.7 9 80 M M 1 12 160
21 48 8 28 -1 37 0 0.00 M M 4.1 10 280 M M 1 12 280
22 49 15 32 3 33 0 0.00 M M 4.3 10 80 M M 1 12 140
23 47 21 34 5 31 0 0.00 M M 5.6 13 100 M M 5 12 15 100
24 51 24 38 9 27 0 0.00 M M 3.2 10 300 M M 6 1 14 290
25 51 19 35 6 30 0 0.00 M M 4.2 13 360 M M 1 15 320
26 48 26 37 8 28 0 0.00 M M 7.1 17 360 M M 3 24 360
27 51 20 36 7 29 0 0.00 M M 4.9 10 300 M M 0 14 310
28 59 32 46 17 19 0 0.00 M M 8.0 16 300 M M 0 22 290
29 60 30 45 16 20 0 0.00 M M 8.5 17 310 M M 0 24 340
30 63 22 43 14 22 0 0.00 M M 2.3 8 230 M M 0 18 10 240
31 66 22 44 15 21 0 0.00 M M 4.0 17 250 M M 0 22 240
================================================================================
SM 1152 260 1302 0 0.02 M 231.2 M 86
================================================================================
AV 37.2 8.4 7.5 FASTST M M 3 MAX(MPH)
MISC ----> 37 360 54 350
================================================================================
NOTES:
# LAST OF SEVERAL OCCURRENCES
COLUMN 17 PEAK WIND IN M.P.H.
PRELIMINARY LOCAL CLIMATOLOGICAL DATA (WS FORM: F-6) , PAGE 2
STATION: TORRINGTON WY AIRPORT
MONTH: JANUARY
YEAR: 2024
LATITUDE: 42 3 N
LONGITUDE: 104 9 W
[TEMPERATURE DATA] [PRECIPITATION DATA] SYMBOLS USED IN COLUMN 16
AVERAGE MONTHLY: 22.8 TOTAL FOR MONTH: 0.02 1 = FOG OR MIST
DPTR FM NORMAL: -6.0 DPTR FM NORMAL: -0.21 2 = FOG REDUCING VISIBILITY
HIGHEST: 66 ON 31 GRTST 24HR 0.08 ON 13-13 TO 1/4 MILE OR LESS
LOWEST: -27 ON 16 3 = THUNDER
SNOW, ICE PELLETS, HAIL 4 = ICE PELLETS
TOTAL MONTH: M 5 = HAIL
GRTST 24HR M ON M 6 = FREEZING RAIN OR DRIZZLE
GRTST DEPTH: M ON M 7 = DUSTSTORM OR SANDSTORM:
VSBY 1/2 MILE OR LESS
8 = SMOKE OR HAZE
[NO. OF DAYS WITH] [WEATHER - DAYS WITH] 9 = BLOWING SNOW
X = TORNADO
MAX 32 OR BELOW: 9 0.01 INCH OR MORE: 1
MAX 90 OR ABOVE: 0 0.10 INCH OR MORE: 0
MIN 32 OR BELOW: 31 0.50 INCH OR MORE: 0
MIN 0 OR BELOW: 9 1.00 INCH OR MORE: 0
[HDD (BASE 65) ]
TOTAL THIS MO. 1302 CLEAR (SCALE 0-3) 18
DPTR FM NORMAL 178 PTCLDY (SCALE 4-7) 12
TOTAL FM JUL 1 3568 CLOUDY (SCALE 8-10) 1
DPTR FM NORMAL -231
[CDD (BASE 65) ]
TOTAL THIS MO. 0
DPTR FM NORMAL 0 [PRESSURE DATA]
TOTAL FM JAN 1 0 HIGHEST SLP 30.70 ON 19
DPTR FM NORMAL 0 LOWEST SLP 29.37 ON 10
[REMARKS]
#FINAL-01-24#