000
CXUS56 KLKN 011040
CF6TPH
PRELIMINARY LOCAL CLIMATOLOGICAL DATA (WS FORM: F-6)
STATION: TONOPAH AIRPORT NV
MONTH: MAY
YEAR: 2021
LATITUDE: 38 3 N
LONGITUDE: 117 5 W
TEMPERATURE IN F: :PCPN: SNOW: WIND :SUNSHINE: SKY :PK WND
================================================================================
1 2 3 4 5 6A 6B 7 8 9 10 11 12 13 14 15 16 17 18
12Z AVG MX 2MIN
DY MAX MIN AVG DEP HDD CDD WTR SNW DPTH SPD SPD DIR MIN PSBL S-S WX SPD DR
================================================================================
1 83 53 68 14 0 3 0.00 M M 13.0 32 330 M M 0 40 330
2 66 43 55 1 10 0 0.00 M M 17.3 33 360 M M 2 38 350
3 70 37 54 -1 11 0 0.00 M M 13.3 25 320 M M 0 33 320
4 78 36 57 2 8 0 0.00 M M 9.0 21 290 M M 0 27 280
5 82 48 65 10 0 0 0.00 M M 10.2 21 180 M M 0 25 150
6 83 46 65 9 0 0 0.00 M M 12.0 30 200 M M 0 37 180
7 79 49 64 8 1 0 0.00 M M 13.3 29 360 M M 0 36 270
8 70 44 57 1 8 0 0.00 M M 16.2 26 330 M M 0 37 360
9 72 41 57 0 8 0 0.00 M M 10.4 21 340 M M 1 25 350
10 71 45 58 1 7 0 0.00 M M 16.2 28 320 M M 0 35 300
11 75 40 58 1 7 0 0.00 M M 9.7 21 360 M M 0 27 350
12 82 42 62 4 3 0 0.00 M M 6.6 20 10 M M 0 22 10
13 84 45 65 7 0 0 0.00 M M 7.1 20 200 M M 0 28 170
14 85 51 68 10 0 3 0.00 M M 8.3 28 280 M M 0 33 280
15 75 49 62 3 3 0 T M M 13.8 37 10 M M 2 8 42 20
16 68 46 57 -2 8 0 0.05 M M 16.4 31 360 M M 1 3 35 360
17 76 44 60 1 5 0 T M M 10.8 43 330 M M 3 54 320
18 83 49 66 6 0 1 0.00 M M 12.8 26 320 M M 0 32 310
19 83 48 66 6 0 1 0.00 M M 11.4 31 300 M M 0 37 290
20 66 40 53 -7 12 0 0.00 M M 23.2 40 320 M M 1 50 340
21 47 35 41 -20 24 0 T M M 17.8 30 320 M M 8 40 330
22 57 34 46 -15 19 0 T M M 9.4 29 340 M M 6 36 330
23 62 34 48 -13 17 0 0.00 M M 9.7 26 350 M M 4 31 350
24 75 36 56 -6 9 0 0.00 M M 7.0 18 350 M M 2 23 350
25 81 47 64 2 1 0 0.00 M M 11.1 24 330 M M 1 29 340
26 78 46 62 0 3 0 0.00 M M 9.7 17 340 M M 0 22 300
27 83 49 66 3 0 1 0.00 M M 7.9 17 190 M M 0 22 180
28 84 50 67 4 0 2 0.00 M M 6.9 16 270 M M 0 21 300
29 82 54 68 5 0 3 0.00 M M 10.1 24 20 M M 0 31 10
30 86 55 71 7 0 6 0.00 M M 11.8 21 10 M M 0 28 40
31 89 55 72 8 0 7 0.00 M M 12.4 21 360 M M 0 29 10
================================================================================
SM 2355 1391 164 27 0.05 M 364.8 M 31
================================================================================
AV 76.0 44.9 11.8 FASTST M M 1 MAX(MPH)
MISC ----> 43 330 54 320
================================================================================
NOTES:
# LAST OF SEVERAL OCCURRENCES
COLUMN 17 PEAK WIND IN M.P.H.
PRELIMINARY LOCAL CLIMATOLOGICAL DATA (WS FORM: F-6) , PAGE 2
STATION: TONOPAH AIRPORT NV
MONTH: MAY
YEAR: 2021
LATITUDE: 38 3 N
LONGITUDE: 117 5 W
[TEMPERATURE DATA] [PRECIPITATION DATA] SYMBOLS USED IN COLUMN 16
AVERAGE MONTHLY: 60.4 TOTAL FOR MONTH: 0.05 1 = FOG OR MIST
DPTR FM NORMAL: 1.4 DPTR FM NORMAL: -0.46 2 = FOG REDUCING VISIBILITY
HIGHEST: 89 ON 31 GRTST 24HR 0.05 ON 16-16 TO 1/4 MILE OR LESS
LOWEST: 34 ON 23,22 3 = THUNDER
SNOW, ICE PELLETS, HAIL 4 = ICE PELLETS
TOTAL MONTH: M 5 = HAIL
GRTST 24HR M ON M 6 = FREEZING RAIN OR DRIZZLE
GRTST DEPTH: M ON M 7 = DUSTSTORM OR SANDSTORM:
VSBY 1/2 MILE OR LESS
8 = SMOKE OR HAZE
[NO. OF DAYS WITH] [WEATHER - DAYS WITH] 9 = BLOWING SNOW
X = TORNADO
MAX 32 OR BELOW: 0 0.01 INCH OR MORE: 1
MAX 90 OR ABOVE: 0 0.10 INCH OR MORE: 0
MIN 32 OR BELOW: 0 0.50 INCH OR MORE: 0
MIN 0 OR BELOW: 0 1.00 INCH OR MORE: 0
[HDD (BASE 65) ]
TOTAL THIS MO. 164 CLEAR (SCALE 0-3) 28
DPTR FM NORMAL -51 PTCLDY (SCALE 4-7) 2
TOTAL FM JUL 1 5008 CLOUDY (SCALE 8-10) 1
DPTR FM NORMAL -217
[CDD (BASE 65) ]
TOTAL THIS MO. 27
DPTR FM NORMAL -4 [PRESSURE DATA]
TOTAL FM JAN 1 29 HIGHEST SLP 30.17 ON 24
DPTR FM NORMAL -2 LOWEST SLP 29.49 ON 19
[REMARKS]
#FINAL-05-21#