000
CXUS54 KFWD 010731
CF6TPL
PRELIMINARY LOCAL CLIMATOLOGICAL DATA (WS FORM: F-6)
STATION: TEMPLE
MONTH: SEPTEMBER
YEAR: 2022
LATITUDE: 31 8 N
LONGITUDE: 97 25 W
TEMPERATURE IN F: :PCPN: SNOW: WIND :SUNSHINE: SKY :PK WND
================================================================================
1 2 3 4 5 6A 6B 7 8 9 10 11 12 13 14 15 16 17 18
12Z AVG MX 2MIN
DY MAX MIN AVG DEP HDD CDD WTR SNW DPTH SPD SPD DIR MIN PSBL S-S WX SPD DR
================================================================================
1 94 74 84 2 0 19 T M M 5.8 20 50 M M 3 23 80
2 89 72 81 0 0 16 0.00 M M 4.6 8 120 M M 2 M M
3 93 75 84 3 0 19 0.01 M M 6.1 13 170 M M 3 M M
4 95 69 82 1 0 17 0.31 M M 6.9 28 10 M M 3 13 39 30
5 94 66 80 0 0 15 0.00 M M 7.1 14 170 M M 1 17 150
6 95 72 84 4 0 19 0.00 M M 6.7 23 280 M M 2 18 150
7 97 72 85 5 0 20 0.00 M M 7.1 9 360 M M 1 16 360
8 93 69 81 1 0 16 0.00 M M 5.1 10 60 M M 2 M M
9 93 70 82 3 0 17 0.00 M M 5.9 10 80 M M 2 M M
10 93 69 81 2 0 16 0.00 M M 5.8 12 80 M M 5 M M
11 88 67 78 -1 0 13 0.00 M M 8.3 17 10 M M 1 24 10
12 91 62 77 -1 0 12 0.00 M M 6.4 8 80 M M 0 M M
13 94 68 81 3 0 16 0.00 M M 7.1 13 120 M M 2 M M
14 92 67 80 2 0 15 0.00 M M 8.2 14 70 M M 2 17 130
15 91 57 74 -4 0 9 0.00 M M 7.6 12 120 M M 2 M M
16 93 70 82 5 0 17 0.00 M M 8.4 13 150 M M 3 M M
17 96 75 86 9 0 21 0.00 M M 11.7 15 150 M M 4 20 190
18 95 72 84 8 0 19 0.00 M M 8.4 16 170 M M 2 17 180
19 95 72 84 8 0 19 0.00 M M 8.3 14 150 M M 1 17 130
20 96 72 84 8 0 19 0.00 M M 7.6 13 190 M M 0 18 190
21 97 69 83 8 0 18 0.00 M M 5.8 13 130 M M 0 M M
22 99 65 82 7 0 17 0.00 M M 4.2 9 150 M M 1 M M
23 99 69 84 9 0 19 0.00 M M 6.1 13 170 M M 1 21 190
24 95 69 82 8 0 17 0.00 M M 8.3 13 190 M M 1 18 190
25 97 71 84 10 0 19 0.00 M M 4.8 10 340 M M 1 M M
26 90 56 73 -1 0 8 0.00 M M 9.0 16 20 M M 1 22 50
27 92 48 70 -3 0 5 0.00 M M 6.5 15 90 M M 0 18 50
28 91 59 75 2 0 10 0.00 M M 6.0 14 170 M M 0 17 190
29 91 59 75 2 0 10 0.00 M M 6.9 16 130 M M 0 M M
30 86 55 71 -1 0 6 0.00 M M 6.7 9 60 M M 0 M M
================================================================================
SM 2804 2010 0 463 0.32 M 207.5 M 46
================================================================================
AV 93.5 67.0 6.9 FASTST M M 2 MAX(MPH)
MISC ----> 28 10 39 30
================================================================================
NOTES:
# LAST OF SEVERAL OCCURRENCES
COLUMN 17 PEAK WIND IN M.P.H.
PRELIMINARY LOCAL CLIMATOLOGICAL DATA (WS FORM: F-6) , PAGE 2
STATION: TEMPLE
MONTH: SEPTEMBER
YEAR: 2022
LATITUDE: 31 8 N
LONGITUDE: 97 25 W
[TEMPERATURE DATA] [PRECIPITATION DATA] SYMBOLS USED IN COLUMN 16
AVERAGE MONTHLY: 80.2 TOTAL FOR MONTH: 0.32 1 = FOG OR MIST
DPTR FM NORMAL: 3.1 DPTR FM NORMAL: -3.47 2 = FOG REDUCING VISIBILITY
HIGHEST: 99 ON 23,22 GRTST 24HR 0.31 ON 4- 4 TO 1/4 MILE OR LESS
LOWEST: 48 ON 27 3 = THUNDER
SNOW, ICE PELLETS, HAIL 4 = ICE PELLETS
TOTAL MONTH: M 5 = HAIL
GRTST 24HR M ON M 6 = FREEZING RAIN OR DRIZZLE
GRTST DEPTH: M ON M 7 = DUSTSTORM OR SANDSTORM:
VSBY 1/2 MILE OR LESS
8 = SMOKE OR HAZE
[NO. OF DAYS WITH] [WEATHER - DAYS WITH] 9 = BLOWING SNOW
X = TORNADO
MAX 32 OR BELOW: 0 0.01 INCH OR MORE: 2
MAX 90 OR ABOVE: 27 0.10 INCH OR MORE: 1
MIN 32 OR BELOW: 0 0.50 INCH OR MORE: 0
MIN 0 OR BELOW: 0 1.00 INCH OR MORE: 0
[HDD (BASE 65) ]
TOTAL THIS MO. 0 CLEAR (SCALE 0-3) 27
DPTR FM NORMAL -7 PTCLDY (SCALE 4-7) 3
TOTAL FM JUL 1 0 CLOUDY (SCALE 8-10) 0
DPTR FM NORMAL -6
[CDD (BASE 65) ]
TOTAL THIS MO. 463
DPTR FM NORMAL 92 [PRESSURE DATA]
TOTAL FM JAN 1 3146 HIGHEST SLP M ON M
DPTR FM NORMAL 820 LOWEST SLP M ON M
[REMARKS]
#FINAL-09-22#