000
CXUS53 KOAX 010930
CF6TQE
PRELIMINARY LOCAL CLIMATOLOGICAL DATA (WS FORM: F-6)
STATION: TEKAMAH NE
MONTH: AUGUST
YEAR: 2023
LATITUDE: 41 46 N
LONGITUDE: 96 11 W
TEMPERATURE IN F: :PCPN: SNOW: WIND :SUNSHINE: SKY :PK WND
================================================================================
1 2 3 4 5 6A 6B 7 8 9 10 11 12 13 14 15 16 17 18
12Z AVG MX 2MIN
DY MAX MIN AVG DEP HDD CDD WTR SNW DPTH SPD SPD DIR MIN PSBL S-S WX SPD DR
================================================================================
1 85 66 76 1 0 11 T M M 5.9 13 130 M M 3 1 20 170
2 83 69 76 1 0 11 3.05 M M 6.9 22 110 M M 7 123 28 110
3 85 66 76 1 0 11 0.00 M M 2.9 9 80 M M 5 12 13 60
4 84 67 76 1 0 11 0.20 M M 2.8 15 140 M M 6 12 20 140
5 86 66 76 1 0 11 0.20 M M 8.7 16 140 M M 7 123 32 350
6 76 65 71 -3 0 6 0.09 M M 9.6 25 340 M M 8 1 35 340
7 82 60 71 -3 0 6 0.01 M M 5.5 18 350 M M 3 1 26 340
8 84 59 72 -2 0 7 0.00 M M 2.2 8 80 M M 2 1 11 210
9 82 61 72 -2 0 7 0.05 M M 3.9 20 340 M M 1 13 28 330
10 85 57 71 -3 0 6 0.00 M M 5.9 15 180 M M 3 12 20 180
11 88 62 75 1 0 10 0.00 M M 4.5 12 160 M M 0 13 21 340
12 87 59 73 -1 0 8 0.01 M M 4.1 9 170 M M 1 3 13 360
13 77 61 69 -4 0 4 0.83 M M 7.9 17 150 M M 5 13 27 350
14 76 57 67 -6 0 2 T M M 12.5 29 330 M M 3 41 330
15 81 50 66 -7 0 1 0.00 M M 3.7 8 160 M M 0 1 12 190
16 86 58 72 -1 0 7 0.00 M M 11.5 23 190 M M 0 33 200
17 78 53 66 -7 0 1 0.00 M M 8.4 20 340 M M 0 18 27 340
18 82 50 66 -6 0 1 0.00 M M 8.5 21 150 M M 1 128 27 180
19 95 63 79 7 0 14 M M M 6.7 12 170 M M 1 M M
20 92 73 83 11 0 18 0.00 M M 8.8 21 360 M M 6 1 25 360
21 96 66 81 9 0 16 0.00 M M 6.0 14 150 M M 2 1 17 150
22 97 76 87 15 0 22 0.00 M M 7.8 14 180 M M 1 1 18 190
23 98 75 87 15 0 22 0.00 M M 8.1 15 210 M M 0 1 21 220
24 100 74 87 16 0 22 0.00 M M 4.2 13 220 M M 0 19 220
25 91 69 80 9 0 15 T M M 6.9 17 350 M M 3 123 24 360
26 84 58 71 0 0 6 0.00 M M 9.6 17 360 M M 2 23 340
27 82 54 68 -3 0 3 0.00 M M 3.0 8 30 M M 0 1 11 30
28 88 57 73 3 0 8 0.00 M M 5.4 16 210 M M 0 1 21 210
29 88 57 73 3 0 8 0.00 M M 6.2 18 340 M M 0 18 24 360
30 87 55 71 1 0 6 0.00 M M 7.0 14 160 M M 0 18 22 130
31 84 55 70 0 0 5 0.00 M M 10.3 17 160 M M 0 1 30 160
================================================================================
SM 2669 1918 0 286 4.44 M 205.4 M 70
================================================================================
AV 86.1 61.9 6.6 FASTST M M 2 MAX(MPH)
MISC ----> 29 330 41 330
================================================================================
NOTES:
# LAST OF SEVERAL OCCURRENCES
COLUMN 17 PEAK WIND IN M.P.H.
PRELIMINARY LOCAL CLIMATOLOGICAL DATA (WS FORM: F-6) , PAGE 2
STATION: TEKAMAH NE
MONTH: AUGUST
YEAR: 2023
LATITUDE: 41 46 N
LONGITUDE: 96 11 W
[TEMPERATURE DATA] [PRECIPITATION DATA] SYMBOLS USED IN COLUMN 16
AVERAGE MONTHLY: 74.0 TOTAL FOR MONTH: 4.44 1 = FOG OR MIST
DPTR FM NORMAL: 1.3 DPTR FM NORMAL: 0.97 2 = FOG REDUCING VISIBILITY
HIGHEST: 100 ON 24 GRTST 24HR 3.05 ON 2- 2 TO 1/4 MILE OR LESS
LOWEST: 50 ON 18,15 3 = THUNDER
SNOW, ICE PELLETS, HAIL 4 = ICE PELLETS
TOTAL MONTH: M 5 = HAIL
GRTST 24HR M ON M 6 = FREEZING RAIN OR DRIZZLE
GRTST DEPTH: M ON M 7 = DUSTSTORM OR SANDSTORM:
VSBY 1/2 MILE OR LESS
8 = SMOKE OR HAZE
[NO. OF DAYS WITH] [WEATHER - DAYS WITH] 9 = BLOWING SNOW
X = TORNADO
MAX 32 OR BELOW: 0 0.01 INCH OR MORE: 8
MAX 90 OR ABOVE: 7 0.10 INCH OR MORE: 4
MIN 32 OR BELOW: 0 0.50 INCH OR MORE: 2
MIN 0 OR BELOW: 0 1.00 INCH OR MORE: 1
[HDD (BASE 65) ]
TOTAL THIS MO. 0 CLEAR (SCALE 0-3) 23
DPTR FM NORMAL -8 PTCLDY (SCALE 4-7) 8
TOTAL FM JUL 1 6 CLOUDY (SCALE 8-10) 0
DPTR FM NORMAL 0
[CDD (BASE 65) ]
TOTAL THIS MO. 286
DPTR FM NORMAL 40 [PRESSURE DATA]
TOTAL FM JAN 1 985 HIGHEST SLP 30.18 ON 15
DPTR FM NORMAL 85 LOWEST SLP 29.63 ON 10
[REMARKS]
#FINAL-08-23#