000
CXUS55 KTWC 080558
CF6TUS
PRELIMINARY LOCAL CLIMATOLOGICAL DATA (WS FORM: F-6)
STATION: TUCSON AZ
MONTH: JUNE
YEAR: 2022
LATITUDE: 32 7 N
LONGITUDE: 110 56 W
TEMPERATURE IN F: :PCPN: SNOW: WIND :SUNSHINE: SKY :PK WND
================================================================================
1 2 3 4 5 6A 6B 7 8 9 10 11 12 13 14 15 16 17 18
12Z AVG MX 2MIN
DY MAX MIN AVG DEP HDD CDD WTR SNW DPTH SPD SPD DIR MIN PSBL S-S WX SPD DR
================================================================================
1 101 67 84 2 0 19 0.00 M M 7.1 16 320 M M 0 24 300
2 102 67 85 2 0 20 0.00 M M 6.7 20 270 M M 0 27 270
3 101 68 85 2 0 20 0.00 M M 8.2 18 250 M M 0 28 280
4 99 74 87 4 0 22 0.00 M M 8.2 21 210 M M 0 32 220
5 100 66 83 -1 0 18 0.00 M M 6.6 17 270 M M 0 24 270
6 102 70 86 2 0 21 0.00 M M 6.2 16 280 M M 0 26 280
7 105 74 90 6 0 25 0.00 M M 6.5 15 270 M M 0 8 23 340
8 107 78 93 8 0 28 0.00 M M 6.4 20 190 M M 0 8 26 200
9 106 84 95 10 0 30 0.00 M M 7.6 26 250 M M 0 8 39 230
10 109 78 94 9 0 29 0.00 M M 6.4 26 220 M M 0 38 38 220
11 109 80 95 10 0 30 0.00 M M 8.6 18 320 M M 0 27 330
12 108 81 95 9 0 30 0.00 M M 8.1 21 300 M M 0 28 300
13 106 80 93 7 0 28 0.00 M M 9.1 23 270 M M 0 35 260
14 103 77 90 4 0 25 0.00 M M 10.2 23 240 M M 0 33 250
15 105 71 88 2 0 23 0.00 M M 5.4 15 280 M M 0 19 270
16 111 72 92 5 0 27 0.00 M M 6.0 22 280 M M 0 31 280
17 97 85 91 4 0 26 0.00 M M 8.9 23 170 M M 1 40 180
18 96 79 88 1 0 23 0.05 M M 8.9 21 240 M M 2 3 33 240
19 100 76 88 1 0 23 0.00 M M 9.6 23 270 M M 3 31 230
20 101 74 88 1 0 23 0.00 M M 6.1 25 190 M M 0 3 33 180
21 101 75 88 0 0 23 T M M 11.1 29 160 M M 2 3 39 120
22 102 76 89 1 0 24 0.00 M M 13.1 29 120 M M 1 3 42 120
23 103 80 92 4 0 27 T M M 11.2 24 150 M M 1 38 36 270
24 102 75 89 1 0 24 T M M 7.4 30 170 M M 1 3 38 140
25 101 79 90 2 0 25 0.00 M M 6.9 21 130 M M 2 27 120
26 96 81 89 1 0 24 0.00 M M 11.6 24 120 M M 3 3 31 130
27 96 71 84 -4 0 19 0.11 M M 9.3 24 130 M M M 3 32 120
28 101 80 91 3 0 26 0.00 M M 10.2 22 120 M M M 28 140
29 99 80 90 2 0 25 0.00 M M 9.7 22 200 M M M 8 29 200
30 101 78 90 2 0 25 0.07 M M 6.3 18 200 M M 2 3 28 200
================================================================================
SM 3070 2276 0 732 0.23 M 247.6 M 18
================================================================================
AV102.3 75.9 8.3 FASTST M M 1 MAX(MPH)
MISC ----> 30 170 42 120
================================================================================
NOTES:
# LAST OF SEVERAL OCCURRENCES
COLUMN 17 PEAK WIND IN M.P.H.
PRELIMINARY LOCAL CLIMATOLOGICAL DATA (WS FORM: F-6) , PAGE 2
STATION: TUCSON AZ
MONTH: JUNE
YEAR: 2022
LATITUDE: 32 7 N
LONGITUDE: 110 56 W
[TEMPERATURE DATA] [PRECIPITATION DATA] SYMBOLS USED IN COLUMN 16
AVERAGE MONTHLY: 89.1 TOTAL FOR MONTH: 0.23 1 = FOG OR MIST
DPTR FM NORMAL: 3.0 DPTR FM NORMAL: -0.00 2 = FOG REDUCING VISIBILITY
HIGHEST: 111 ON 16 GRTST 24HR 0.11 ON 27-27 TO 1/4 MILE OR LESS
LOWEST: 66 ON 5 3 = THUNDER
SNOW, ICE PELLETS, HAIL 4 = ICE PELLETS
TOTAL MONTH: M 5 = HAIL
GRTST 24HR M ON M 6 = FREEZING RAIN OR DRIZZLE
GRTST DEPTH: M ON M 7 = DUSTSTORM OR SANDSTORM:
VSBY 1/2 MILE OR LESS
8 = SMOKE OR HAZE
[NO. OF DAYS WITH] [WEATHER - DAYS WITH] 9 = BLOWING SNOW
X = TORNADO
MAX 32 OR BELOW: 0 0.01 INCH OR MORE: 3
MAX 90 OR ABOVE: 30 0.10 INCH OR MORE: 1
MIN 32 OR BELOW: 0 0.50 INCH OR MORE: 0
MIN 0 OR BELOW: 0 1.00 INCH OR MORE: 0
[HDD (BASE 65) ]
TOTAL THIS MO. 0 CLEAR (SCALE 0-3) 25
DPTR FM NORMAL 0 PTCLDY (SCALE 4-7) 2
TOTAL FM JUL 1 1044 CLOUDY (SCALE 8-10) 3
DPTR FM NORMAL -287
[CDD (BASE 65) ]
TOTAL THIS MO. 732
DPTR FM NORMAL 98 [PRESSURE DATA]
TOTAL FM JAN 1 1450 HIGHEST SLP 30.08 ON 27
DPTR FM NORMAL 261 LOWEST SLP 27.22 ON 17
[REMARKS]
#FINAL-06-22#