000
CXUS55 KREV 010917
CF6TVL
PRELIMINARY LOCAL CLIMATOLOGICAL DATA (WS FORM: F-6)
STATION: SOUTH LAKE TAHOE CA
MONTH: APRIL
YEAR: 2021
LATITUDE: 38 53 N
LONGITUDE: 119 60 W
TEMPERATURE IN F: :PCPN: SNOW: WIND :SUNSHINE: SKY :PK WND
================================================================================
1 2 3 4 5 6A 6B 7 8 9 10 11 12 13 14 15 16 17 18
12Z AVG MX 2MIN
DY MAX MIN AVG DEP HDD CDD WTR SNW DPTH SPD SPD DIR MIN PSBL S-S WX SPD DR
================================================================================
1 63 24 44 6 21 0 0.00 M M 3.9 16 180 M M 0 25 180
2 65 25 45 7 20 0 0.00 M M 4.4 20 190 M M 0 28 180
3 67 27 47 9 18 0 0.00 M M 3.3 17 190 M M 0 22 190
4 65 29 47 9 18 0 0.00 M M 7.2 20 190 M M 0 27 190
5 55 28 42 4 23 0 T M M 6.6 23 190 M M 1 31 180
6 61 24 43 5 22 0 0.00 M M 3.1 12 40 M M 0 17 30
7 59 26 43 4 22 0 0.00 M M 8.2 20 180 M M 1 32 210
8 58 25 42 3 23 0 0.00 M M 3.5 14 190 M M 0 20 190
9 61 25 43 4 22 0 0.00 M M 4.3 18 190 M M 0 29 190
10 64 24 44 5 21 0 0.00 M M 2.9 17 190 M M 0 22 180
11 63 24 44 5 21 0 0.00 M M 4.1 12 20 M M 0 16 30
12 59 25 42 2 23 0 0.00 M M 2.7 13 20 M M 0 17 20
13 53 31 42 2 23 0 0.48 M M 8.8 26 190 M M 4 12 43 190
14 40 24 32 -8 33 0 0.28 M M 2.5 10 170 M M 8 128 11 180
15 50 21 36 -4 29 0 0.00 M M 3.4 10 190 M M 2 16 170
16 55 26 41 1 24 0 0.00 M M 4.2 14 20 M M 3 20 60
17 54 26 40 0 25 0 0.00 M M 6.0 21 40 M M 0 29 30
18 64 26 45 4 20 0 0.00 M M 2.3 12 20 M M 0 16 30
19 67 27 47 6 18 0 0.00 M M 3.8 17 190 M M 0 22 180
20 62 28 45 4 20 0 T M M 3.9 17 190 M M 1 27 200
21 59 32 46 5 19 0 0.01 M M 3.7 14 20 M M 3 21 40
22 59 27 43 1 22 0 0.00 M M 4.6 17 190 M M 0 29 210
23 62 28 45 3 20 0 0.00 M M 6.3 21 170 M M 0 32 160
24 50 39 45 3 20 0 T M M 14.7 29 200 M M 7 47 180
25 M M M M M M 0.09 M M 9.3 25 180 M M 10 18 33 180
26 43 M M M M M T M M 6.3 20 180 M M 5 26 190
27 47 25 36 -7 29 0 0.00 M M 6.7 22 40 M M 6 27 40
28 64 22 43 0 22 0 0.00 M M 3.6 12 30 M M 0 16 10
29 75 29 52 8 13 0 0.00 M M 3.3 12 180 M M 0 16 40
30 M 37 M M M M 0.00 M M 7.0 20 190 M M 0 26 190
================================================================================
SM 1644 754 591 0 0.86 M 154.6 M 51
================================================================================
AV 58.7 26.9 5.2 FASTST M M 2 MAX(MPH)
MISC ----> 29 200 47 180
================================================================================
NOTES:
# LAST OF SEVERAL OCCURRENCES
COLUMN 17 PEAK WIND IN M.P.H.
PRELIMINARY LOCAL CLIMATOLOGICAL DATA (WS FORM: F-6) , PAGE 2
STATION: SOUTH LAKE TAHOE CA
MONTH: APRIL
YEAR: 2021
LATITUDE: 38 53 N
LONGITUDE: 119 60 W
[TEMPERATURE DATA] [PRECIPITATION DATA] SYMBOLS USED IN COLUMN 16
AVERAGE MONTHLY: 42.8 TOTAL FOR MONTH: 0.86 1 = FOG OR MIST
DPTR FM NORMAL: 2.4 DPTR FM NORMAL: -0.18 2 = FOG REDUCING VISIBILITY
HIGHEST: 75 ON 29 GRTST 24HR 0.76 ON 13-14 TO 1/4 MILE OR LESS
LOWEST: 21 ON 15 3 = THUNDER
SNOW, ICE PELLETS, HAIL 4 = ICE PELLETS
TOTAL MONTH: M 5 = HAIL
GRTST 24HR M ON M 6 = FREEZING RAIN OR DRIZZLE
GRTST DEPTH: M ON M 7 = DUSTSTORM OR SANDSTORM:
VSBY 1/2 MILE OR LESS
8 = SMOKE OR HAZE
[NO. OF DAYS WITH] [WEATHER - DAYS WITH] 9 = BLOWING SNOW
X = TORNADO
MAX 32 OR BELOW: 0 0.01 INCH OR MORE: 4
MAX 90 OR ABOVE: 0 0.10 INCH OR MORE: 2
MIN 32 OR BELOW: 26 0.50 INCH OR MORE: 0
MIN 0 OR BELOW: 0 1.00 INCH OR MORE: 0
[HDD (BASE 65) ]
TOTAL THIS MO. 591 CLEAR (SCALE 0-3) 24
DPTR FM NORMAL -147 PTCLDY (SCALE 4-7) 5
TOTAL FM JUL 1 6270 CLOUDY (SCALE 8-10) 1
DPTR FM NORMAL -620
[CDD (BASE 65) ]
TOTAL THIS MO. 0
DPTR FM NORMAL 0 [PRESSURE DATA]
TOTAL FM JAN 1 0 HIGHEST SLP M ON M
DPTR FM NORMAL 0 LOWEST SLP 29.64 ON 13
[REMARKS]
#FINAL-04-21#