000
CXUS55 KREV 051536
CF6TVL
PRELIMINARY LOCAL CLIMATOLOGICAL DATA (WS FORM: F-6)
STATION: SOUTH LAKE TAHOE CA
MONTH: FEBRUARY
YEAR: 2021
LATITUDE: 38 53 N
LONGITUDE: 119 60 W
TEMPERATURE IN F: :PCPN: SNOW: WIND :SUNSHINE: SKY :PK WND
================================================================================
1 2 3 4 5 6A 6B 7 8 9 10 11 12 13 14 15 16 17 18
12Z AVG MX 2MIN
DY MAX MIN AVG DEP HDD CDD WTR SNW DPTH SPD SPD DIR MIN PSBL S-S WX SPD DR
================================================================================
1 49 26 38 8 27 0 0.00 M M 11.7 29 190 M M 2 41 170
2 42 30 36 6 29 0 0.14 M M 12.6 29 190 M M 7 1 42 190
3 33 19 26 -4 39 0 T M M 9.3 28 190 M M 8 18 42 180
4 42 8 25 -5 40 0 0.00 M M 2.9 8 40 M M 0 12 30
5 53 10 32 2 33 0 0.00 M M 3.6 12 20 M M 0 15 30
6 51 11 31 1 34 0 0.00 M M 2.7 13 30 M M 0 13 30
7 51 13 32 2 33 0 0.00 M M 3.4 8 30 M M 0 10 30
8 51 14 33 3 32 0 0.00 M M 4.8 17 180 M M 4 23 190
9 42 33 38 8 27 0 T M M 7.2 15 190 M M 9 18 19 190
10 49 26 38 8 27 0 T M M 2.1 10 30 M M 5 1 12 30
11 47 24 36 6 29 0 0.66 M M 6.9 18 180 M M 6 1 26 180
12 43 17 30 0 35 0 0.18 M M 5.0 17 210 M M 4 1 28 160
13 37 19 28 -2 37 0 0.17 M M 5.8 17 200 M M 7 128 27 210
14 38 18 28 -3 37 0 0.01 M M 5.8 16 190 M M 9 22 180
15 41 33 37 6 28 0 0.01 M M 12.7 22 190 M M 9 1 29 180
16 40 20 30 -1 35 0 0.00 M M 2.8 14 30 M M 2 19 180
17 36 14 25 -6 40 0 0.00 M M 4.2 17 20 M M 2 24 20
18 42 8 25 -6 40 0 T M M 6.4 17 180 M M 4 24 180
19 45 32 39 8 26 0 0.01 M M 14.6 28 190 M M 7 40 190
20 36 15 26 -6 39 0 0.17 M M 4.8 22 200 M M 4 12 38 180
21 44 9 27 -5 38 0 0.00 M M 3.2 12 30 M M 0 18 30
22 53 18 36 4 29 0 0.00 M M 2.4 10 40 M M 0 12 40
23 52 20 36 4 29 0 0.00 M M 3.8 16 20 M M 0 21 10
24 44 12 28 -4 37 0 0.00 M M 4.7 16 70 M M 0 27 70
25 47 11 29 -3 36 0 0.00 M M 3.6 13 30 M M 0 14 20
26 47 13 30 -2 35 0 0.00 M M 5.2 20 180 M M 0 24 180
27 36 15 26 -7 39 0 0.00 M M 3.1 15 30 M M 0 23 360
28 44 13 29 -4 36 0 0.00 M M 3.0 12 30 M M 0 15 30
================================================================================
SM 1235 501 946 0 1.35 M 158.3 M 89
================================================================================
AV 44.1 17.9 5.7 FASTST M M 3 MAX(MPH)
MISC ----> # 29 190 # 42 190
================================================================================
NOTES:
# LAST OF SEVERAL OCCURRENCES
COLUMN 17 PEAK WIND IN M.P.H.
PRELIMINARY LOCAL CLIMATOLOGICAL DATA (WS FORM: F-6) , PAGE 2
STATION: SOUTH LAKE TAHOE CA
MONTH: FEBRUARY
YEAR: 2021
LATITUDE: 38 53 N
LONGITUDE: 119 60 W
[TEMPERATURE DATA] [PRECIPITATION DATA] SYMBOLS USED IN COLUMN 16
AVERAGE MONTHLY: 31.0 TOTAL FOR MONTH: 1.35 1 = FOG OR MIST
DPTR FM NORMAL: 0.1 DPTR FM NORMAL: -1.27 2 = FOG REDUCING VISIBILITY
HIGHEST: 53 ON 22, 5 GRTST 24HR 0.84 ON 11-12 TO 1/4 MILE OR LESS
LOWEST: 8 ON 18, 4 3 = THUNDER
SNOW, ICE PELLETS, HAIL 4 = ICE PELLETS
TOTAL MONTH: M 5 = HAIL
GRTST 24HR M ON M 6 = FREEZING RAIN OR DRIZZLE
GRTST DEPTH: M ON M 7 = DUSTSTORM OR SANDSTORM:
VSBY 1/2 MILE OR LESS
8 = SMOKE OR HAZE
[NO. OF DAYS WITH] [WEATHER - DAYS WITH] 9 = BLOWING SNOW
X = TORNADO
MAX 32 OR BELOW: 0 0.01 INCH OR MORE: 8
MAX 90 OR ABOVE: 0 0.10 INCH OR MORE: 5
MIN 32 OR BELOW: 26 0.50 INCH OR MORE: 1
MIN 0 OR BELOW: 0 1.00 INCH OR MORE: 0
[HDD (BASE 65) ]
TOTAL THIS MO. 946 CLEAR (SCALE 0-3) 15
DPTR FM NORMAL -9 PTCLDY (SCALE 4-7) 10
TOTAL FM JUL 1 4736 CLOUDY (SCALE 8-10) 3
DPTR FM NORMAL -500
[CDD (BASE 65) ]
TOTAL THIS MO. 0
DPTR FM NORMAL 0 [PRESSURE DATA]
TOTAL FM JAN 1 0 HIGHEST SLP M ON M
DPTR FM NORMAL 0 LOWEST SLP 29.91 ON 2
[REMARKS]
THE AVERAGE TEMPERATURE FOR FEBRUARY 2021 AT THE SOUTH LAKE TAHOE
AIRPORT WAS 31.0 DEGREES WHICH IS 0.1 DEGREES BELOW NORMAL. THE
HIGHEST TEMPERATURE FOR FEBRUARY WAS 53 DEGREES WHICH OCCURRED ON
THE 5TH AND 22ND. THE LOWEST TEMPERATURE FOR THE MONTH WAS 8 DEGREES
WHICH OCCURRED ON THE 4TH AND 18TH.
FOR FEBRUARY 2021, 1.35 INCHES OF PRECIPITATION WAS RECORDED AT THE
SOUTH LAKE TAHOE AIRPORT. THIS IS 1.27 INCHES BELOW NORMAL.
THE AVERAGE WIND SPEED FOR FEBRUARY 2021 WAS 5.7 MPH. THE PEAK WIND
GUST FOR THE MONTH WAS 42 MPH FROM THE SOUTH ON THE 2ND AND 3RD.
#FINAL-02-21#