000
CXUS55 KREV 010938
CLMTVL
CLIMATE REPORT
NATIONAL WEATHER SERVICE RENO NV
238 AM PDT TUE AUG 01 2023
...................................
...THE SOUTH LAKE TAHOE CA CLIMATE SUMMARY FOR THE MONTH OF JULY 2023...
THE AVERAGE TEMPERATURE FOR JULY 2023 AT THE SOUTH LAKE TAHOE
AIRPORT WAS 64.3 DEGREES, WHICH IS 2.8 DEGREES ABOVE NORMAL. THE
HIGHEST TEMPERATURE FOR JULY WAS 93 DEGREES, WHICH OCCURRED ON THE
16TH. THE LOWEST TEMPERATURE FOR THE MONTH WAS 37 DEGREES, WHICH
OCCURRED ON THE 13TH AND 25TH.
FOR JULY 2023, 0.00 INCHES OF PRECIPITATION WERE RECORDED AT THE
SOUTH LAKE TAHOE AIRPORT. THIS IS 0.01 INCHES BELOW NORMAL FOR THE
MONTH AND ALSO TIED THE LOWEST ALL TIME RECORD OF 0.00 SET IN 2000.
THE AVERAGE WIND SPEED FOR JULY 2023 WAS 4.3 MPH. THE PEAK WIND GUST
FOR THE MONTH WAS 37 MPH FROM THE SOUTH ON THE 23RD.
CLIMATE NORMAL PERIOD 1991 TO 2020
CLIMATE RECORD PERIOD 1968 TO 2023
WEATHER OBSERVED NORMAL DEPART LAST YEAR`S
VALUE DATE(S) VALUE FROM VALUE
NORMAL
..............................................................
TEMPERATURE (F)
RECORD
HIGH 99 07/22/1988
LOW 25 07/01/1976
HIGHEST 93 07/16 99 -6
LOWEST 37 07/13 25 12
07/25
AVG. MAXIMUM 83.4 80.4 3.0
AVG. MINIMUM 45.3 42.5 2.8
MEAN 64.3 61.5 2.8
DAYS MAX >= 90 5 0.7 4.3
DAYS MAX <= 32 0 0.0 0.0
DAYS MIN <= 32 0 0.8 -0.8
DAYS MIN <= 0 0 0.0 0.0
PRECIPITATION (INCHES)
RECORD
MAXIMUM 2.17 2003
MINIMUM 0.00 2023
TOTALS 0.00R
DAILY AVG. 0.00 0.01 -0.01
DAYS >= .01 0 2.1 -2.1
DAYS >= .10 0 0.9 -0.9
DAYS >= .50 0 0.2 -0.2
DAYS >= 1.00 0 0.1 -0.1
GREATEST
24 HR. TOTAL T 07/03 TO 07/03
STORM TOTAL 0.00
(MM/DD(HH))
DEGREE DAYS
HEATING TOTAL 56 128 -72
SINCE 7/1 56 126 -70
COOLING TOTAL 43 18 25
SINCE 1/1 43 20 23
..............................................................
WIND (MPH)
AVERAGE WIND SPEED 4.3
HIGHEST WIND SPEED/DIRECTION 26/190 DATE 07/23
HIGHEST GUST SPEED/DIRECTION 37/200 DATE 07/23
AVERAGE RH (PERCENT) 47
WEATHER CONDITIONS. NUMBER OF DAYS WITH
THUNDERSTORM 0 MIXED PRECIP 0
HEAVY RAIN 0 RAIN 0
LIGHT RAIN 0 FREEZING RAIN 0
LT FREEZING RAIN 0 HAIL 0
HEAVY SNOW 0 SNOW 0
LIGHT SNOW 0 SLEET 0
FOG 0 FOG W/VIS <= 1/4 MILE 0
HAZE 1
- INDICATES NEGATIVE NUMBERS.
R INDICATES RECORD WAS SET OR TIED.
MM INDICATES DATA IS MISSING.
T INDICATES TRACE AMOUNT.
$$