000
CXUS54 KSHV 011400
CF6TXK
PRELIMINARY LOCAL CLIMATOLOGICAL DATA (WS FORM: F-6)
STATION: TEXARKANA
MONTH: DECEMBER
YEAR: 2023
LATITUDE: 33 27 N
LONGITUDE: 94 0 W
TEMPERATURE IN F: :PCPN: SNOW: WIND :SUNSHINE: SKY :PK WND
================================================================================
1 2 3 4 5 6A 6B 7 8 9 10 11 12 13 14 15 16 17 18
12Z AVG MX 2MIN
DY MAX MIN AVG DEP HDD CDD WTR SNW DPTH SPD SPD DIR MIN PSBL S-S WX SPD DR
================================================================================
1 63 44 54 5 11 0 0.00 0.0 0 6.9 15 230 M M 4 12 19 240
2 60 39 50 1 15 0 0.00 0.0 0 4.4 10 310 M M 1 1 16 60
3 68 41 55 6 10 0 0.00 0.0 0 6.9 16 320 M M 0 19 200
4 61 40 51 2 14 0 0.00 0.0 0 6.0 15 310 M M 0 21 320
5 65 36 51 3 14 0 0.00 0.0 0 5.9 17 310 M M 0 25 300
6 57 36 47 -1 18 0 0.00 0.0 0 4.2 10 90 M M 0 16 80
7 66 42 54 6 11 0 0.00 0.0 0 9.9 17 180 M M 0 26 200
8 68 52 60 12 5 0 0.00 0.0 0 12.0 20 180 M M 8 8 28 170
9 73 48 61 13 4 0 0.00 0.0 0 11.6 22 260 M M 4 31 250
10 54 35 45 -2 20 0 0.00 0.0 0 8.1 16 320 M M 0 23 330
11 58 28 43 -4 22 0 0.00 0.0 0 3.8 10 170 M M 0 14 180
12 62 33 48 1 17 0 0.00 0.0 0 2.7 9 130 M M 0 12 110
13 58 36 47 0 18 0 0.00 0.0 0 6.5 10 60 M M 0 19 50
14 64 37 51 5 14 0 0.00 0.0 0 6.7 13 70 M M 1 20 70
15 61 43 52 6 13 0 0.36 0.0 0 5.9 16 310 M M 6 1 19 310
16 53 39 46 0 19 0 T 0.0 0 6.9 16 320 M M 7 1 20 340
17 62 32 47 1 18 0 0.00 0.0 0 2.2 9 240 M M 1 12 13 320
18 62 35 49 3 16 0 0.00 0.0 0 7.0 15 340 M M 0 22 340
19 51 30 41 -5 24 0 0.00 0.0 0 5.2 14 130 M M 0 21 120
20 62 33 48 2 17 0 0.00 0.0 0 6.1 13 150 M M 0 18 180
21 58 41 50 5 15 0 T 0.0 0 4.2 10 150 M M 7 13 160
22 58 49 54 9 11 0 0.09 0.0 0 2.1 8 130 M M 10 12 13 130
23 66 52 59 14 6 0 0.06 0.0 0 6.0 15 130 M M 9 12 24 140
24 61 57 59 14 6 0 0.56 0.0 0 9.9 20 150 M M 10 1 29 150
25 58 36 47 2 18 0 0.00 0.0 0 10.0 22 290 M M 7 30 280
26 54 30 42 -3 23 0 0.00 0.0 0 6.2 14 190 M M 1 18 180
27 51 33 42 -3 23 0 0.00 0.0 0 9.6 23 300 M M 1 33 290
28 44 30 37 -8 28 0 0.00 0.0 0 8.7 18 310 M M 7 26 310
29 50 32 41 -4 24 0 0.00 0.0 0 8.0 18 290 M M 1 26 250
30 59 29 44 0 21 0 0.00 0.0 0 5.4 14 240 M M 0 18 240
31 63 38 51 7 14 0 0.00 0.0 0 6.3 13 220 M M 0 17 210
================================================================================
SM 1850 1186 489 0 1.07 0.0 205.3 M 85
================================================================================
AV 59.7 38.3 6.6 FASTST M M 3 MAX(MPH)
MISC ----> 23 300 33 290
================================================================================
NOTES:
# LAST OF SEVERAL OCCURRENCES
COLUMN 17 PEAK WIND IN M.P.H.
PRELIMINARY LOCAL CLIMATOLOGICAL DATA (WS FORM: F-6) , PAGE 2
STATION: TEXARKANA
MONTH: DECEMBER
YEAR: 2023
LATITUDE: 33 27 N
LONGITUDE: 94 0 W
[TEMPERATURE DATA] [PRECIPITATION DATA] SYMBOLS USED IN COLUMN 16
AVERAGE MONTHLY: 49.0 TOTAL FOR MONTH: 1.07 1 = FOG OR MIST
DPTR FM NORMAL: 2.6 DPTR FM NORMAL: -3.61 2 = FOG REDUCING VISIBILITY
HIGHEST: 73 ON 9 GRTST 24HR 1.11 ON 30- 1 TO 1/4 MILE OR LESS
LOWEST: 28 ON 11 3 = THUNDER
SNOW, ICE PELLETS, HAIL 4 = ICE PELLETS
TOTAL MONTH: 0.0 INCH 5 = HAIL
GRTST 24HR 0.0 6 = FREEZING RAIN OR DRIZZLE
GRTST DEPTH: 0 7 = DUSTSTORM OR SANDSTORM:
VSBY 1/2 MILE OR LESS
8 = SMOKE OR HAZE
[NO. OF DAYS WITH] [WEATHER - DAYS WITH] 9 = BLOWING SNOW
X = TORNADO
MAX 32 OR BELOW: 0 0.01 INCH OR MORE: 4
MAX 90 OR ABOVE: 0 0.10 INCH OR MORE: 2
MIN 32 OR BELOW: 7 0.50 INCH OR MORE: 1
MIN 0 OR BELOW: 0 1.00 INCH OR MORE: 0
[HDD (BASE 65) ]
TOTAL THIS MO. 489 CLEAR (SCALE 0-3) 20
DPTR FM NORMAL -89 PTCLDY (SCALE 4-7) 7
TOTAL FM JUL 1 895 CLOUDY (SCALE 8-10) 4
DPTR FM NORMAL -143
[CDD (BASE 65) ]
TOTAL THIS MO. 0
DPTR FM NORMAL -4 [PRESSURE DATA]
TOTAL FM JAN 1 2966 HIGHEST SLP 30.59 ON 13
DPTR FM NORMAL 717 LOWEST SLP 29.72 ON 24
[REMARKS]
#FINAL-12-23#