000
CXUS54 KSHV 011500
CF6TYR
PRELIMINARY LOCAL CLIMATOLOGICAL DATA (WS FORM: F-6)
STATION: TYLER
MONTH: JUNE
YEAR: 2020
LATITUDE: 32 22 N
LONGITUDE: 95 24 W
TEMPERATURE IN F: :PCPN: SNOW: WIND :SUNSHINE: SKY :PK WND
================================================================================
1 2 3 4 5 6A 6B 7 8 9 10 11 12 13 14 15 16 17 18
12Z AVG MX 2MIN
DY MAX MIN AVG DEP HDD CDD WTR SNW DPTH SPD SPD DIR MIN PSBL S-S WX SPD DR
================================================================================
1 86 66 76 -1 0 11 0.00 0.0 0 4.2 10 110 M M 0 12 70
2 90 70 80 3 0 15 0.00 0.0 0 4.9 13 170 M M 2 15 170
3 92 72 82 5 0 17 T 0.0 0 6.9 13 180 M M 0 18 190
4 92 72 82 4 0 17 0.00 0.0 0 8.1 15 190 M M 1 19 190
5 94 74 84 6 0 19 0.00 0.0 0 6.0 12 250 M M 1 17 210
6 97 73 85 7 0 20 0.45 0.0 0 4.5 26 80 M M 1 13 41 80
7 93 73 83 5 0 18 0.00 0.0 0 6.8 17 50 M M 1 22 50
8 95 74 85 7 0 20 0.00 0.0 0 7.0 14 340 M M 1 21 350
9 95 77 86 8 0 21 0.00 0.0 0 13.8 26 330 M M 2 3 32 330
10 88 65 77 -2 0 12 0.00 0.0 0 10.5 22 330 M M 0 28 310
11 90 58 74 -5 0 9 0.00 0.0 0 4.4 13 50 M M 0 19 50
12 91 62 77 -2 0 12 0.00 0.0 0 4.0 14 30 M M 0 21 50
13 93 65 79 0 0 14 0.00 0.0 0 4.8 14 80 M M 0 19 80
14 94 68 81 2 0 16 0.00 0.0 0 5.5 14 110 M M 1 19 130
15 95 72 84 4 0 19 0.19 0.0 0 5.5 24 160 M M 1 3 29 170
16 91 72 82 2 0 17 0.02 0.0 0 5.5 28 120 M M 3 3 35 130
17 91 72 82 2 0 17 0.00 0.0 0 7.8 15 180 M M 0 20 180
18 93 70 82 2 0 17 0.00 0.0 0 8.7 17 180 M M 0 26 170
19 93 70 82 2 0 17 0.00 0.0 0 9.1 17 160 M M 1 21 200
20 89 69 79 -1 0 14 T 0.0 0 9.5 17 170 M M 4 22 170
21 88 74 81 1 0 16 0.00 0.0 0 9.4 22 180 M M 3 31 180
22 88 71 80 -1 0 15 T 0.0 0 8.7 23 180 M M 3 3 26 180
23 90 71 81 0 0 16 0.55 0.0 0 9.3 25 170 M M 4 13 32 170
24 88 72 80 -1 0 15 0.00 0.0 0 6.4 14 70 M M 4 19 50
25 87 73 80 -1 0 15 0.07 0.0 0 6.9 18 150 M M 6 1 23 150
26 87 73 80 -1 0 15 0.99 0.0 0 9.9 26 240 M M 8 138 37 230
27 91 78 85 4 0 20 T 0.0 0 11.4 21 180 M M 6 8 26 180
28 91 77 84 3 0 19 0.01 0.0 0 12.8 24 190 M M 4 18 30 200
29 91 79 85 4 0 20 T 0.0 0 14.6 24 190 M M 6 32 200
30 91 80 86 4 0 21 0.00 0.0 0 14.4 24 190 M M 5 8 33 200
================================================================================
SM 2734 2142 0 494 2.28 0.0 241.3 M 68
================================================================================
AV 91.1 71.4 8.0 FASTST M M 2 MAX(MPH)
MISC ----> # 28 120 # 41 80
================================================================================
NOTES:
# LAST OF SEVERAL OCCURRENCES
COLUMN 17 PEAK WIND IN M.P.H.
PRELIMINARY LOCAL CLIMATOLOGICAL DATA (WS FORM: F-6) , PAGE 2
STATION: TYLER
MONTH: JUNE
YEAR: 2020
LATITUDE: 32 22 N
LONGITUDE: 95 24 W
[TEMPERATURE DATA] [PRECIPITATION DATA] SYMBOLS USED IN COLUMN 16
AVERAGE MONTHLY: 81.3 TOTAL FOR MONTH: 2.28 1 = FOG OR MIST
DPTR FM NORMAL: 1.9 DPTR FM NORMAL: -2.55 2 = FOG REDUCING VISIBILITY
HIGHEST: 97 ON 6 GRTST 24HR 0.99 ON 26-26 TO 1/4 MILE OR LESS
LOWEST: 58 ON 11 3 = THUNDER
SNOW, ICE PELLETS, HAIL 4 = ICE PELLETS
TOTAL MONTH: 0.0 INCH 5 = HAIL
GRTST 24HR 0.0 6 = FREEZING RAIN OR DRIZZLE
GRTST DEPTH: 0 7 = DUSTSTORM OR SANDSTORM:
VSBY 1/2 MILE OR LESS
8 = SMOKE OR HAZE
[NO. OF DAYS WITH] [WEATHER - DAYS WITH] 9 = BLOWING SNOW
X = TORNADO
MAX 32 OR BELOW: 0 0.01 INCH OR MORE: 7
MAX 90 OR ABOVE: 22 0.10 INCH OR MORE: 4
MIN 32 OR BELOW: 0 0.50 INCH OR MORE: 2
MIN 0 OR BELOW: 0 1.00 INCH OR MORE: 0
[HDD (BASE 65) ]
TOTAL THIS MO. 0 CLEAR (SCALE 0-3) 21
DPTR FM NORMAL 0 PTCLDY (SCALE 4-7) 9
TOTAL FM JUL 1 1856 CLOUDY (SCALE 8-10) 0
DPTR FM NORMAL -413
[CDD (BASE 65) ]
TOTAL THIS MO. 494
DPTR FM NORMAL 61 [PRESSURE DATA]
TOTAL FM JAN 1 968 HIGHEST SLP 30.29 ON 12
DPTR FM NORMAL 166 LOWEST SLP 29.56 ON 8
[REMARKS]
#FINAL-06-20#