000
CXUS56 KPQR 011200
CF6UAO
PRELIMINARY LOCAL CLIMATOLOGICAL DATA (WS FORM: F-6)
STATION: AURORA STATE OR
MONTH: OCTOBER
YEAR: 2020
LATITUDE: 45 15 N
LONGITUDE: 122 46 W
TEMPERATURE IN F: :PCPN: SNOW: WIND :SUNSHINE: SKY :PK WND
================================================================================
1 2 3 4 5 6A 6B 7 8 9 10 11 12 13 14 15 16 17 18
12Z AVG MX 2MIN
DY MAX MIN AVG DEP HDD CDD WTR SNW DPTH SPD SPD DIR MIN PSBL S-S WX SPD DR
================================================================================
1 78 52 65 6 0 0 0.00 M M 1.2 6 70 M M 3 128 8 60
2 80 52 66 8 0 1 0.00 M M 0.3 6 240 M M 4 128 8 210
3 80 52 66 8 0 1 0.00 M M 2.6 8 30 M M 4 12 10 10
4 71 57 64 6 1 0 0.00 M M 4.8 10 20 M M 5 1 13 20
5 74 52 63 6 2 0 0.00 M M 3.6 10 20 M M 4 13 20
6 79 50 65 8 0 0 0.00 M M 1.5 8 60 M M 0 1 11 90
7 74 50 62 6 3 0 0.00 M M 0.9 7 180 M M 2 128 8 200
8 64 53 59 3 6 0 0.00 M M 3.4 10 170 M M 7 12 170
9 71 52 62 6 3 0 0.07 M M 6.0 17 190 M M 5 1 24 190
10 63 54 59 3 6 0 0.80 M M 8.8 15 190 M M 8 1 21 200
11 60 52 56 1 9 0 0.48 M M 14.4 28 190 M M 7 18 38 180
12 64 54 59 4 6 0 0.04 M M 2.9 15 180 M M 6 1 24 180
13 64 50 57 3 8 0 0.21 M M 9.3 25 190 M M 5 1 36 180
14 63 45 54 0 11 0 0.00 M M 1.6 7 220 0 0 0 M M
15 64 40 52 -2 13 0 0.00 M M 4.1 12 30 M M 1 1 16 40
16 68 42 55 1 10 0 0.00 M M 2.4 10 190 M M 3 1 15 200
17 66 53 60 7 5 0 0.00 M M 2.9 13 190 M M 9 1 16 190
18 68 54 61 8 4 0 T M M 7.1 18 170 M M 9 1 23 170
19 66 50 58 5 7 0 0.00 M M 3.2 14 340 M M 8 20 340
20 65 47 56 4 9 0 0.00 M M 2.5 10 20 M M 7 12 20
21 59 39 49 -3 16 0 0.01 M M 2.9 14 350 M M 5 1 20 340
22 58 33 46 -6 19 0 0.00 M M 4.9 10 10 M M 1 12 20 10
23 57 34 46 -6 19 0 T M M 6.9 21 200 M M 6 1 27 200
24 56 40 48 -3 17 0 0.04 M M 10.0 21 60 M M 5 1 27 50
25 50 34 42 -9 23 0 0.00 M M 11.5 21 40 M M 0 27 40
26 57 26 42 -9 23 0 0.00 M M 2.4 9 360 M M 1 12 10
27 60 31 46 -4 19 0 0.00 M M 1.2 10 20 M M 0 8 13 30
28 67 37 52 2 13 0 0.00 M M 2.3 9 20 M M 0 1 13 30
29 64 41 53 3 12 0 0.00 M M 2.3 7 170 M M 4 12 10 60
30 60 42 51 1 14 0 0.04 M M 5.5 12 220 M M 7 12 19 220
31 60 36 48 -1 17 0 0.00 M M 6.0 16 20 M M 1 1 20 60
================================================================================
SM 2030 1404 295 2 1.69 M 139.4 0 127
================================================================================
AV 65.5 45.3 4.5 FASTST 0 0 4 MAX(MPH)
MISC ----> # 28 190 # 38 180
================================================================================
NOTES:
# LAST OF SEVERAL OCCURRENCES
COLUMN 17 PEAK WIND IN M.P.H.
PRELIMINARY LOCAL CLIMATOLOGICAL DATA (WS FORM: F-6) , PAGE 2
STATION: AURORA STATE OR
MONTH: OCTOBER
YEAR: 2020
LATITUDE: 45 15 N
LONGITUDE: 122 46 W
[TEMPERATURE DATA] [PRECIPITATION DATA] SYMBOLS USED IN COLUMN 16
AVERAGE MONTHLY: 55.4 TOTAL FOR MONTH: 1.69 1 = FOG OR MIST
DPTR FM NORMAL: 1.7 DPTR FM NORMAL: -1.54 2 = FOG REDUCING VISIBILITY
HIGHEST: 80 ON 3, 2 GRTST 24HR 0.80 ON 10-10 TO 1/4 MILE OR LESS
LOWEST: 26 ON 26 3 = THUNDER
SNOW, ICE PELLETS, HAIL 4 = ICE PELLETS
TOTAL MONTH: M 5 = HAIL
GRTST 24HR M ON M 6 = FREEZING RAIN OR DRIZZLE
GRTST DEPTH: M ON M 7 = DUSTSTORM OR SANDSTORM:
VSBY 1/2 MILE OR LESS
8 = SMOKE OR HAZE
[NO. OF DAYS WITH] [WEATHER - DAYS WITH] 9 = BLOWING SNOW
X = TORNADO
MAX 32 OR BELOW: 0 0.01 INCH OR MORE: 8
MAX 90 OR ABOVE: 0 0.10 INCH OR MORE: 3
MIN 32 OR BELOW: 2 0.50 INCH OR MORE: 1
MIN 0 OR BELOW: 0 1.00 INCH OR MORE: 0
[HDD (BASE 65) ]
TOTAL THIS MO. 295 CLEAR (SCALE 0-3) 11
DPTR FM NORMAL -57 PTCLDY (SCALE 4-7) 18
TOTAL FM JUL 1 361 CLOUDY (SCALE 8-10) 2
DPTR FM NORMAL -137
[CDD (BASE 65) ]
TOTAL THIS MO. 2
DPTR FM NORMAL 0 [PRESSURE DATA]
TOTAL FM JAN 1 519 HIGHEST SLP 30.58 ON 15
DPTR FM NORMAL 183 LOWEST SLP 29.67 ON 10
[REMARKS]
#FINAL-10-20#