000
CXUS56 KEKA 041704
CF6UKI
PRELIMINARY LOCAL CLIMATOLOGICAL DATA (WS FORM: F-6)
STATION: UKIAH CA
MONTH: JULY
YEAR: 2021
LATITUDE: 39 7 N
LONGITUDE: 123 12 W
TEMPERATURE IN F: :PCPN: SNOW: WIND :SUNSHINE: SKY :PK WND
================================================================================
1 2 3 4 5 6A 6B 7 8 9 10 11 12 13 14 15 16 17 18
12Z AVG MX 2MIN
DY MAX MIN AVG DEP HDD CDD WTR SNW DPTH SPD SPD DIR MIN PSBL S-S WX SPD DR
================================================================================
1 97 58 78 5 0 13 0.00 M M 6.4 17 130 M M 0 24 140
2 98 58 78 5 0 13 0.00 M M 6.5 16 140 M M 0 24 150
3 98 55 77 4 0 12 0.00 M M 6.7 17 130 M M 0 23 140
4 97 56 77 3 0 12 0.00 M M 6.1 13 140 M M 0 18 180
5 98 55 77 3 0 12 0.00 M M 6.7 14 30 M M 0 21 20
6 97 54 76 2 0 11 0.00 M M 6.4 18 350 M M 0 26 350
7 101 53 77 3 0 12 0.00 M M 3.3 16 190 M M 0 22 350
8 105 57 81 7 0 16 0.00 M M 3.0 16 340 M M 0 21 340
9 108 60 84 10 0 19 0.00 M M 3.3 16 330 M M 0 24 340
10 111 63 87 12 0 22 0.00 M M 3.7 13 350 M M 0 16 280
11 109 61 85 10 0 20 0.00 M M 3.2 13 250 M M 0 17 330
12 105 57 81 6 0 16 0.00 0.0 M 3.9 13 10 M M 0 18 20
13 98 56 77 2 0 12 0.00 M M 7.1 14 130 M M 0 19 140
14 97 54 76 1 0 11 0.00 M M 6.4 13 130 M M 0 19 120
15 93 54 74 -1 0 9 0.00 M M 5.6 15 260 M M 0 20 350
16 96 56 76 0 0 11 0.00 M M 3.5 14 270 M M 0 19 280
17 99 60 80 4 0 15 0.00 M M 2.7 14 260 M M 0 18 260
18 104 58 81 5 0 16 0.00 M M 3.0 16 290 M M 0 22 290
19 101 63 82 6 0 17 0.00 M M 3.8 16 30 M M 0 8 22 260
20 94 59 77 1 0 12 0.00 M M 5.4 16 310 M M 0 24 270
21 95 58 77 1 0 12 0.00 M M 4.7 13 340 M M 0 19 360
22 99 56 78 2 0 13 0.00 M M 2.8 14 290 M M 0 18 30
23 104 58 81 5 0 16 0.00 M M 3.5 16 350 M M 0 21 360
24 105 59 82 6 0 17 0.00 M M 4.6 14 250 M M 0 21 280
25 103 58 81 5 0 16 0.00 M M 5.4 14 220 M M 0 18 210
26 92 58 75 -1 0 10 0.00 M M 7.8 17 160 M M 0 26 160
27 94 61 78 2 0 13 0.00 M M 3.0 10 350 M M 0 13 340
28 104 59 82 6 0 17 0.00 M M 3.2 15 250 M M 0 22 250
29 106 66 86 10 0 21 0.00 M M 3.1 17 290 M M 0 23 240
30 108 63 86 10 0 21 0.00 M M 3.9 15 290 M M 0 20 250
31 98 56 77 1 0 12 0.00 M M 5.7 15 150 M M 0 23 150
================================================================================
SM 3114 1799 0 449 0.00 0.0 144.4 M 0
================================================================================
AV100.5 58.0 4.7 FASTST M M 0 MAX(MPH)
MISC ----> 18 350 # 26 350
================================================================================
NOTES:
# LAST OF SEVERAL OCCURRENCES
COLUMN 17 PEAK WIND IN M.P.H.
PRELIMINARY LOCAL CLIMATOLOGICAL DATA (WS FORM: F-6) , PAGE 2
STATION: UKIAH CA
MONTH: JULY
YEAR: 2021
LATITUDE: 39 7 N
LONGITUDE: 123 12 W
[TEMPERATURE DATA] [PRECIPITATION DATA] SYMBOLS USED IN COLUMN 16
AVERAGE MONTHLY: 79.2 TOTAL FOR MONTH: 0.00 1 = FOG OR MIST
DPTR FM NORMAL: 4.2 DPTR FM NORMAL: -0.01 2 = FOG REDUCING VISIBILITY
HIGHEST: 111 ON 10 GRTST 24HR 0.00 ON 1- 1 TO 1/4 MILE OR LESS
LOWEST: 53 ON 7 3 = THUNDER
SNOW, ICE PELLETS, HAIL 4 = ICE PELLETS
TOTAL MONTH: 0.0 INCH 5 = HAIL
GRTST 24HR 0.0 6 = FREEZING RAIN OR DRIZZLE
GRTST DEPTH: M ON M 7 = DUSTSTORM OR SANDSTORM:
VSBY 1/2 MILE OR LESS
8 = SMOKE OR HAZE
[NO. OF DAYS WITH] [WEATHER - DAYS WITH] 9 = BLOWING SNOW
X = TORNADO
MAX 32 OR BELOW: 0 0.01 INCH OR MORE: 0
MAX 90 OR ABOVE: 31 0.10 INCH OR MORE: 0
MIN 32 OR BELOW: 0 0.50 INCH OR MORE: 0
MIN 0 OR BELOW: 0 1.00 INCH OR MORE: 0
[HDD (BASE 65) ]
TOTAL THIS MO. 0 CLEAR (SCALE 0-3) 31
DPTR FM NORMAL -1 PTCLDY (SCALE 4-7) 0
TOTAL FM JUL 1 0 CLOUDY (SCALE 8-10) 0
DPTR FM NORMAL 0
[CDD (BASE 65) ]
TOTAL THIS MO. 449
DPTR FM NORMAL 137 [PRESSURE DATA]
TOTAL FM JAN 1 811 HIGHEST SLP 30.02 ON 28
DPTR FM NORMAL 293 LOWEST SLP 29.72 ON 12
[REMARKS]
#FINAL-07-21#